74.7.242.19 - - [05/Apr/2026:15:16:41 +0200] "GET /220004703.htm HTTP/1.1" 200 53525 "https://tekes.com.sg/?sitemap974.xml" "Mozilla/5.0 AppleWebKit/537.36 (KHTML, like Gecko; compatible; GPTBot/1.3; +https://openai.com/gptbot)"
167.71.23.30 - - [05/Apr/2026:15:16:41 +0200] "GET /wp-admin/plugins.php HTTP/1.1" 200 165472 "https://tekes.com.sg/wp-login.php" "Mozilla/5.0 (Windows NT 10.0; Win64; x64; rv:118.0) Gecko/20100101 Firefox/118.0"
167.71.23.30 - - [05/Apr/2026:15:16:42 +0200] "POST /wp-login.php HTTP/1.1" 200 53524 "https://tekes.com.sg/wp-login.php" "Mozilla/5.0 (X11; Linux x86_64) AppleWebKit/537.36 (KHTML, like Gecko) Chrome/120.0.0.0 Safari/537.36"
167.71.23.30 - - [05/Apr/2026:15:16:43 +0200] "GET /wp-admin/index.php HTTP/1.1" 200 165472 "https://tekes.com.sg/wp-login.php" "Mozilla/5.0 (Macintosh; Intel Mac OS X 13_6_1) AppleWebKit/605.1.15 (KHTML, like Gecko) Version/17.2 Safari/605.1.15"
74.7.242.19 - - [05/Apr/2026:15:16:44 +0200] "GET /160004551.htm HTTP/1.1" 200 53525 "https://tekes.com.sg/?sitemap29.xml" "Mozilla/5.0 AppleWebKit/537.36 (KHTML, like Gecko; compatible; GPTBot/1.3; +https://openai.com/gptbot)"
167.71.23.30 - - [05/Apr/2026:15:16:45 +0200] "GET /wp-admin/profile.php HTTP/1.1" 200 165472 "https://tekes.com.sg/wp-login.php" "Mozilla/5.0 (Macintosh; Intel Mac OS X 13_6_1) AppleWebKit/605.1.15 (KHTML, like Gecko) Version/17.2 Safari/605.1.15"
167.71.23.30 - - [05/Apr/2026:15:16:46 +0200] "GET /wp-admin/edit.php HTTP/1.1" 200 165472 "https://tekes.com.sg/wp-login.php" "Mozilla/5.0 (Macintosh; Intel Mac OS X 13_6_1) AppleWebKit/605.1.15 (KHTML, like Gecko) Version/17.2 Safari/605.1.15"
74.7.242.19 - - [05/Apr/2026:15:16:47 +0200] "GET /061000892.htm HTTP/1.1" 200 53525 "https://tekes.com.sg/?sitemap29.xml" "Mozilla/5.0 AppleWebKit/537.36 (KHTML, like Gecko; compatible; GPTBot/1.3; +https://openai.com/gptbot)"
167.71.23.30 - - [05/Apr/2026:15:16:48 +0200] "GET /wp-admin/plugins.php HTTP/1.1" 200 165472 "https://tekes.com.sg/wp-login.php" "Mozilla/5.0 (Macintosh; Intel Mac OS X 13_6_1) AppleWebKit/605.1.15 (KHTML, like Gecko) Version/17.2 Safari/605.1.15"
167.71.23.30 - - [05/Apr/2026:15:16:49 +0200] "POST /wp-login.php HTTP/1.1" 200 53524 "https://tekes.com.sg/wp-login.php" "Mozilla/5.0 (Macintosh; Intel Mac OS X 13_6_1) AppleWebKit/605.1.15 (KHTML, like Gecko) Version/17.2 Safari/605.1.15"
74.7.242.19 - - [05/Apr/2026:15:16:50 +0200] "GET /257044494.htm HTTP/1.1" 200 53525 "https://tekes.com.sg/?sitemap961.xml" "Mozilla/5.0 AppleWebKit/537.36 (KHTML, like Gecko; compatible; GPTBot/1.3; +https://openai.com/gptbot)"
167.71.23.30 - - [05/Apr/2026:15:16:50 +0200] "GET /wp-admin/index.php HTTP/1.1" 200 165472 "https://tekes.com.sg/wp-login.php" "Mozilla/5.0 (Macintosh; Intel Mac OS X 13_6_1) AppleWebKit/605.1.15 (KHTML, like Gecko) Version/17.0 Safari/605.1.15"
167.71.23.30 - - [05/Apr/2026:15:16:51 +0200] "GET /wp-admin/profile.php HTTP/1.1" 200 165472 "https://tekes.com.sg/wp-login.php" "Mozilla/5.0 (Macintosh; Intel Mac OS X 13_6_1) AppleWebKit/605.1.15 (KHTML, like Gecko) Version/17.0 Safari/605.1.15"
167.71.23.30 - - [05/Apr/2026:15:16:52 +0200] "GET /wp-admin/edit.php HTTP/1.1" 200 165472 "https://tekes.com.sg/wp-login.php" "Mozilla/5.0 (Macintosh; Intel Mac OS X 13_6_1) AppleWebKit/605.1.15 (KHTML, like Gecko) Version/17.0 Safari/605.1.15"
167.71.23.30 - - [05/Apr/2026:15:16:53 +0200] "GET /wp-admin/plugins.php HTTP/1.1" 200 165472 "https://tekes.com.sg/wp-login.php" "Mozilla/5.0 (Macintosh; Intel Mac OS X 13_6_1) AppleWebKit/605.1.15 (KHTML, like Gecko) Version/17.0 Safari/605.1.15"
74.7.242.19 - - [05/Apr/2026:15:16:53 +0200] "GET /265027000.htm HTTP/1.1" 200 53525 "https://tekes.com.sg/?sitemap29.xml" "Mozilla/5.0 AppleWebKit/537.36 (KHTML, like Gecko; compatible; GPTBot/1.3; +https://openai.com/gptbot)"
167.71.23.30 - - [05/Apr/2026:15:16:54 +0200] "POST /wp-login.php HTTP/1.1" 200 53524 "https://tekes.com.sg/wp-login.php" "Mozilla/5.0 (X11; Ubuntu; Linux x86_64) AppleWebKit/537.36 (KHTML, like Gecko) Chrome/120.0.0.0 Safari/537.36"
167.71.23.30 - - [05/Apr/2026:15:16:55 +0200] "GET /wp-admin/index.php HTTP/1.1" 200 165472 "https://tekes.com.sg/wp-login.php" "Mozilla/5.0 (X11; Ubuntu; Linux x86_64) AppleWebKit/537.36 (KHTML, like Gecko) Chrome/121.0.0.0 Safari/537.36"
74.7.242.19 - - [05/Apr/2026:15:16:56 +0200] "GET /046044425.htm HTTP/1.1" 200 53525 "https://tekes.com.sg/?sitemap29.xml" "Mozilla/5.0 AppleWebKit/537.36 (KHTML, like Gecko; compatible; GPTBot/1.3; +https://openai.com/gptbot)"
167.71.23.30 - - [05/Apr/2026:15:16:57 +0200] "GET /wp-admin/profile.php HTTP/1.1" 200 165472 "https://tekes.com.sg/wp-login.php" "Mozilla/5.0 (X11; Ubuntu; Linux x86_64) AppleWebKit/537.36 (KHTML, like Gecko) Chrome/121.0.0.0 Safari/537.36"
167.71.23.30 - - [05/Apr/2026:15:16:58 +0200] "GET /wp-admin/edit.php HTTP/1.1" 200 165472 "https://tekes.com.sg/wp-login.php" "Mozilla/5.0 (X11; Ubuntu; Linux x86_64) AppleWebKit/537.36 (KHTML, like Gecko) Chrome/121.0.0.0 Safari/537.36"
167.71.23.30 - - [05/Apr/2026:15:16:59 +0200] "GET /wp-admin/plugins.php HTTP/1.1" 200 165472 "https://tekes.com.sg/wp-login.php" "Mozilla/5.0 (X11; Ubuntu; Linux x86_64) AppleWebKit/537.36 (KHTML, like Gecko) Chrome/121.0.0.0 Safari/537.36"
74.7.242.19 - - [05/Apr/2026:15:16:59 +0200] "GET /060005947.htm HTTP/1.1" 200 53525 "https://tekes.com.sg/?sitemap29.xml" "Mozilla/5.0 AppleWebKit/537.36 (KHTML, like Gecko; compatible; GPTBot/1.3; +https://openai.com/gptbot)"
167.71.23.30 - - [05/Apr/2026:15:17:00 +0200] "POST /wp-login.php HTTP/1.1" 200 53524 "https://tekes.com.sg/wp-login.php" "Mozilla/5.0 (X11; Linux x86_64) AppleWebKit/537.36 (KHTML, like Gecko) Chrome/118.0.0.0 Safari/537.36"
167.71.23.30 - - [05/Apr/2026:15:17:01 +0200] "GET /wp-admin/index.php HTTP/1.1" 200 165472 "https://tekes.com.sg/wp-login.php" "Mozilla/5.0 (Windows NT 10.0; Win64; x64) AppleWebKit/537.36 (KHTML, like Gecko) Chrome/118.0.0.0 Safari/537.36"
167.71.23.30 - - [05/Apr/2026:15:17:02 +0200] "GET /wp-admin/profile.php HTTP/1.1" 200 165472 "https://tekes.com.sg/wp-login.php" "Mozilla/5.0 (Windows NT 10.0; Win64; x64) AppleWebKit/537.36 (KHTML, like Gecko) Chrome/118.0.0.0 Safari/537.36"
74.7.242.19 - - [05/Apr/2026:15:17:02 +0200] "GET /208000177.htm HTTP/1.1" 200 53525 "https://tekes.com.sg/?sitemap961.xml" "Mozilla/5.0 AppleWebKit/537.36 (KHTML, like Gecko; compatible; GPTBot/1.3; +https://openai.com/gptbot)"
167.71.23.30 - - [05/Apr/2026:15:17:03 +0200] "GET /wp-admin/edit.php HTTP/1.1" 200 165472 "https://tekes.com.sg/wp-login.php" "Mozilla/5.0 (Windows NT 10.0; Win64; x64) AppleWebKit/537.36 (KHTML, like Gecko) Chrome/118.0.0.0 Safari/537.36"
167.71.23.30 - - [05/Apr/2026:15:17:05 +0200] "GET /wp-admin/plugins.php HTTP/1.1" 200 165472 "https://tekes.com.sg/wp-login.php" "Mozilla/5.0 (Windows NT 10.0; Win64; x64) AppleWebKit/537.36 (KHTML, like Gecko) Chrome/118.0.0.0 Safari/537.36"
74.7.242.19 - - [05/Apr/2026:15:17:05 +0200] "GET /233000524.htm HTTP/1.1" 200 53525 "https://tekes.com.sg/?sitemap29.xml" "Mozilla/5.0 AppleWebKit/537.36 (KHTML, like Gecko; compatible; GPTBot/1.3; +https://openai.com/gptbot)"
167.71.23.30 - - [05/Apr/2026:15:17:06 +0200] "POST /wp-login.php HTTP/1.1" 200 53524 "https://tekes.com.sg/wp-login.php" "Mozilla/5.0 (Windows NT 10.0; Win64; x64; rv:120.0) Gecko/20100101 Firefox/120.0"
167.71.23.30 - - [05/Apr/2026:15:17:06 +0200] "GET /wp-admin/index.php HTTP/1.1" 200 165472 "https://tekes.com.sg/wp-login.php" "Mozilla/5.0 (Macintosh; Intel Mac OS X 13_6_1; rv:121.0) Gecko/20100101 Firefox/121.0"
167.71.23.30 - - [05/Apr/2026:15:17:07 +0200] "GET /wp-admin/profile.php HTTP/1.1" 200 165472 "https://tekes.com.sg/wp-login.php" "Mozilla/5.0 (Macintosh; Intel Mac OS X 13_6_1; rv:121.0) Gecko/20100101 Firefox/121.0"
74.7.242.19 - - [05/Apr/2026:15:17:09 +0200] "GET /113033350.htm?fileloc=/home/tekesnew/public_html/wp-activate.php&path=/home/tekesnew/public_html HTTP/1.1" 200 20705 "https://tekes.com.sg/113033350.htm" "Mozilla/5.0 AppleWebKit/537.36 (KHTML, like Gecko; compatible; GPTBot/1.3; +https://openai.com/gptbot)"
167.71.23.30 - - [05/Apr/2026:15:17:09 +0200] "GET /wp-admin/edit.php HTTP/1.1" 200 165472 "https://tekes.com.sg/wp-login.php" "Mozilla/5.0 (Macintosh; Intel Mac OS X 13_6_1; rv:121.0) Gecko/20100101 Firefox/121.0"
167.71.23.30 - - [05/Apr/2026:15:17:10 +0200] "GET /wp-admin/plugins.php HTTP/1.1" 200 165472 "https://tekes.com.sg/wp-login.php" "Mozilla/5.0 (Macintosh; Intel Mac OS X 13_6_1; rv:121.0) Gecko/20100101 Firefox/121.0"
167.71.23.30 - - [05/Apr/2026:15:17:11 +0200] "POST /wp-login.php HTTP/1.1" 200 53524 "https://tekes.com.sg/wp-login.php" "Mozilla/5.0 (Windows NT 10.0; Win64; x64) AppleWebKit/537.36 (KHTML, like Gecko) Chrome/120.0.0.0 Safari/537.36"
74.7.242.19 - - [05/Apr/2026:15:17:12 +0200] "GET /014000195.htm HTTP/1.1" 200 53525 "https://tekes.com.sg/?sitemap961.xml" "Mozilla/5.0 AppleWebKit/537.36 (KHTML, like Gecko; compatible; GPTBot/1.3; +https://openai.com/gptbot)"
167.71.23.30 - - [05/Apr/2026:15:17:12 +0200] "GET /wp-admin/index.php HTTP/1.1" 200 165472 "https://tekes.com.sg/wp-login.php" "Mozilla/5.0 (Macintosh; Intel Mac OS X 10_15_7; rv:121.0) Gecko/20100101 Firefox/121.0"
167.71.23.30 - - [05/Apr/2026:15:17:13 +0200] "GET /wp-admin/profile.php HTTP/1.1" 200 165472 "https://tekes.com.sg/wp-login.php" "Mozilla/5.0 (Macintosh; Intel Mac OS X 10_15_7; rv:121.0) Gecko/20100101 Firefox/121.0"
167.71.23.30 - - [05/Apr/2026:15:17:14 +0200] "GET /wp-admin/edit.php HTTP/1.1" 200 165472 "https://tekes.com.sg/wp-login.php" "Mozilla/5.0 (Macintosh; Intel Mac OS X 10_15_7; rv:121.0) Gecko/20100101 Firefox/121.0"
66.249.66.32 - - [05/Apr/2026:15:17:14 +0200] "GET /?jp/065027055.html HTTP/1.1" 200 53525 "-" "Mozilla/5.0 (Linux; Android 6.0.1; Nexus 5X Build/MMB29P) AppleWebKit/537.36 (KHTML, like Gecko) Chrome/146.0.7680.177 Mobile Safari/537.36 (compatible; Googlebot/2.1; +http://www.google.com/bot.html)"
74.7.242.19 - - [05/Apr/2026:15:17:15 +0200] "GET /064000583.htm HTTP/1.1" 200 53525 "https://tekes.com.sg/?sitemap961.xml" "Mozilla/5.0 AppleWebKit/537.36 (KHTML, like Gecko; compatible; GPTBot/1.3; +https://openai.com/gptbot)"
167.71.23.30 - - [05/Apr/2026:15:17:15 +0200] "GET /wp-admin/plugins.php HTTP/1.1" 200 165472 "https://tekes.com.sg/wp-login.php" "Mozilla/5.0 (Macintosh; Intel Mac OS X 10_15_7; rv:121.0) Gecko/20100101 Firefox/121.0"
167.71.23.30 - - [05/Apr/2026:15:17:16 +0200] "POST /wp-login.php HTTP/1.1" 200 53524 "https://tekes.com.sg/wp-login.php" "Mozilla/5.0 (X11; Linux x86_64) AppleWebKit/537.36 (KHTML, like Gecko) Chrome/119.0.0.0 Safari/537.36"
167.71.23.30 - - [05/Apr/2026:15:17:17 +0200] "GET /wp-admin/index.php HTTP/1.1" 200 165472 "https://tekes.com.sg/wp-login.php" "Mozilla/5.0 (Macintosh; Intel Mac OS X 13_6_1) AppleWebKit/605.1.15 (KHTML, like Gecko) Version/17.0 Safari/605.1.15"
74.7.242.19 - - [05/Apr/2026:15:17:18 +0200] "GET /201032444.htm HTTP/1.1" 200 53525 "https://tekes.com.sg/?sitemap29.xml" "Mozilla/5.0 AppleWebKit/537.36 (KHTML, like Gecko; compatible; GPTBot/1.3; +https://openai.com/gptbot)"
167.71.23.30 - - [05/Apr/2026:15:17:18 +0200] "GET /wp-admin/profile.php HTTP/1.1" 200 165472 "https://tekes.com.sg/wp-login.php" "Mozilla/5.0 (Macintosh; Intel Mac OS X 13_6_1) AppleWebKit/605.1.15 (KHTML, like Gecko) Version/17.0 Safari/605.1.15"
167.71.23.30 - - [05/Apr/2026:15:17:19 +0200] "GET /wp-admin/edit.php HTTP/1.1" 200 165472 "https://tekes.com.sg/wp-login.php" "Mozilla/5.0 (Macintosh; Intel Mac OS X 13_6_1) AppleWebKit/605.1.15 (KHTML, like Gecko) Version/17.0 Safari/605.1.15"
167.71.23.30 - - [05/Apr/2026:15:17:20 +0200] "GET /wp-admin/plugins.php HTTP/1.1" 200 165472 "https://tekes.com.sg/wp-login.php" "Mozilla/5.0 (Macintosh; Intel Mac OS X 13_6_1) AppleWebKit/605.1.15 (KHTML, like Gecko) Version/17.0 Safari/605.1.15"
74.7.242.19 - - [05/Apr/2026:15:17:21 +0200] "GET /020004339.htm HTTP/1.1" 200 53525 "https://tekes.com.sg/?sitemap961.xml" "Mozilla/5.0 AppleWebKit/537.36 (KHTML, like Gecko; compatible; GPTBot/1.3; +https://openai.com/gptbot)"
167.71.23.30 - - [05/Apr/2026:15:17:22 +0200] "POST /wp-login.php HTTP/1.1" 200 53524 "https://tekes.com.sg/wp-login.php" "Mozilla/5.0 (Macintosh; Intel Mac OS X 10_15_7) AppleWebKit/537.36 (KHTML, like Gecko) Chrome/120.0.0.0 Safari/537.36"
167.71.23.30 - - [05/Apr/2026:15:17:22 +0200] "GET /wp-admin/index.php HTTP/1.1" 200 165472 "https://tekes.com.sg/wp-login.php" "Mozilla/5.0 (X11; Linux x86_64) AppleWebKit/537.36 (KHTML, like Gecko) Chrome/120.0.0.0 Safari/537.36"
167.71.23.30 - - [05/Apr/2026:15:17:23 +0200] "GET /wp-admin/profile.php HTTP/1.1" 200 165472 "https://tekes.com.sg/wp-login.php" "Mozilla/5.0 (X11; Linux x86_64) AppleWebKit/537.36 (KHTML, like Gecko) Chrome/120.0.0.0 Safari/537.36"
167.71.23.30 - - [05/Apr/2026:15:17:24 +0200] "GET /wp-admin/edit.php HTTP/1.1" 200 165472 "https://tekes.com.sg/wp-login.php" "Mozilla/5.0 (X11; Linux x86_64) AppleWebKit/537.36 (KHTML, like Gecko) Chrome/120.0.0.0 Safari/537.36"
74.7.242.19 - - [05/Apr/2026:15:17:24 +0200] "GET /257044494.htm?path=/home/tekesnew/public_html/cgi-bin HTTP/1.1" 200 17275 "https://tekes.com.sg/257044494.htm" "Mozilla/5.0 AppleWebKit/537.36 (KHTML, like Gecko; compatible; GPTBot/1.3; +https://openai.com/gptbot)"
167.71.23.30 - - [05/Apr/2026:15:17:25 +0200] "GET /wp-admin/plugins.php HTTP/1.1" 200 165472 "https://tekes.com.sg/wp-login.php" "Mozilla/5.0 (X11; Linux x86_64) AppleWebKit/537.36 (KHTML, like Gecko) Chrome/120.0.0.0 Safari/537.36"
167.71.23.30 - - [05/Apr/2026:15:17:26 +0200] "POST /wp-login.php HTTP/1.1" 200 53524 "https://tekes.com.sg/wp-login.php" "Mozilla/5.0 (Macintosh; Intel Mac OS X 13_6_1; rv:120.0) Gecko/20100101 Firefox/120.0"
167.71.23.30 - - [05/Apr/2026:15:17:27 +0200] "GET /wp-admin/index.php HTTP/1.1" 200 165472 "https://tekes.com.sg/wp-login.php" "Mozilla/5.0 (Windows NT 11.0; Win64; x64; rv:120.0) Gecko/20100101 Firefox/120.0"
74.7.242.19 - - [05/Apr/2026:15:17:27 +0200] "GET /060006531.htm HTTP/1.1" 200 53525 "https://tekes.com.sg/?sitemap29.xml" "Mozilla/5.0 AppleWebKit/537.36 (KHTML, like Gecko; compatible; GPTBot/1.3; +https://openai.com/gptbot)"
167.71.23.30 - - [05/Apr/2026:15:17:28 +0200] "GET /wp-admin/profile.php HTTP/1.1" 200 165472 "https://tekes.com.sg/wp-login.php" "Mozilla/5.0 (Windows NT 11.0; Win64; x64; rv:120.0) Gecko/20100101 Firefox/120.0"
167.71.23.30 - - [05/Apr/2026:15:17:29 +0200] "GET /wp-admin/edit.php HTTP/1.1" 200 165472 "https://tekes.com.sg/wp-login.php" "Mozilla/5.0 (Windows NT 11.0; Win64; x64; rv:120.0) Gecko/20100101 Firefox/120.0"
167.71.23.30 - - [05/Apr/2026:15:17:30 +0200] "GET /wp-admin/plugins.php HTTP/1.1" 200 165472 "https://tekes.com.sg/wp-login.php" "Mozilla/5.0 (Windows NT 11.0; Win64; x64; rv:120.0) Gecko/20100101 Firefox/120.0"
74.7.242.19 - - [05/Apr/2026:15:17:31 +0200] "GET /240004349.htm HTTP/1.1" 200 53525 "https://tekes.com.sg/?sitemap961.xml" "Mozilla/5.0 AppleWebKit/537.36 (KHTML, like Gecko; compatible; GPTBot/1.3; +https://openai.com/gptbot)"
167.71.23.30 - - [05/Apr/2026:15:17:31 +0200] "POST /wp-login.php HTTP/1.1" 200 53524 "https://tekes.com.sg/wp-login.php" "Mozilla/5.0 (X11; Ubuntu; Linux x86_64) AppleWebKit/537.36 (KHTML, like Gecko) Chrome/118.0.0.0 Safari/537.36"
167.71.23.30 - - [05/Apr/2026:15:17:32 +0200] "GET /wp-admin/index.php HTTP/1.1" 200 165472 "https://tekes.com.sg/wp-login.php" "Mozilla/5.0 (Windows NT 11.0; Win64; x64; rv:118.0) Gecko/20100101 Firefox/118.0"
167.71.23.30 - - [05/Apr/2026:15:17:33 +0200] "GET /wp-admin/profile.php HTTP/1.1" 200 165472 "https://tekes.com.sg/wp-login.php" "Mozilla/5.0 (Windows NT 11.0; Win64; x64; rv:118.0) Gecko/20100101 Firefox/118.0"
74.7.242.19 - - [05/Apr/2026:15:17:34 +0200] "GET /220006687.htm HTTP/1.1" 200 53525 "https://tekes.com.sg/?sitemap29.xml" "Mozilla/5.0 AppleWebKit/537.36 (KHTML, like Gecko; compatible; GPTBot/1.3; +https://openai.com/gptbot)"
167.71.23.30 - - [05/Apr/2026:15:17:34 +0200] "GET /wp-admin/edit.php HTTP/1.1" 200 165472 "https://tekes.com.sg/wp-login.php" "Mozilla/5.0 (Windows NT 11.0; Win64; x64; rv:118.0) Gecko/20100101 Firefox/118.0"
167.71.23.30 - - [05/Apr/2026:15:17:35 +0200] "GET /wp-admin/plugins.php HTTP/1.1" 200 165472 "https://tekes.com.sg/wp-login.php" "Mozilla/5.0 (Windows NT 11.0; Win64; x64; rv:118.0) Gecko/20100101 Firefox/118.0"
167.71.23.30 - - [05/Apr/2026:15:17:36 +0200] "POST /wp-login.php HTTP/1.1" 200 53524 "https://tekes.com.sg/wp-login.php" "Mozilla/5.0 (Macintosh; Intel Mac OS X 10_15_7) AppleWebKit/605.1.15 (KHTML, like Gecko) Version/17.2 Safari/605.1.15"
167.71.23.30 - - [05/Apr/2026:15:17:37 +0200] "GET /wp-admin/index.php HTTP/1.1" 200 165472 "https://tekes.com.sg/wp-login.php" "Mozilla/5.0 (Windows NT 10.0; Win64; x64) AppleWebKit/537.36 (KHTML, like Gecko) Chrome/120.0.0.0 Safari/537.36"
74.7.242.19 - - [05/Apr/2026:15:17:37 +0200] "GET /208000177.htm?fileloc=/home/tekesnew/public_html/readme.html&path=/home/tekesnew/public_html HTTP/1.1" 200 21703 "https://tekes.com.sg/208000177.htm" "Mozilla/5.0 AppleWebKit/537.36 (KHTML, like Gecko; compatible; GPTBot/1.3; +https://openai.com/gptbot)"
167.71.23.30 - - [05/Apr/2026:15:17:38 +0200] "GET /wp-admin/profile.php HTTP/1.1" 200 165472 "https://tekes.com.sg/wp-login.php" "Mozilla/5.0 (Windows NT 10.0; Win64; x64) AppleWebKit/537.36 (KHTML, like Gecko) Chrome/120.0.0.0 Safari/537.36"
167.71.23.30 - - [05/Apr/2026:15:17:39 +0200] "GET /wp-admin/edit.php HTTP/1.1" 200 165472 "https://tekes.com.sg/wp-login.php" "Mozilla/5.0 (Windows NT 10.0; Win64; x64) AppleWebKit/537.36 (KHTML, like Gecko) Chrome/120.0.0.0 Safari/537.36"
167.71.23.30 - - [05/Apr/2026:15:17:39 +0200] "GET /wp-admin/plugins.php HTTP/1.1" 200 165472 "https://tekes.com.sg/wp-login.php" "Mozilla/5.0 (Windows NT 10.0; Win64; x64) AppleWebKit/537.36 (KHTML, like Gecko) Chrome/120.0.0.0 Safari/537.36"
74.7.242.19 - - [05/Apr/2026:15:17:40 +0200] "GET /220005541.htm HTTP/1.1" 200 53525 "https://tekes.com.sg/?sitemap29.xml" "Mozilla/5.0 AppleWebKit/537.36 (KHTML, like Gecko; compatible; GPTBot/1.3; +https://openai.com/gptbot)"
167.71.23.30 - - [05/Apr/2026:15:17:41 +0200] "POST /wp-login.php HTTP/1.1" 200 53524 "https://tekes.com.sg/wp-login.php" "Mozilla/5.0 (Macintosh; Intel Mac OS X 13_6_1; rv:121.0) Gecko/20100101 Firefox/121.0"
167.71.23.30 - - [05/Apr/2026:15:17:41 +0200] "GET /wp-admin/index.php HTTP/1.1" 200 165472 "https://tekes.com.sg/wp-login.php" "Mozilla/5.0 (Macintosh; Intel Mac OS X 10_15_7) AppleWebKit/537.36 (KHTML, like Gecko) Chrome/119.0.0.0 Safari/537.36"
167.71.23.30 - - [05/Apr/2026:15:17:42 +0200] "GET /wp-admin/profile.php HTTP/1.1" 200 165472 "https://tekes.com.sg/wp-login.php" "Mozilla/5.0 (Macintosh; Intel Mac OS X 10_15_7) AppleWebKit/537.36 (KHTML, like Gecko) Chrome/119.0.0.0 Safari/537.36"
167.71.23.30 - - [05/Apr/2026:15:17:43 +0200] "GET /wp-admin/edit.php HTTP/1.1" 200 165472 "https://tekes.com.sg/wp-login.php" "Mozilla/5.0 (Macintosh; Intel Mac OS X 10_15_7) AppleWebKit/537.36 (KHTML, like Gecko) Chrome/119.0.0.0 Safari/537.36"
74.7.242.19 - - [05/Apr/2026:15:17:43 +0200] "GET /030005579.htm HTTP/1.1" 200 53525 "https://tekes.com.sg/?sitemap961.xml" "Mozilla/5.0 AppleWebKit/537.36 (KHTML, like Gecko; compatible; GPTBot/1.3; +https://openai.com/gptbot)"
167.71.23.30 - - [05/Apr/2026:15:17:44 +0200] "GET /wp-admin/plugins.php HTTP/1.1" 200 165472 "https://tekes.com.sg/wp-login.php" "Mozilla/5.0 (Macintosh; Intel Mac OS X 10_15_7) AppleWebKit/537.36 (KHTML, like Gecko) Chrome/119.0.0.0 Safari/537.36"
167.71.23.30 - - [05/Apr/2026:15:17:46 +0200] "POST /wp-login.php HTTP/1.1" 200 53524 "https://tekes.com.sg/wp-login.php" "Mozilla/5.0 (Windows NT 11.0; Win64; x64; rv:121.0) Gecko/20100101 Firefox/121.0"
167.71.23.30 - - [05/Apr/2026:15:17:46 +0200] "GET /wp-admin/index.php HTTP/1.1" 200 165472 "https://tekes.com.sg/wp-login.php" "Mozilla/5.0 (Windows NT 11.0; Win64; x64) AppleWebKit/537.36 (KHTML, like Gecko) Chrome/119.0.0.0 Safari/537.36"
74.7.242.19 - - [05/Apr/2026:15:17:47 +0200] "GET /130001323.htm HTTP/1.1" 200 53525 "https://tekes.com.sg/?sitemap29.xml" "Mozilla/5.0 AppleWebKit/537.36 (KHTML, like Gecko; compatible; GPTBot/1.3; +https://openai.com/gptbot)"
167.71.23.30 - - [05/Apr/2026:15:17:47 +0200] "GET /wp-admin/profile.php HTTP/1.1" 200 165472 "https://tekes.com.sg/wp-login.php" "Mozilla/5.0 (Windows NT 11.0; Win64; x64) AppleWebKit/537.36 (KHTML, like Gecko) Chrome/119.0.0.0 Safari/537.36"
167.71.23.30 - - [05/Apr/2026:15:17:48 +0200] "GET /wp-admin/edit.php HTTP/1.1" 200 165472 "https://tekes.com.sg/wp-login.php" "Mozilla/5.0 (Windows NT 11.0; Win64; x64) AppleWebKit/537.36 (KHTML, like Gecko) Chrome/119.0.0.0 Safari/537.36"
167.71.23.30 - - [05/Apr/2026:15:17:49 +0200] "GET /wp-admin/plugins.php HTTP/1.1" 200 165472 "https://tekes.com.sg/wp-login.php" "Mozilla/5.0 (Windows NT 11.0; Win64; x64) AppleWebKit/537.36 (KHTML, like Gecko) Chrome/119.0.0.0 Safari/537.36"
74.7.242.19 - - [05/Apr/2026:15:17:50 +0200] "GET /140009919.htm HTTP/1.1" 200 53525 "https://tekes.com.sg/?sitemap29.xml" "Mozilla/5.0 AppleWebKit/537.36 (KHTML, like Gecko; compatible; GPTBot/1.3; +https://openai.com/gptbot)"
167.71.23.30 - - [05/Apr/2026:15:17:50 +0200] "POST /wp-login.php HTTP/1.1" 200 53524 "https://tekes.com.sg/wp-login.php" "Mozilla/5.0 (X11; Ubuntu; Linux x86_64) AppleWebKit/537.36 (KHTML, like Gecko) Chrome/118.0.0.0 Safari/537.36"
167.71.23.30 - - [05/Apr/2026:15:17:51 +0200] "GET /wp-admin/index.php HTTP/1.1" 200 165472 "https://tekes.com.sg/wp-login.php" "Mozilla/5.0 (X11; Ubuntu; Linux x86_64) AppleWebKit/537.36 (KHTML, like Gecko) Chrome/119.0.0.0 Safari/537.36"
167.71.23.30 - - [05/Apr/2026:15:17:52 +0200] "GET /wp-admin/profile.php HTTP/1.1" 200 165472 "https://tekes.com.sg/wp-login.php" "Mozilla/5.0 (X11; Ubuntu; Linux x86_64) AppleWebKit/537.36 (KHTML, like Gecko) Chrome/119.0.0.0 Safari/537.36"
74.7.242.19 - - [05/Apr/2026:15:17:53 +0200] "GET /238011183.htm HTTP/1.1" 200 53525 "https://tekes.com.sg/?sitemap29.xml" "Mozilla/5.0 AppleWebKit/537.36 (KHTML, like Gecko; compatible; GPTBot/1.3; +https://openai.com/gptbot)"
167.71.23.30 - - [05/Apr/2026:15:17:53 +0200] "GET /wp-admin/edit.php HTTP/1.1" 200 165472 "https://tekes.com.sg/wp-login.php" "Mozilla/5.0 (X11; Ubuntu; Linux x86_64) AppleWebKit/537.36 (KHTML, like Gecko) Chrome/119.0.0.0 Safari/537.36"
167.71.23.30 - - [05/Apr/2026:15:17:54 +0200] "GET /wp-admin/plugins.php HTTP/1.1" 200 165472 "https://tekes.com.sg/wp-login.php" "Mozilla/5.0 (X11; Ubuntu; Linux x86_64) AppleWebKit/537.36 (KHTML, like Gecko) Chrome/119.0.0.0 Safari/537.36"
167.71.23.30 - - [05/Apr/2026:15:17:55 +0200] "POST /wp-login.php HTTP/1.1" 200 53524 "https://tekes.com.sg/wp-login.php" "Mozilla/5.0 (X11; Linux x86_64) AppleWebKit/537.36 (KHTML, like Gecko) Chrome/118.0.0.0 Safari/537.36"
167.71.23.30 - - [05/Apr/2026:15:17:55 +0200] "GET /wp-admin/index.php HTTP/1.1" 200 165472 "https://tekes.com.sg/wp-login.php" "Mozilla/5.0 (Windows NT 11.0; Win64; x64; rv:120.0) Gecko/20100101 Firefox/120.0"
74.7.242.19 - - [05/Apr/2026:15:17:56 +0200] "GET /111043550.htm HTTP/1.1" 200 53525 "https://tekes.com.sg/?sitemap29.xml" "Mozilla/5.0 AppleWebKit/537.36 (KHTML, like Gecko; compatible; GPTBot/1.3; +https://openai.com/gptbot)"
167.71.23.30 - - [05/Apr/2026:15:17:56 +0200] "GET /wp-admin/profile.php HTTP/1.1" 200 165472 "https://tekes.com.sg/wp-login.php" "Mozilla/5.0 (Windows NT 11.0; Win64; x64; rv:120.0) Gecko/20100101 Firefox/120.0"
167.71.23.30 - - [05/Apr/2026:15:17:57 +0200] "GET /wp-admin/edit.php HTTP/1.1" 200 165472 "https://tekes.com.sg/wp-login.php" "Mozilla/5.0 (Windows NT 11.0; Win64; x64; rv:120.0) Gecko/20100101 Firefox/120.0"
167.71.23.30 - - [05/Apr/2026:15:17:58 +0200] "GET /wp-admin/plugins.php HTTP/1.1" 200 165472 "https://tekes.com.sg/wp-login.php" "Mozilla/5.0 (Windows NT 11.0; Win64; x64; rv:120.0) Gecko/20100101 Firefox/120.0"
74.7.242.19 - - [05/Apr/2026:15:17:59 +0200] "GET /111020624.htm HTTP/1.1" 200 53525 "https://tekes.com.sg/?sitemap29.xml" "Mozilla/5.0 AppleWebKit/537.36 (KHTML, like Gecko; compatible; GPTBot/1.3; +https://openai.com/gptbot)"
167.71.23.30 - - [05/Apr/2026:15:18:00 +0200] "POST /wp-login.php HTTP/1.1" 200 53524 "https://tekes.com.sg/wp-login.php" "Mozilla/5.0 (Macintosh; Intel Mac OS X 10_15_7) AppleWebKit/537.36 (KHTML, like Gecko) Chrome/119.0.0.0 Safari/537.36"
167.71.23.30 - - [05/Apr/2026:15:18:01 +0200] "GET /wp-admin/index.php HTTP/1.1" 200 165472 "https://tekes.com.sg/wp-login.php" "Mozilla/5.0 (Windows NT 10.0; Win64; x64; rv:118.0) Gecko/20100101 Firefox/118.0"
167.71.23.30 - - [05/Apr/2026:15:18:02 +0200] "GET /wp-admin/profile.php HTTP/1.1" 200 165472 "https://tekes.com.sg/wp-login.php" "Mozilla/5.0 (Windows NT 10.0; Win64; x64; rv:118.0) Gecko/20100101 Firefox/118.0"
74.7.242.19 - - [05/Apr/2026:15:18:02 +0200] "GET /060006531.htm?fileloc=/home/tekesnew/public_html/index.php&path=/home/tekesnew/public_html HTTP/1.1" 200 12446 "https://tekes.com.sg/060006531.htm" "Mozilla/5.0 AppleWebKit/537.36 (KHTML, like Gecko; compatible; GPTBot/1.3; +https://openai.com/gptbot)"
167.71.23.30 - - [05/Apr/2026:15:18:03 +0200] "GET /wp-admin/edit.php HTTP/1.1" 200 165472 "https://tekes.com.sg/wp-login.php" "Mozilla/5.0 (Windows NT 10.0; Win64; x64; rv:118.0) Gecko/20100101 Firefox/118.0"
167.71.23.30 - - [05/Apr/2026:15:18:04 +0200] "GET /wp-admin/plugins.php HTTP/1.1" 200 165472 "https://tekes.com.sg/wp-login.php" "Mozilla/5.0 (Windows NT 10.0; Win64; x64; rv:118.0) Gecko/20100101 Firefox/118.0"
167.71.23.30 - - [05/Apr/2026:15:18:05 +0200] "POST /wp-login.php HTTP/1.1" 200 53524 "https://tekes.com.sg/wp-login.php" "Mozilla/5.0 (Macintosh; Intel Mac OS X 10_15_7) AppleWebKit/605.1.15 (KHTML, like Gecko) Version/17.0 Safari/605.1.15"
74.7.242.19 - - [05/Apr/2026:15:18:05 +0200] "GET /200020497.htm HTTP/1.1" 200 53525 "https://tekes.com.sg/?sitemap29.xml" "Mozilla/5.0 AppleWebKit/537.36 (KHTML, like Gecko; compatible; GPTBot/1.3; +https://openai.com/gptbot)"
167.71.23.30 - - [05/Apr/2026:15:18:06 +0200] "GET /wp-admin/index.php HTTP/1.1" 200 165472 "https://tekes.com.sg/wp-login.php" "Mozilla/5.0 (Macintosh; Intel Mac OS X 10_15_7) AppleWebKit/605.1.15 (KHTML, like Gecko) Version/17.1 Safari/605.1.15"
167.71.23.30 - - [05/Apr/2026:15:18:07 +0200] "GET /wp-admin/profile.php HTTP/1.1" 200 165472 "https://tekes.com.sg/wp-login.php" "Mozilla/5.0 (Macintosh; Intel Mac OS X 10_15_7) AppleWebKit/605.1.15 (KHTML, like Gecko) Version/17.1 Safari/605.1.15"
167.71.23.30 - - [05/Apr/2026:15:18:08 +0200] "GET /wp-admin/edit.php HTTP/1.1" 200 165472 "https://tekes.com.sg/wp-login.php" "Mozilla/5.0 (Macintosh; Intel Mac OS X 10_15_7) AppleWebKit/605.1.15 (KHTML, like Gecko) Version/17.1 Safari/605.1.15"
74.7.242.19 - - [05/Apr/2026:15:18:09 +0200] "GET /090002737.htm HTTP/1.1" 200 53525 "https://tekes.com.sg/?sitemap527.xml" "Mozilla/5.0 AppleWebKit/537.36 (KHTML, like Gecko; compatible; GPTBot/1.3; +https://openai.com/gptbot)"
167.71.23.30 - - [05/Apr/2026:15:18:09 +0200] "GET /wp-admin/plugins.php HTTP/1.1" 200 165472 "https://tekes.com.sg/wp-login.php" "Mozilla/5.0 (Macintosh; Intel Mac OS X 10_15_7) AppleWebKit/605.1.15 (KHTML, like Gecko) Version/17.1 Safari/605.1.15"
167.71.23.30 - - [05/Apr/2026:15:18:10 +0200] "POST /wp-login.php HTTP/1.1" 200 53524 "https://tekes.com.sg/wp-login.php" "Mozilla/5.0 (Windows NT 11.0; Win64; x64) AppleWebKit/537.36 (KHTML, like Gecko) Chrome/119.0.0.0 Safari/537.36"
167.71.23.30 - - [05/Apr/2026:15:18:11 +0200] "GET /wp-admin/index.php HTTP/1.1" 200 165472 "https://tekes.com.sg/wp-login.php" "Mozilla/5.0 (Windows NT 10.0; Win64; x64; rv:119.0) Gecko/20100101 Firefox/119.0"
74.7.242.19 - - [05/Apr/2026:15:18:12 +0200] "GET /010005907.htm HTTP/1.1" 200 53525 "https://tekes.com.sg/?sitemap974.xml" "Mozilla/5.0 AppleWebKit/537.36 (KHTML, like Gecko; compatible; GPTBot/1.3; +https://openai.com/gptbot)"
167.71.23.30 - - [05/Apr/2026:15:18:12 +0200] "GET /wp-admin/profile.php HTTP/1.1" 200 165472 "https://tekes.com.sg/wp-login.php" "Mozilla/5.0 (Windows NT 10.0; Win64; x64; rv:119.0) Gecko/20100101 Firefox/119.0"
167.71.23.30 - - [05/Apr/2026:15:18:14 +0200] "GET /wp-admin/edit.php HTTP/1.1" 200 165472 "https://tekes.com.sg/wp-login.php" "Mozilla/5.0 (Windows NT 10.0; Win64; x64; rv:119.0) Gecko/20100101 Firefox/119.0"
74.7.242.19 - - [05/Apr/2026:15:18:15 +0200] "GET /220005541.htm?fileloc=/home/tekesnew/public_html/xmlrpc.php&path=/home/tekesnew/public_html HTTP/1.1" 200 15925 "https://tekes.com.sg/220005541.htm" "Mozilla/5.0 AppleWebKit/537.36 (KHTML, like Gecko; compatible; GPTBot/1.3; +https://openai.com/gptbot)"
167.71.23.30 - - [05/Apr/2026:15:18:15 +0200] "GET /wp-admin/plugins.php HTTP/1.1" 200 165472 "https://tekes.com.sg/wp-login.php" "Mozilla/5.0 (Windows NT 10.0; Win64; x64; rv:119.0) Gecko/20100101 Firefox/119.0"
167.71.23.30 - - [05/Apr/2026:15:18:16 +0200] "POST /wp-login.php HTTP/1.1" 200 53524 "https://tekes.com.sg/wp-login.php" "Mozilla/5.0 (Macintosh; Intel Mac OS X 13_6_1) AppleWebKit/537.36 (KHTML, like Gecko) Chrome/121.0.0.0 Safari/537.36"
167.71.23.30 - - [05/Apr/2026:15:18:17 +0200] "GET /wp-admin/index.php HTTP/1.1" 200 165472 "https://tekes.com.sg/wp-login.php" "Mozilla/5.0 (Windows NT 10.0; Win64; x64; rv:120.0) Gecko/20100101 Firefox/120.0"
74.7.242.19 - - [05/Apr/2026:15:18:18 +0200] "GET /018000143.htm HTTP/1.1" 200 53525 "https://tekes.com.sg/?sitemap527.xml" "Mozilla/5.0 AppleWebKit/537.36 (KHTML, like Gecko; compatible; GPTBot/1.3; +https://openai.com/gptbot)"
167.71.23.30 - - [05/Apr/2026:15:18:18 +0200] "GET /wp-admin/profile.php HTTP/1.1" 200 165472 "https://tekes.com.sg/wp-login.php" "Mozilla/5.0 (Windows NT 10.0; Win64; x64; rv:120.0) Gecko/20100101 Firefox/120.0"
167.71.23.30 - - [05/Apr/2026:15:18:19 +0200] "GET /wp-admin/edit.php HTTP/1.1" 200 165472 "https://tekes.com.sg/wp-login.php" "Mozilla/5.0 (Windows NT 10.0; Win64; x64; rv:120.0) Gecko/20100101 Firefox/120.0"
167.71.23.30 - - [05/Apr/2026:15:18:20 +0200] "GET /wp-admin/plugins.php HTTP/1.1" 200 165472 "https://tekes.com.sg/wp-login.php" "Mozilla/5.0 (Windows NT 10.0; Win64; x64; rv:120.0) Gecko/20100101 Firefox/120.0"
74.7.242.19 - - [05/Apr/2026:15:18:21 +0200] "GET /053017000.htm HTTP/1.1" 200 53525 "https://tekes.com.sg/?sitemap527.xml" "Mozilla/5.0 AppleWebKit/537.36 (KHTML, like Gecko; compatible; GPTBot/1.3; +https://openai.com/gptbot)"
167.71.23.30 - - [05/Apr/2026:15:18:22 +0200] "POST /wp-login.php HTTP/1.1" 200 53524 "https://tekes.com.sg/wp-login.php" "Mozilla/5.0 (Macintosh; Intel Mac OS X 10_15_7) AppleWebKit/605.1.15 (KHTML, like Gecko) Version/16.6 Safari/605.1.15"
167.71.23.30 - - [05/Apr/2026:15:18:22 +0200] "GET /wp-admin/index.php HTTP/1.1" 200 165472 "https://tekes.com.sg/wp-login.php" "Mozilla/5.0 (Macintosh; Intel Mac OS X 13_6_1) AppleWebKit/537.36 (KHTML, like Gecko) Chrome/119.0.0.0 Safari/537.36"
167.71.23.30 - - [05/Apr/2026:15:18:23 +0200] "GET /wp-admin/profile.php HTTP/1.1" 200 165472 "https://tekes.com.sg/wp-login.php" "Mozilla/5.0 (Macintosh; Intel Mac OS X 13_6_1) AppleWebKit/537.36 (KHTML, like Gecko) Chrome/119.0.0.0 Safari/537.36"
74.7.242.19 - - [05/Apr/2026:15:18:24 +0200] "GET /300026237.htm HTTP/1.1" 200 53525 "https://tekes.com.sg/?sitemap29.xml" "Mozilla/5.0 AppleWebKit/537.36 (KHTML, like Gecko; compatible; GPTBot/1.3; +https://openai.com/gptbot)"
167.71.23.30 - - [05/Apr/2026:15:18:25 +0200] "GET /wp-admin/edit.php HTTP/1.1" 200 165472 "https://tekes.com.sg/wp-login.php" "Mozilla/5.0 (Macintosh; Intel Mac OS X 13_6_1) AppleWebKit/537.36 (KHTML, like Gecko) Chrome/119.0.0.0 Safari/537.36"
167.71.23.30 - - [05/Apr/2026:15:18:26 +0200] "GET /wp-admin/plugins.php HTTP/1.1" 200 165472 "https://tekes.com.sg/wp-login.php" "Mozilla/5.0 (Macintosh; Intel Mac OS X 13_6_1) AppleWebKit/537.36 (KHTML, like Gecko) Chrome/119.0.0.0 Safari/537.36"
167.71.23.30 - - [05/Apr/2026:15:18:27 +0200] "POST /wp-login.php HTTP/1.1" 200 53524 "https://tekes.com.sg/wp-login.php" "Mozilla/5.0 (Macintosh; Intel Mac OS X 10_15_7) AppleWebKit/605.1.15 (KHTML, like Gecko) Version/17.1 Safari/605.1.15"
167.71.23.30 - - [05/Apr/2026:15:18:27 +0200] "GET /wp-admin/index.php HTTP/1.1" 200 165472 "https://tekes.com.sg/wp-login.php" "Mozilla/5.0 (Macintosh; Intel Mac OS X 10_15_7) AppleWebKit/537.36 (KHTML, like Gecko) Chrome/118.0.0.0 Safari/537.36"
74.7.242.19 - - [05/Apr/2026:15:18:28 +0200] "GET /238011183.htm?path=/home/tekesnew HTTP/1.1" 200 42911 "https://tekes.com.sg/238011183.htm" "Mozilla/5.0 AppleWebKit/537.36 (KHTML, like Gecko; compatible; GPTBot/1.3; +https://openai.com/gptbot)"
167.71.23.30 - - [05/Apr/2026:15:18:28 +0200] "GET /wp-admin/profile.php HTTP/1.1" 200 165472 "https://tekes.com.sg/wp-login.php" "Mozilla/5.0 (Macintosh; Intel Mac OS X 10_15_7) AppleWebKit/537.36 (KHTML, like Gecko) Chrome/118.0.0.0 Safari/537.36"
167.71.23.30 - - [05/Apr/2026:15:18:29 +0200] "GET /wp-admin/edit.php HTTP/1.1" 200 165472 "https://tekes.com.sg/wp-login.php" "Mozilla/5.0 (Macintosh; Intel Mac OS X 10_15_7) AppleWebKit/537.36 (KHTML, like Gecko) Chrome/118.0.0.0 Safari/537.36"
167.71.23.30 - - [05/Apr/2026:15:18:30 +0200] "GET /wp-admin/plugins.php HTTP/1.1" 200 165472 "https://tekes.com.sg/wp-login.php" "Mozilla/5.0 (Macintosh; Intel Mac OS X 10_15_7) AppleWebKit/537.36 (KHTML, like Gecko) Chrome/118.0.0.0 Safari/537.36"
74.7.242.19 - - [05/Apr/2026:15:18:31 +0200] "GET /238011183.htm?path=/home/tekesnew/public_html/cgi-bin HTTP/1.1" 200 17275 "https://tekes.com.sg/238011183.htm" "Mozilla/5.0 AppleWebKit/537.36 (KHTML, like Gecko; compatible; GPTBot/1.3; +https://openai.com/gptbot)"
167.71.23.30 - - [05/Apr/2026:15:18:31 +0200] "POST /wp-login.php HTTP/1.1" 200 53524 "https://tekes.com.sg/wp-login.php" "Mozilla/5.0 (Macintosh; Intel Mac OS X 13_6_1) AppleWebKit/605.1.15 (KHTML, like Gecko) Version/16.6 Safari/605.1.15"
167.71.23.30 - - [05/Apr/2026:15:18:32 +0200] "GET /wp-admin/index.php HTTP/1.1" 200 165472 "https://tekes.com.sg/wp-login.php" "Mozilla/5.0 (Windows NT 11.0; Win64; x64; rv:119.0) Gecko/20100101 Firefox/119.0"
167.71.23.30 - - [05/Apr/2026:15:18:34 +0200] "GET /wp-admin/profile.php HTTP/1.1" 200 165472 "https://tekes.com.sg/wp-login.php" "Mozilla/5.0 (Windows NT 11.0; Win64; x64; rv:119.0) Gecko/20100101 Firefox/119.0"
74.7.242.19 - - [05/Apr/2026:15:18:34 +0200] "GET /160007205.htm HTTP/1.1" 200 53525 "https://tekes.com.sg/?sitemap974.xml" "Mozilla/5.0 AppleWebKit/537.36 (KHTML, like Gecko; compatible; GPTBot/1.3; +https://openai.com/gptbot)"
167.71.23.30 - - [05/Apr/2026:15:18:35 +0200] "GET /wp-admin/edit.php HTTP/1.1" 200 165472 "https://tekes.com.sg/wp-login.php" "Mozilla/5.0 (Windows NT 11.0; Win64; x64; rv:119.0) Gecko/20100101 Firefox/119.0"
167.71.23.30 - - [05/Apr/2026:15:18:36 +0200] "GET /wp-admin/plugins.php HTTP/1.1" 200 165472 "https://tekes.com.sg/wp-login.php" "Mozilla/5.0 (Windows NT 11.0; Win64; x64; rv:119.0) Gecko/20100101 Firefox/119.0"
167.71.23.30 - - [05/Apr/2026:15:18:37 +0200] "POST /wp-login.php HTTP/1.1" 200 53524 "https://tekes.com.sg/wp-login.php" "Mozilla/5.0 (Macintosh; Intel Mac OS X 13_6_1; rv:121.0) Gecko/20100101 Firefox/121.0"
74.7.242.19 - - [05/Apr/2026:15:18:37 +0200] "GET /259000910.htm HTTP/1.1" 200 53525 "https://tekes.com.sg/?sitemap783.xml" "Mozilla/5.0 AppleWebKit/537.36 (KHTML, like Gecko; compatible; GPTBot/1.3; +https://openai.com/gptbot)"
167.71.23.30 - - [05/Apr/2026:15:18:38 +0200] "GET /wp-admin/index.php HTTP/1.1" 200 165472 "https://tekes.com.sg/wp-login.php" "Mozilla/5.0 (Macintosh; Intel Mac OS X 13_6_1) AppleWebKit/605.1.15 (KHTML, like Gecko) Version/16.6 Safari/605.1.15"
167.71.23.30 - - [05/Apr/2026:15:18:39 +0200] "GET /wp-admin/profile.php HTTP/1.1" 200 165472 "https://tekes.com.sg/wp-login.php" "Mozilla/5.0 (Macintosh; Intel Mac OS X 13_6_1) AppleWebKit/605.1.15 (KHTML, like Gecko) Version/16.6 Safari/605.1.15"
167.71.23.30 - - [05/Apr/2026:15:18:40 +0200] "GET /wp-admin/edit.php HTTP/1.1" 200 165472 "https://tekes.com.sg/wp-login.php" "Mozilla/5.0 (Macintosh; Intel Mac OS X 13_6_1) AppleWebKit/605.1.15 (KHTML, like Gecko) Version/16.6 Safari/605.1.15"
74.7.242.19 - - [05/Apr/2026:15:18:40 +0200] "GET /040001355.htm HTTP/1.1" 200 53525 "https://tekes.com.sg/?sitemap527.xml" "Mozilla/5.0 AppleWebKit/537.36 (KHTML, like Gecko; compatible; GPTBot/1.3; +https://openai.com/gptbot)"
167.71.23.30 - - [05/Apr/2026:15:18:41 +0200] "GET /wp-admin/plugins.php HTTP/1.1" 200 165472 "https://tekes.com.sg/wp-login.php" "Mozilla/5.0 (Macintosh; Intel Mac OS X 13_6_1) AppleWebKit/605.1.15 (KHTML, like Gecko) Version/16.6 Safari/605.1.15"
167.71.23.30 - - [05/Apr/2026:15:18:42 +0200] "POST /wp-login.php HTTP/1.1" 200 53524 "https://tekes.com.sg/wp-login.php" "Mozilla/5.0 (Windows NT 10.0; Win64; x64) AppleWebKit/537.36 (KHTML, like Gecko) Chrome/118.0.0.0 Safari/537.36"
167.71.23.30 - - [05/Apr/2026:15:18:42 +0200] "GET /wp-admin/index.php HTTP/1.1" 200 165472 "https://tekes.com.sg/wp-login.php" "Mozilla/5.0 (Macintosh; Intel Mac OS X 10_15_7) AppleWebKit/537.36 (KHTML, like Gecko) Chrome/120.0.0.0 Safari/537.36"
74.7.242.19 - - [05/Apr/2026:15:18:43 +0200] "GET /081022278.htm HTTP/1.1" 200 53525 "https://tekes.com.sg/?sitemap29.xml" "Mozilla/5.0 AppleWebKit/537.36 (KHTML, like Gecko; compatible; GPTBot/1.3; +https://openai.com/gptbot)"
167.71.23.30 - - [05/Apr/2026:15:18:44 +0200] "GET /wp-admin/profile.php HTTP/1.1" 200 165472 "https://tekes.com.sg/wp-login.php" "Mozilla/5.0 (Macintosh; Intel Mac OS X 10_15_7) AppleWebKit/537.36 (KHTML, like Gecko) Chrome/120.0.0.0 Safari/537.36"
167.71.23.30 - - [05/Apr/2026:15:18:45 +0200] "GET /wp-admin/edit.php HTTP/1.1" 200 165472 "https://tekes.com.sg/wp-login.php" "Mozilla/5.0 (Macintosh; Intel Mac OS X 10_15_7) AppleWebKit/537.36 (KHTML, like Gecko) Chrome/120.0.0.0 Safari/537.36"
167.71.23.30 - - [05/Apr/2026:15:18:46 +0200] "GET /wp-admin/plugins.php HTTP/1.1" 200 165472 "https://tekes.com.sg/wp-login.php" "Mozilla/5.0 (Macintosh; Intel Mac OS X 10_15_7) AppleWebKit/537.36 (KHTML, like Gecko) Chrome/120.0.0.0 Safari/537.36"
74.7.242.19 - - [05/Apr/2026:15:18:47 +0200] "GET /010005907.htm?fileloc=/home/tekesnew/public_html/xmlrpc.php&path=/home/tekesnew/public_html HTTP/1.1" 200 15925 "https://tekes.com.sg/010005907.htm" "Mozilla/5.0 AppleWebKit/537.36 (KHTML, like Gecko; compatible; GPTBot/1.3; +https://openai.com/gptbot)"
167.71.23.30 - - [05/Apr/2026:15:18:47 +0200] "POST /wp-login.php HTTP/1.1" 200 53524 "https://tekes.com.sg/wp-login.php" "Mozilla/5.0 (Macintosh; Intel Mac OS X 13_6_1) AppleWebKit/605.1.15 (KHTML, like Gecko) Version/17.1 Safari/605.1.15"
167.71.23.30 - - [05/Apr/2026:15:18:48 +0200] "GET /wp-admin/index.php HTTP/1.1" 200 165472 "https://tekes.com.sg/wp-login.php" "Mozilla/5.0 (Macintosh; Intel Mac OS X 10_15_7) AppleWebKit/537.36 (KHTML, like Gecko) Chrome/118.0.0.0 Safari/537.36"
167.71.23.30 - - [05/Apr/2026:15:18:49 +0200] "GET /wp-admin/profile.php HTTP/1.1" 200 165472 "https://tekes.com.sg/wp-login.php" "Mozilla/5.0 (Macintosh; Intel Mac OS X 10_15_7) AppleWebKit/537.36 (KHTML, like Gecko) Chrome/118.0.0.0 Safari/537.36"
74.7.242.19 - - [05/Apr/2026:15:18:50 +0200] "GET /045000782.htm HTTP/1.1" 200 53525 "https://tekes.com.sg/?sitemap29.xml" "Mozilla/5.0 AppleWebKit/537.36 (KHTML, like Gecko; compatible; GPTBot/1.3; +https://openai.com/gptbot)"
167.71.23.30 - - [05/Apr/2026:15:18:50 +0200] "GET /wp-admin/edit.php HTTP/1.1" 200 165472 "https://tekes.com.sg/wp-login.php" "Mozilla/5.0 (Macintosh; Intel Mac OS X 10_15_7) AppleWebKit/537.36 (KHTML, like Gecko) Chrome/118.0.0.0 Safari/537.36"
167.71.23.30 - - [05/Apr/2026:15:18:51 +0200] "GET /wp-admin/plugins.php HTTP/1.1" 200 165472 "https://tekes.com.sg/wp-login.php" "Mozilla/5.0 (Macintosh; Intel Mac OS X 10_15_7) AppleWebKit/537.36 (KHTML, like Gecko) Chrome/118.0.0.0 Safari/537.36"
167.71.23.30 - - [05/Apr/2026:15:18:52 +0200] "POST /wp-login.php HTTP/1.1" 200 53524 "https://tekes.com.sg/wp-login.php" "Mozilla/5.0 (X11; Ubuntu; Linux x86_64) AppleWebKit/537.36 (KHTML, like Gecko) Chrome/120.0.0.0 Safari/537.36"
66.249.66.44 - - [05/Apr/2026:15:18:52 +0200] "GET /118001441.htm HTTP/1.1" 200 53525 "-" "Mozilla/5.0 (Linux; Android 6.0.1; Nexus 5X Build/MMB29P) AppleWebKit/537.36 (KHTML, like Gecko) Chrome/146.0.7680.177 Mobile Safari/537.36 (compatible; Googlebot/2.1; +http://www.google.com/bot.html)"
74.7.242.19 - - [05/Apr/2026:15:18:53 +0200] "GET /111035416.htm HTTP/1.1" 200 53525 "https://tekes.com.sg/?sitemap29.xml" "Mozilla/5.0 AppleWebKit/537.36 (KHTML, like Gecko; compatible; GPTBot/1.3; +https://openai.com/gptbot)"
167.71.23.30 - - [05/Apr/2026:15:18:53 +0200] "GET /wp-admin/index.php HTTP/1.1" 200 165472 "https://tekes.com.sg/wp-login.php" "Mozilla/5.0 (Windows NT 11.0; Win64; x64; rv:120.0) Gecko/20100101 Firefox/120.0"
167.71.23.30 - - [05/Apr/2026:15:18:54 +0200] "GET /wp-admin/profile.php HTTP/1.1" 200 165472 "https://tekes.com.sg/wp-login.php" "Mozilla/5.0 (Windows NT 11.0; Win64; x64; rv:120.0) Gecko/20100101 Firefox/120.0"
167.71.23.30 - - [05/Apr/2026:15:18:55 +0200] "GET /wp-admin/edit.php HTTP/1.1" 200 165472 "https://tekes.com.sg/wp-login.php" "Mozilla/5.0 (Windows NT 11.0; Win64; x64; rv:120.0) Gecko/20100101 Firefox/120.0"
74.7.242.19 - - [05/Apr/2026:15:18:56 +0200] "GET /053017000.htm?path=/home/tekesnew HTTP/1.1" 200 42911 "https://tekes.com.sg/053017000.htm" "Mozilla/5.0 AppleWebKit/537.36 (KHTML, like Gecko; compatible; GPTBot/1.3; +https://openai.com/gptbot)"
167.71.23.30 - - [05/Apr/2026:15:18:56 +0200] "GET /wp-admin/plugins.php HTTP/1.1" 200 165472 "https://tekes.com.sg/wp-login.php" "Mozilla/5.0 (Windows NT 11.0; Win64; x64; rv:120.0) Gecko/20100101 Firefox/120.0"
167.71.23.30 - - [05/Apr/2026:15:18:57 +0200] "POST /wp-login.php HTTP/1.1" 200 53524 "https://tekes.com.sg/wp-login.php" "Mozilla/5.0 (Windows NT 11.0; Win64; x64; rv:119.0) Gecko/20100101 Firefox/119.0"
167.71.23.30 - - [05/Apr/2026:15:18:58 +0200] "GET /wp-admin/index.php HTTP/1.1" 200 165472 "https://tekes.com.sg/wp-login.php" "Mozilla/5.0 (Windows NT 10.0; Win64; x64) AppleWebKit/537.36 (KHTML, like Gecko) Chrome/121.0.0.0 Safari/537.36"
74.7.242.19 - - [05/Apr/2026:15:18:59 +0200] "GET /291011168.htm HTTP/1.1" 200 53525 "https://tekes.com.sg/?sitemap961.xml" "Mozilla/5.0 AppleWebKit/537.36 (KHTML, like Gecko; compatible; GPTBot/1.3; +https://openai.com/gptbot)"
114.119.128.196 - - [05/Apr/2026:15:18:59 +0200] "GET /item/rat81600047/ HTTP/1.1" 200 53525 "https://tekes.com.sg/?sitemapindex.xml" "Mozilla/5.0 (Linux; Android 7.0;) AppleWebKit/537.36 (KHTML, like Gecko) Mobile Safari/537.36 (compatible; PetalBot;+https://webmaster.petalsearch.com/site/petalbot)"
167.71.23.30 - - [05/Apr/2026:15:18:59 +0200] "GET /wp-admin/profile.php HTTP/1.1" 200 165472 "https://tekes.com.sg/wp-login.php" "Mozilla/5.0 (Windows NT 10.0; Win64; x64) AppleWebKit/537.36 (KHTML, like Gecko) Chrome/121.0.0.0 Safari/537.36"
167.71.23.30 - - [05/Apr/2026:15:19:01 +0200] "GET /wp-admin/edit.php HTTP/1.1" 200 165472 "https://tekes.com.sg/wp-login.php" "Mozilla/5.0 (Windows NT 10.0; Win64; x64) AppleWebKit/537.36 (KHTML, like Gecko) Chrome/121.0.0.0 Safari/537.36"
167.71.23.30 - - [05/Apr/2026:15:19:02 +0200] "GET /wp-admin/plugins.php HTTP/1.1" 200 165472 "https://tekes.com.sg/wp-login.php" "Mozilla/5.0 (Windows NT 10.0; Win64; x64) AppleWebKit/537.36 (KHTML, like Gecko) Chrome/121.0.0.0 Safari/537.36"
74.7.242.19 - - [05/Apr/2026:15:19:02 +0200] "GET /039000694.htm HTTP/1.1" 200 53525 "https://tekes.com.sg/?sitemap961.xml" "Mozilla/5.0 AppleWebKit/537.36 (KHTML, like Gecko; compatible; GPTBot/1.3; +https://openai.com/gptbot)"
167.71.23.30 - - [05/Apr/2026:15:19:03 +0200] "POST /wp-login.php HTTP/1.1" 200 53524 "https://tekes.com.sg/wp-login.php" "Mozilla/5.0 (Macintosh; Intel Mac OS X 10_15_7) AppleWebKit/605.1.15 (KHTML, like Gecko) Version/16.6 Safari/605.1.15"
167.71.23.30 - - [05/Apr/2026:15:19:04 +0200] "GET /wp-admin/index.php HTTP/1.1" 200 165472 "https://tekes.com.sg/wp-login.php" "Mozilla/5.0 (Macintosh; Intel Mac OS X 10_15_7; rv:118.0) Gecko/20100101 Firefox/118.0"
167.71.23.30 - - [05/Apr/2026:15:19:05 +0200] "GET /wp-admin/profile.php HTTP/1.1" 200 165472 "https://tekes.com.sg/wp-login.php" "Mozilla/5.0 (Macintosh; Intel Mac OS X 10_15_7; rv:118.0) Gecko/20100101 Firefox/118.0"
74.7.242.19 - - [05/Apr/2026:15:19:05 +0200] "GET /113042000.htm HTTP/1.1" 200 53525 "https://tekes.com.sg/?sitemap527.xml" "Mozilla/5.0 AppleWebKit/537.36 (KHTML, like Gecko; compatible; GPTBot/1.3; +https://openai.com/gptbot)"
167.71.23.30 - - [05/Apr/2026:15:19:06 +0200] "GET /wp-admin/edit.php HTTP/1.1" 200 165472 "https://tekes.com.sg/wp-login.php" "Mozilla/5.0 (Macintosh; Intel Mac OS X 10_15_7; rv:118.0) Gecko/20100101 Firefox/118.0"
167.71.23.30 - - [05/Apr/2026:15:19:07 +0200] "GET /wp-admin/plugins.php HTTP/1.1" 200 165472 "https://tekes.com.sg/wp-login.php" "Mozilla/5.0 (Macintosh; Intel Mac OS X 10_15_7; rv:118.0) Gecko/20100101 Firefox/118.0"
167.71.23.30 - - [05/Apr/2026:15:19:08 +0200] "POST /wp-login.php HTTP/1.1" 200 53524 "https://tekes.com.sg/wp-login.php" "Mozilla/5.0 (Macintosh; Intel Mac OS X 13_6_1; rv:121.0) Gecko/20100101 Firefox/121.0"
74.7.242.19 - - [05/Apr/2026:15:19:08 +0200] "GET /160007205.htm?fileloc=/home/tekesnew/public_html/.htaccess&path=/home/tekesnew/public_html HTTP/1.1" 200 14444 "https://tekes.com.sg/160007205.htm" "Mozilla/5.0 AppleWebKit/537.36 (KHTML, like Gecko; compatible; GPTBot/1.3; +https://openai.com/gptbot)"
74.7.242.19 - - [05/Apr/2026:15:19:12 +0200] "GET /150003021.htm HTTP/1.1" 200 53525 "https://tekes.com.sg/?sitemap961.xml" "Mozilla/5.0 AppleWebKit/537.36 (KHTML, like Gecko; compatible; GPTBot/1.3; +https://openai.com/gptbot)"
74.7.242.19 - - [05/Apr/2026:15:19:15 +0200] "GET /300035675.htm HTTP/1.1" 200 53525 "https://tekes.com.sg/?sitemap961.xml" "Mozilla/5.0 AppleWebKit/537.36 (KHTML, like Gecko; compatible; GPTBot/1.3; +https://openai.com/gptbot)"
74.7.242.19 - - [05/Apr/2026:15:19:18 +0200] "GET /024000935.htm HTTP/1.1" 200 53525 "https://tekes.com.sg/?sitemap974.xml" "Mozilla/5.0 AppleWebKit/537.36 (KHTML, like Gecko; compatible; GPTBot/1.3; +https://openai.com/gptbot)"
167.71.23.30 - - [05/Apr/2026:15:19:20 +0200] "GET /wp-admin/profile.php HTTP/1.1" 200 165472 "https://tekes.com.sg/wp-login.php" "Mozilla/5.0 (Macintosh; Intel Mac OS X 10_15_7) AppleWebKit/537.36 (KHTML, like Gecko) Chrome/121.0.0.0 Safari/537.36"
74.7.242.19 - - [05/Apr/2026:15:19:21 +0200] "GET /183033302.htm HTTP/1.1" 200 53525 "https://tekes.com.sg/?sitemap961.xml" "Mozilla/5.0 AppleWebKit/537.36 (KHTML, like Gecko; compatible; GPTBot/1.3; +https://openai.com/gptbot)"
167.71.23.30 - - [05/Apr/2026:15:19:21 +0200] "GET /wp-admin/edit.php HTTP/1.1" 200 165472 "https://tekes.com.sg/wp-login.php" "Mozilla/5.0 (Macintosh; Intel Mac OS X 10_15_7) AppleWebKit/537.36 (KHTML, like Gecko) Chrome/121.0.0.0 Safari/537.36"
167.71.23.30 - - [05/Apr/2026:15:19:22 +0200] "GET /wp-admin/plugins.php HTTP/1.1" 200 165472 "https://tekes.com.sg/wp-login.php" "Mozilla/5.0 (Macintosh; Intel Mac OS X 10_15_7) AppleWebKit/537.36 (KHTML, like Gecko) Chrome/121.0.0.0 Safari/537.36"
167.71.23.30 - - [05/Apr/2026:15:19:24 +0200] "POST /wp-login.php HTTP/1.1" 200 53524 "https://tekes.com.sg/wp-login.php" "Mozilla/5.0 (X11; Ubuntu; Linux x86_64) AppleWebKit/537.36 (KHTML, like Gecko) Chrome/118.0.0.0 Safari/537.36"
74.7.242.19 - - [05/Apr/2026:15:19:24 +0200] "GET /100014335.htm HTTP/1.1" 200 53525 "https://tekes.com.sg/?sitemap961.xml" "Mozilla/5.0 AppleWebKit/537.36 (KHTML, like Gecko; compatible; GPTBot/1.3; +https://openai.com/gptbot)"
167.71.23.30 - - [05/Apr/2026:15:19:25 +0200] "GET /wp-admin/index.php HTTP/1.1" 200 165472 "https://tekes.com.sg/wp-login.php" "Mozilla/5.0 (Macintosh; Intel Mac OS X 10_15_7) AppleWebKit/537.36 (KHTML, like Gecko) Chrome/121.0.0.0 Safari/537.36"
167.71.23.30 - - [05/Apr/2026:15:19:26 +0200] "GET /wp-admin/profile.php HTTP/1.1" 200 165472 "https://tekes.com.sg/wp-login.php" "Mozilla/5.0 (Macintosh; Intel Mac OS X 10_15_7) AppleWebKit/537.36 (KHTML, like Gecko) Chrome/121.0.0.0 Safari/537.36"
167.71.23.30 - - [05/Apr/2026:15:19:27 +0200] "GET /wp-admin/edit.php HTTP/1.1" 200 165472 "https://tekes.com.sg/wp-login.php" "Mozilla/5.0 (Macintosh; Intel Mac OS X 10_15_7) AppleWebKit/537.36 (KHTML, like Gecko) Chrome/121.0.0.0 Safari/537.36"
74.7.242.19 - - [05/Apr/2026:15:19:27 +0200] "GET /111035416.htm?fileloc=/home/tekesnew/public_html/wp-links-opml.php&path=/home/tekesnew/public_html HTTP/1.1" 200 15168 "https://tekes.com.sg/111035416.htm" "Mozilla/5.0 AppleWebKit/537.36 (KHTML, like Gecko; compatible; GPTBot/1.3; +https://openai.com/gptbot)"
167.71.23.30 - - [05/Apr/2026:15:19:28 +0200] "GET /wp-admin/plugins.php HTTP/1.1" 200 165472 "https://tekes.com.sg/wp-login.php" "Mozilla/5.0 (Macintosh; Intel Mac OS X 10_15_7) AppleWebKit/537.36 (KHTML, like Gecko) Chrome/121.0.0.0 Safari/537.36"
101.100.255.66 - - [05/Apr/2026:15:19:29 +0200] "GET / HTTP/1.1" 200 53525 "-" "Python/3.11 aiohttp/3.9.2"
167.71.23.30 - - [05/Apr/2026:15:19:29 +0200] "POST /wp-login.php HTTP/1.1" 200 53524 "https://tekes.com.sg/wp-login.php" "Mozilla/5.0 (X11; Linux x86_64) AppleWebKit/537.36 (KHTML, like Gecko) Chrome/118.0.0.0 Safari/537.36"
167.71.23.30 - - [05/Apr/2026:15:19:30 +0200] "GET /wp-admin/index.php HTTP/1.1" 200 165472 "https://tekes.com.sg/wp-login.php" "Mozilla/5.0 (Macintosh; Intel Mac OS X 13_6_1; rv:118.0) Gecko/20100101 Firefox/118.0"
74.7.242.19 - - [05/Apr/2026:15:19:31 +0200] "GET /053017000.htm?fileloc=/home/tekesnew/.profile&path=/home/tekesnew HTTP/1.1" 200 13171 "https://tekes.com.sg/053017000.htm?path=/home/tekesnew" "Mozilla/5.0 AppleWebKit/537.36 (KHTML, like Gecko; compatible; GPTBot/1.3; +https://openai.com/gptbot)"
167.71.23.30 - - [05/Apr/2026:15:19:31 +0200] "GET /wp-admin/profile.php HTTP/1.1" 200 165472 "https://tekes.com.sg/wp-login.php" "Mozilla/5.0 (Macintosh; Intel Mac OS X 13_6_1; rv:118.0) Gecko/20100101 Firefox/118.0"
