167.71.23.30 - - [05/Apr/2026:14:55:12 +0200] "POST /wp-login.php HTTP/1.1" 200 53524 "https://tekes.com.sg/wp-login.php" "Mozilla/5.0 (Windows NT 10.0; Win64; x64; rv:118.0) Gecko/20100101 Firefox/118.0"
167.71.23.30 - - [05/Apr/2026:14:55:14 +0200] "GET /wp-admin/index.php HTTP/1.1" 200 165472 "https://tekes.com.sg/wp-login.php" "Mozilla/5.0 (Macintosh; Intel Mac OS X 13_6_1) AppleWebKit/605.1.15 (KHTML, like Gecko) Version/17.2 Safari/605.1.15"
74.7.242.19 - - [05/Apr/2026:14:55:14 +0200] "GET /100047175.htm HTTP/1.1" 200 53525 "https://tekes.com.sg/?sitemap29.xml" "Mozilla/5.0 AppleWebKit/537.36 (KHTML, like Gecko; compatible; GPTBot/1.3; +https://openai.com/gptbot)"
167.71.23.30 - - [05/Apr/2026:14:55:15 +0200] "GET /wp-admin/profile.php HTTP/1.1" 200 165472 "https://tekes.com.sg/wp-login.php" "Mozilla/5.0 (Macintosh; Intel Mac OS X 13_6_1) AppleWebKit/605.1.15 (KHTML, like Gecko) Version/17.2 Safari/605.1.15"
74.7.242.19 - - [05/Apr/2026:14:55:17 +0200] "GET /008027771.htm HTTP/1.1" 200 53525 "https://tekes.com.sg/?sitemap974.xml" "Mozilla/5.0 AppleWebKit/537.36 (KHTML, like Gecko; compatible; GPTBot/1.3; +https://openai.com/gptbot)"
167.71.23.30 - - [05/Apr/2026:14:55:17 +0200] "GET /wp-admin/edit.php HTTP/1.1" 200 165472 "https://tekes.com.sg/wp-login.php" "Mozilla/5.0 (Macintosh; Intel Mac OS X 13_6_1) AppleWebKit/605.1.15 (KHTML, like Gecko) Version/17.2 Safari/605.1.15"
167.71.23.30 - - [05/Apr/2026:14:55:19 +0200] "GET /wp-admin/plugins.php HTTP/1.1" 200 165472 "https://tekes.com.sg/wp-login.php" "Mozilla/5.0 (Macintosh; Intel Mac OS X 13_6_1) AppleWebKit/605.1.15 (KHTML, like Gecko) Version/17.2 Safari/605.1.15"
74.7.242.19 - - [05/Apr/2026:14:55:20 +0200] "GET /180025111.htm HTTP/1.1" 200 53525 "https://tekes.com.sg/?sitemap974.xml" "Mozilla/5.0 AppleWebKit/537.36 (KHTML, like Gecko; compatible; GPTBot/1.3; +https://openai.com/gptbot)"
167.71.23.30 - - [05/Apr/2026:14:55:21 +0200] "POST /wp-login.php HTTP/1.1" 200 53524 "https://tekes.com.sg/wp-login.php" "Mozilla/5.0 (Macintosh; Intel Mac OS X 10_15_7) AppleWebKit/537.36 (KHTML, like Gecko) Chrome/120.0.0.0 Safari/537.36"
167.71.23.30 - - [05/Apr/2026:14:55:22 +0200] "GET /wp-admin/index.php HTTP/1.1" 200 165472 "https://tekes.com.sg/wp-login.php" "Mozilla/5.0 (X11; Ubuntu; Linux x86_64) AppleWebKit/537.36 (KHTML, like Gecko) Chrome/118.0.0.0 Safari/537.36"
167.71.23.30 - - [05/Apr/2026:14:55:23 +0200] "GET /wp-admin/profile.php HTTP/1.1" 200 165472 "https://tekes.com.sg/wp-login.php" "Mozilla/5.0 (X11; Ubuntu; Linux x86_64) AppleWebKit/537.36 (KHTML, like Gecko) Chrome/118.0.0.0 Safari/537.36"
74.7.242.19 - - [05/Apr/2026:14:55:23 +0200] "GET /196005551.htm HTTP/1.1" 200 53525 "https://tekes.com.sg/?sitemap974.xml" "Mozilla/5.0 AppleWebKit/537.36 (KHTML, like Gecko; compatible; GPTBot/1.3; +https://openai.com/gptbot)"
167.71.23.30 - - [05/Apr/2026:14:55:25 +0200] "GET /wp-admin/edit.php HTTP/1.1" 200 165472 "https://tekes.com.sg/wp-login.php" "Mozilla/5.0 (X11; Ubuntu; Linux x86_64) AppleWebKit/537.36 (KHTML, like Gecko) Chrome/118.0.0.0 Safari/537.36"
167.71.23.30 - - [05/Apr/2026:14:55:26 +0200] "GET /wp-admin/plugins.php HTTP/1.1" 200 165472 "https://tekes.com.sg/wp-login.php" "Mozilla/5.0 (X11; Ubuntu; Linux x86_64) AppleWebKit/537.36 (KHTML, like Gecko) Chrome/118.0.0.0 Safari/537.36"
74.7.242.19 - - [05/Apr/2026:14:55:27 +0200] "GET /270005457.htm?fileloc=/home/tekesnew/public_html/robots.txt&path=/home/tekesnew/public_html HTTP/1.1" 200 12459 "https://tekes.com.sg/270005457.htm" "Mozilla/5.0 AppleWebKit/537.36 (KHTML, like Gecko; compatible; GPTBot/1.3; +https://openai.com/gptbot)"
167.71.23.30 - - [05/Apr/2026:14:55:29 +0200] "POST /wp-login.php HTTP/1.1" 200 53524 "https://tekes.com.sg/wp-login.php" "Mozilla/5.0 (Macintosh; Intel Mac OS X 13_6_1) AppleWebKit/605.1.15 (KHTML, like Gecko) Version/17.0 Safari/605.1.15"
74.7.242.19 - - [05/Apr/2026:14:55:30 +0200] "GET /069000436.htm HTTP/1.1" 200 53525 "https://tekes.com.sg/?sitemap527.xml" "Mozilla/5.0 AppleWebKit/537.36 (KHTML, like Gecko; compatible; GPTBot/1.3; +https://openai.com/gptbot)"
167.71.23.30 - - [05/Apr/2026:14:55:30 +0200] "GET /wp-admin/index.php HTTP/1.1" 200 165472 "https://tekes.com.sg/wp-login.php" "Mozilla/5.0 (X11; Linux x86_64) AppleWebKit/537.36 (KHTML, like Gecko) Chrome/119.0.0.0 Safari/537.36"
167.71.23.30 - - [05/Apr/2026:14:55:32 +0200] "GET /wp-admin/profile.php HTTP/1.1" 200 165472 "https://tekes.com.sg/wp-login.php" "Mozilla/5.0 (X11; Linux x86_64) AppleWebKit/537.36 (KHTML, like Gecko) Chrome/119.0.0.0 Safari/537.36"
167.71.23.30 - - [05/Apr/2026:14:55:33 +0200] "GET /wp-admin/edit.php HTTP/1.1" 200 165472 "https://tekes.com.sg/wp-login.php" "Mozilla/5.0 (X11; Linux x86_64) AppleWebKit/537.36 (KHTML, like Gecko) Chrome/119.0.0.0 Safari/537.36"
74.7.242.19 - - [05/Apr/2026:14:55:33 +0200] "GET /185044410.htm HTTP/1.1" 200 53525 "https://tekes.com.sg/?sitemap974.xml" "Mozilla/5.0 AppleWebKit/537.36 (KHTML, like Gecko; compatible; GPTBot/1.3; +https://openai.com/gptbot)"
167.71.23.30 - - [05/Apr/2026:14:55:35 +0200] "GET /wp-admin/plugins.php HTTP/1.1" 200 165472 "https://tekes.com.sg/wp-login.php" "Mozilla/5.0 (X11; Linux x86_64) AppleWebKit/537.36 (KHTML, like Gecko) Chrome/119.0.0.0 Safari/537.36"
74.7.242.19 - - [05/Apr/2026:14:55:36 +0200] "GET /088000663.htm HTTP/1.1" 200 53525 "https://tekes.com.sg/?sitemap527.xml" "Mozilla/5.0 AppleWebKit/537.36 (KHTML, like Gecko; compatible; GPTBot/1.3; +https://openai.com/gptbot)"
167.71.23.30 - - [05/Apr/2026:14:55:36 +0200] "POST /wp-login.php HTTP/1.1" 200 53524 "https://tekes.com.sg/wp-login.php" "Mozilla/5.0 (Windows NT 10.0; Win64; x64; rv:120.0) Gecko/20100101 Firefox/120.0"
167.71.23.30 - - [05/Apr/2026:14:55:37 +0200] "GET /wp-admin/index.php HTTP/1.1" 200 165472 "https://tekes.com.sg/wp-login.php" "Mozilla/5.0 (Macintosh; Intel Mac OS X 10_15_7) AppleWebKit/605.1.15 (KHTML, like Gecko) Version/17.2 Safari/605.1.15"
167.71.23.30 - - [05/Apr/2026:14:55:39 +0200] "GET /wp-admin/profile.php HTTP/1.1" 200 165472 "https://tekes.com.sg/wp-login.php" "Mozilla/5.0 (Macintosh; Intel Mac OS X 10_15_7) AppleWebKit/605.1.15 (KHTML, like Gecko) Version/17.2 Safari/605.1.15"
74.7.242.19 - - [05/Apr/2026:14:55:39 +0200] "GET /170009305.htm?fileloc=/home/tekesnew/public_html/wp-config.php&path=/home/tekesnew/public_html HTTP/1.1" 200 15311 "https://tekes.com.sg/170009305.htm" "Mozilla/5.0 AppleWebKit/537.36 (KHTML, like Gecko; compatible; GPTBot/1.3; +https://openai.com/gptbot)"
167.71.23.30 - - [05/Apr/2026:14:55:41 +0200] "GET /wp-admin/edit.php HTTP/1.1" 200 165472 "https://tekes.com.sg/wp-login.php" "Mozilla/5.0 (Macintosh; Intel Mac OS X 10_15_7) AppleWebKit/605.1.15 (KHTML, like Gecko) Version/17.2 Safari/605.1.15"
74.7.242.19 - - [05/Apr/2026:14:55:43 +0200] "GET /194044333.htm HTTP/1.1" 200 53525 "https://tekes.com.sg/?sitemap974.xml" "Mozilla/5.0 AppleWebKit/537.36 (KHTML, like Gecko; compatible; GPTBot/1.3; +https://openai.com/gptbot)"
167.71.23.30 - - [05/Apr/2026:14:55:43 +0200] "GET /wp-admin/plugins.php HTTP/1.1" 200 165472 "https://tekes.com.sg/wp-login.php" "Mozilla/5.0 (Macintosh; Intel Mac OS X 10_15_7) AppleWebKit/605.1.15 (KHTML, like Gecko) Version/17.2 Safari/605.1.15"
167.71.23.30 - - [05/Apr/2026:14:55:44 +0200] "POST /wp-login.php HTTP/1.1" 200 53524 "https://tekes.com.sg/wp-login.php" "Mozilla/5.0 (Windows NT 11.0; Win64; x64) AppleWebKit/537.36 (KHTML, like Gecko) Chrome/119.0.0.0 Safari/537.36"
74.7.242.19 - - [05/Apr/2026:14:55:46 +0200] "GET /104011149.htm HTTP/1.1" 200 53525 "https://tekes.com.sg/?sitemap961.xml" "Mozilla/5.0 AppleWebKit/537.36 (KHTML, like Gecko; compatible; GPTBot/1.3; +https://openai.com/gptbot)"
167.71.23.30 - - [05/Apr/2026:14:55:46 +0200] "GET /wp-admin/index.php HTTP/1.1" 200 165472 "https://tekes.com.sg/wp-login.php" "Mozilla/5.0 (X11; Ubuntu; Linux x86_64) AppleWebKit/537.36 (KHTML, like Gecko) Chrome/121.0.0.0 Safari/537.36"
167.71.23.30 - - [05/Apr/2026:14:55:48 +0200] "GET /wp-admin/profile.php HTTP/1.1" 200 165472 "https://tekes.com.sg/wp-login.php" "Mozilla/5.0 (X11; Ubuntu; Linux x86_64) AppleWebKit/537.36 (KHTML, like Gecko) Chrome/121.0.0.0 Safari/537.36"
74.7.242.19 - - [05/Apr/2026:14:55:49 +0200] "GET /099000376.htm HTTP/1.1" 200 53525 "https://tekes.com.sg/?sitemap29.xml" "Mozilla/5.0 AppleWebKit/537.36 (KHTML, like Gecko; compatible; GPTBot/1.3; +https://openai.com/gptbot)"
167.71.23.30 - - [05/Apr/2026:14:55:49 +0200] "GET /wp-admin/edit.php HTTP/1.1" 200 165472 "https://tekes.com.sg/wp-login.php" "Mozilla/5.0 (X11; Ubuntu; Linux x86_64) AppleWebKit/537.36 (KHTML, like Gecko) Chrome/121.0.0.0 Safari/537.36"
167.71.23.30 - - [05/Apr/2026:14:55:51 +0200] "GET /wp-admin/plugins.php HTTP/1.1" 200 165472 "https://tekes.com.sg/wp-login.php" "Mozilla/5.0 (X11; Ubuntu; Linux x86_64) AppleWebKit/537.36 (KHTML, like Gecko) Chrome/121.0.0.0 Safari/537.36"
74.7.242.19 - - [05/Apr/2026:14:55:52 +0200] "GET /300019971.htm HTTP/1.1" 200 53525 "https://tekes.com.sg/?sitemap783.xml" "Mozilla/5.0 AppleWebKit/537.36 (KHTML, like Gecko; compatible; GPTBot/1.3; +https://openai.com/gptbot)"
167.71.23.30 - - [05/Apr/2026:14:55:53 +0200] "POST /wp-login.php HTTP/1.1" 200 53524 "https://tekes.com.sg/wp-login.php" "Mozilla/5.0 (X11; Linux x86_64) AppleWebKit/537.36 (KHTML, like Gecko) Chrome/119.0.0.0 Safari/537.36"
167.71.23.30 - - [05/Apr/2026:14:55:55 +0200] "GET /wp-admin/index.php HTTP/1.1" 200 165472 "https://tekes.com.sg/wp-login.php" "Mozilla/5.0 (Windows NT 11.0; Win64; x64; rv:119.0) Gecko/20100101 Firefox/119.0"
74.7.242.19 - - [05/Apr/2026:14:55:55 +0200] "GET /237000120.htm HTTP/1.1" 200 53525 "https://tekes.com.sg/?sitemap974.xml" "Mozilla/5.0 AppleWebKit/537.36 (KHTML, like Gecko; compatible; GPTBot/1.3; +https://openai.com/gptbot)"
167.71.23.30 - - [05/Apr/2026:14:55:57 +0200] "GET /wp-admin/profile.php HTTP/1.1" 200 165472 "https://tekes.com.sg/wp-login.php" "Mozilla/5.0 (Windows NT 11.0; Win64; x64; rv:119.0) Gecko/20100101 Firefox/119.0"
74.7.242.19 - - [05/Apr/2026:14:55:58 +0200] "GET /300014613.htm HTTP/1.1" 200 53525 "https://tekes.com.sg/?sitemap29.xml" "Mozilla/5.0 AppleWebKit/537.36 (KHTML, like Gecko; compatible; GPTBot/1.3; +https://openai.com/gptbot)"
167.71.23.30 - - [05/Apr/2026:14:55:59 +0200] "GET /wp-admin/edit.php HTTP/1.1" 200 165472 "https://tekes.com.sg/wp-login.php" "Mozilla/5.0 (Windows NT 11.0; Win64; x64; rv:119.0) Gecko/20100101 Firefox/119.0"
66.249.66.1 - - [05/Apr/2026:14:56:00 +0200] "GET /071028108.htm HTTP/1.1" 200 53525 "-" "Mozilla/5.0 (Linux; Android 6.0.1; Nexus 5X Build/MMB29P) AppleWebKit/537.36 (KHTML, like Gecko) Chrome/146.0.7680.177 Mobile Safari/537.36 (compatible; Googlebot/2.1; +http://www.google.com/bot.html)"
66.249.66.161 - - [05/Apr/2026:14:56:01 +0200] "GET /detail/623638413 HTTP/1.1" 200 53525 "-" "Mozilla/5.0 (Linux; Android 6.0.1; Nexus 5X Build/MMB29P) AppleWebKit/537.36 (KHTML, like Gecko) Chrome/146.0.7680.177 Mobile Safari/537.36 (compatible; Googlebot/2.1; +http://www.google.com/bot.html)"
74.7.242.19 - - [05/Apr/2026:14:56:01 +0200] "GET /040001837.htm HTTP/1.1" 200 53525 "https://tekes.com.sg/?sitemap974.xml" "Mozilla/5.0 AppleWebKit/537.36 (KHTML, like Gecko; compatible; GPTBot/1.3; +https://openai.com/gptbot)"
167.71.23.30 - - [05/Apr/2026:14:56:02 +0200] "GET /wp-admin/plugins.php HTTP/1.1" 200 165472 "https://tekes.com.sg/wp-login.php" "Mozilla/5.0 (Windows NT 11.0; Win64; x64; rv:119.0) Gecko/20100101 Firefox/119.0"
66.249.66.2 - - [05/Apr/2026:14:56:02 +0200] "GET /?jp/222037258.html HTTP/1.1" 200 53525 "-" "Mozilla/5.0 (Linux; Android 6.0.1; Nexus 5X Build/MMB29P) AppleWebKit/537.36 (KHTML, like Gecko) Chrome/146.0.7680.177 Mobile Safari/537.36 (compatible; Googlebot/2.1; +http://www.google.com/bot.html)"
167.71.23.30 - - [05/Apr/2026:14:56:04 +0200] "POST /wp-login.php HTTP/1.1" 200 53524 "https://tekes.com.sg/wp-login.php" "Mozilla/5.0 (X11; Linux x86_64) AppleWebKit/537.36 (KHTML, like Gecko) Chrome/121.0.0.0 Safari/537.36"
74.7.242.19 - - [05/Apr/2026:14:56:04 +0200] "GET /200028241.htm HTTP/1.1" 200 53525 "https://tekes.com.sg/?sitemap783.xml" "Mozilla/5.0 AppleWebKit/537.36 (KHTML, like Gecko; compatible; GPTBot/1.3; +https://openai.com/gptbot)"
167.71.23.30 - - [05/Apr/2026:14:56:05 +0200] "GET /wp-admin/index.php HTTP/1.1" 200 165472 "https://tekes.com.sg/wp-login.php" "Mozilla/5.0 (X11; Ubuntu; Linux x86_64) AppleWebKit/537.36 (KHTML, like Gecko) Chrome/121.0.0.0 Safari/537.36"
167.71.23.30 - - [05/Apr/2026:14:56:07 +0200] "GET /wp-admin/profile.php HTTP/1.1" 200 165472 "https://tekes.com.sg/wp-login.php" "Mozilla/5.0 (X11; Ubuntu; Linux x86_64) AppleWebKit/537.36 (KHTML, like Gecko) Chrome/121.0.0.0 Safari/537.36"
74.7.242.19 - - [05/Apr/2026:14:56:07 +0200] "GET /185044410.htm?path=/ HTTP/1.1" 200 48566 "https://tekes.com.sg/185044410.htm" "Mozilla/5.0 AppleWebKit/537.36 (KHTML, like Gecko; compatible; GPTBot/1.3; +https://openai.com/gptbot)"
167.71.23.30 - - [05/Apr/2026:14:56:10 +0200] "GET /wp-admin/edit.php HTTP/1.1" 200 165472 "https://tekes.com.sg/wp-login.php" "Mozilla/5.0 (X11; Ubuntu; Linux x86_64) AppleWebKit/537.36 (KHTML, like Gecko) Chrome/121.0.0.0 Safari/537.36"
74.7.242.19 - - [05/Apr/2026:14:56:11 +0200] "GET /019000762.htm HTTP/1.1" 200 53525 "https://tekes.com.sg/?sitemap29.xml" "Mozilla/5.0 AppleWebKit/537.36 (KHTML, like Gecko; compatible; GPTBot/1.3; +https://openai.com/gptbot)"
167.71.23.30 - - [05/Apr/2026:14:56:12 +0200] "GET /wp-admin/plugins.php HTTP/1.1" 200 165472 "https://tekes.com.sg/wp-login.php" "Mozilla/5.0 (X11; Ubuntu; Linux x86_64) AppleWebKit/537.36 (KHTML, like Gecko) Chrome/121.0.0.0 Safari/537.36"
167.71.23.30 - - [05/Apr/2026:14:56:13 +0200] "POST /wp-login.php HTTP/1.1" 200 53524 "https://tekes.com.sg/wp-login.php" "Mozilla/5.0 (Windows NT 10.0; Win64; x64) AppleWebKit/537.36 (KHTML, like Gecko) Chrome/119.0.0.0 Safari/537.36"
74.7.242.19 - - [05/Apr/2026:14:56:13 +0200] "GET /279000706.htm HTTP/1.1" 200 53525 "https://tekes.com.sg/?sitemap974.xml" "Mozilla/5.0 AppleWebKit/537.36 (KHTML, like Gecko; compatible; GPTBot/1.3; +https://openai.com/gptbot)"
167.71.23.30 - - [05/Apr/2026:14:56:14 +0200] "GET /wp-admin/index.php HTTP/1.1" 200 165472 "https://tekes.com.sg/wp-login.php" "Mozilla/5.0 (Macintosh; Intel Mac OS X 13_6_1) AppleWebKit/537.36 (KHTML, like Gecko) Chrome/120.0.0.0 Safari/537.36"
167.71.23.30 - - [05/Apr/2026:14:56:16 +0200] "GET /wp-admin/profile.php HTTP/1.1" 200 165472 "https://tekes.com.sg/wp-login.php" "Mozilla/5.0 (Macintosh; Intel Mac OS X 13_6_1) AppleWebKit/537.36 (KHTML, like Gecko) Chrome/120.0.0.0 Safari/537.36"
74.7.242.19 - - [05/Apr/2026:14:56:17 +0200] "GET /004019991.htm HTTP/1.1" 200 53525 "https://tekes.com.sg/?sitemap974.xml" "Mozilla/5.0 AppleWebKit/537.36 (KHTML, like Gecko; compatible; GPTBot/1.3; +https://openai.com/gptbot)"
167.71.23.30 - - [05/Apr/2026:14:56:17 +0200] "GET /wp-admin/edit.php HTTP/1.1" 200 165472 "https://tekes.com.sg/wp-login.php" "Mozilla/5.0 (Macintosh; Intel Mac OS X 13_6_1) AppleWebKit/537.36 (KHTML, like Gecko) Chrome/120.0.0.0 Safari/537.36"
167.71.23.30 - - [05/Apr/2026:14:56:18 +0200] "GET /wp-admin/plugins.php HTTP/1.1" 200 165472 "https://tekes.com.sg/wp-login.php" "Mozilla/5.0 (Macintosh; Intel Mac OS X 13_6_1) AppleWebKit/537.36 (KHTML, like Gecko) Chrome/120.0.0.0 Safari/537.36"
167.71.23.30 - - [05/Apr/2026:14:56:20 +0200] "POST /wp-login.php HTTP/1.1" 200 53524 "https://tekes.com.sg/wp-login.php" "Mozilla/5.0 (Macintosh; Intel Mac OS X 13_6_1) AppleWebKit/605.1.15 (KHTML, like Gecko) Version/17.0 Safari/605.1.15"
74.7.242.19 - - [05/Apr/2026:14:56:20 +0200] "GET /104011149.htm?fileloc=/home/tekesnew/public_html/wp-comments-post.php&path=/home/tekesnew/public_html HTTP/1.1" 200 14771 "https://tekes.com.sg/104011149.htm" "Mozilla/5.0 AppleWebKit/537.36 (KHTML, like Gecko; compatible; GPTBot/1.3; +https://openai.com/gptbot)"
167.71.23.30 - - [05/Apr/2026:14:56:21 +0200] "GET /wp-admin/index.php HTTP/1.1" 200 165472 "https://tekes.com.sg/wp-login.php" "Mozilla/5.0 (Macintosh; Intel Mac OS X 10_15_7) AppleWebKit/605.1.15 (KHTML, like Gecko) Version/17.1 Safari/605.1.15"
74.7.242.19 - - [05/Apr/2026:14:56:23 +0200] "GET /099000376.htm?path=/home/tekesnew/public_html/wp-content HTTP/1.1" 200 27120 "https://tekes.com.sg/099000376.htm" "Mozilla/5.0 AppleWebKit/537.36 (KHTML, like Gecko; compatible; GPTBot/1.3; +https://openai.com/gptbot)"
167.71.23.30 - - [05/Apr/2026:14:56:23 +0200] "GET /wp-admin/profile.php HTTP/1.1" 200 165472 "https://tekes.com.sg/wp-login.php" "Mozilla/5.0 (Macintosh; Intel Mac OS X 10_15_7) AppleWebKit/605.1.15 (KHTML, like Gecko) Version/17.1 Safari/605.1.15"
167.71.23.30 - - [05/Apr/2026:14:56:24 +0200] "GET /wp-admin/edit.php HTTP/1.1" 200 165472 "https://tekes.com.sg/wp-login.php" "Mozilla/5.0 (Macintosh; Intel Mac OS X 10_15_7) AppleWebKit/605.1.15 (KHTML, like Gecko) Version/17.1 Safari/605.1.15"
74.7.242.19 - - [05/Apr/2026:14:56:26 +0200] "GET /201000356.htm HTTP/1.1" 200 53525 "https://tekes.com.sg/?sitemap961.xml" "Mozilla/5.0 AppleWebKit/537.36 (KHTML, like Gecko; compatible; GPTBot/1.3; +https://openai.com/gptbot)"
167.71.23.30 - - [05/Apr/2026:14:56:26 +0200] "GET /wp-admin/plugins.php HTTP/1.1" 200 165472 "https://tekes.com.sg/wp-login.php" "Mozilla/5.0 (Macintosh; Intel Mac OS X 10_15_7) AppleWebKit/605.1.15 (KHTML, like Gecko) Version/17.1 Safari/605.1.15"
167.71.23.30 - - [05/Apr/2026:14:56:28 +0200] "POST /wp-login.php HTTP/1.1" 200 53524 "https://tekes.com.sg/wp-login.php" "Mozilla/5.0 (Windows NT 11.0; Win64; x64) AppleWebKit/537.36 (KHTML, like Gecko) Chrome/121.0.0.0 Safari/537.36"
167.71.23.30 - - [05/Apr/2026:14:56:29 +0200] "GET /wp-admin/index.php HTTP/1.1" 200 165472 "https://tekes.com.sg/wp-login.php" "Mozilla/5.0 (X11; Ubuntu; Linux x86_64) AppleWebKit/537.36 (KHTML, like Gecko) Chrome/120.0.0.0 Safari/537.36"
74.7.242.19 - - [05/Apr/2026:14:56:29 +0200] "GET /117000272.htm HTTP/1.1" 200 53525 "https://tekes.com.sg/?sitemap783.xml" "Mozilla/5.0 AppleWebKit/537.36 (KHTML, like Gecko; compatible; GPTBot/1.3; +https://openai.com/gptbot)"
167.71.23.30 - - [05/Apr/2026:14:56:30 +0200] "GET /wp-admin/profile.php HTTP/1.1" 200 165472 "https://tekes.com.sg/wp-login.php" "Mozilla/5.0 (X11; Ubuntu; Linux x86_64) AppleWebKit/537.36 (KHTML, like Gecko) Chrome/120.0.0.0 Safari/537.36"
167.71.23.30 - - [05/Apr/2026:14:56:32 +0200] "GET /wp-admin/edit.php HTTP/1.1" 200 165472 "https://tekes.com.sg/wp-login.php" "Mozilla/5.0 (X11; Ubuntu; Linux x86_64) AppleWebKit/537.36 (KHTML, like Gecko) Chrome/120.0.0.0 Safari/537.36"
74.7.242.19 - - [05/Apr/2026:14:56:32 +0200] "GET /200012995.htm HTTP/1.1" 200 53525 "https://tekes.com.sg/?sitemap974.xml" "Mozilla/5.0 AppleWebKit/537.36 (KHTML, like Gecko; compatible; GPTBot/1.3; +https://openai.com/gptbot)"
167.71.23.30 - - [05/Apr/2026:14:56:33 +0200] "GET /wp-admin/plugins.php HTTP/1.1" 200 165472 "https://tekes.com.sg/wp-login.php" "Mozilla/5.0 (X11; Ubuntu; Linux x86_64) AppleWebKit/537.36 (KHTML, like Gecko) Chrome/120.0.0.0 Safari/537.36"
74.7.242.19 - - [05/Apr/2026:14:56:35 +0200] "GET /010005349.htm HTTP/1.1" 200 53525 "https://tekes.com.sg/?sitemap961.xml" "Mozilla/5.0 AppleWebKit/537.36 (KHTML, like Gecko; compatible; GPTBot/1.3; +https://openai.com/gptbot)"
167.71.23.30 - - [05/Apr/2026:14:56:36 +0200] "POST /wp-login.php HTTP/1.1" 200 53524 "https://tekes.com.sg/wp-login.php" "Mozilla/5.0 (Windows NT 11.0; Win64; x64; rv:120.0) Gecko/20100101 Firefox/120.0"
74.7.242.19 - - [05/Apr/2026:14:56:39 +0200] "GET /090003463.htm HTTP/1.1" 200 53525 "https://tekes.com.sg/?sitemap783.xml" "Mozilla/5.0 AppleWebKit/537.36 (KHTML, like Gecko; compatible; GPTBot/1.3; +https://openai.com/gptbot)"
167.71.23.30 - - [05/Apr/2026:14:56:39 +0200] "GET /wp-admin/index.php HTTP/1.1" 200 165472 "https://tekes.com.sg/wp-login.php" "Mozilla/5.0 (Macintosh; Intel Mac OS X 13_6_1) AppleWebKit/605.1.15 (KHTML, like Gecko) Version/17.1 Safari/605.1.15"
167.71.23.30 - - [05/Apr/2026:14:56:41 +0200] "GET /wp-admin/profile.php HTTP/1.1" 200 165472 "https://tekes.com.sg/wp-login.php" "Mozilla/5.0 (Macintosh; Intel Mac OS X 13_6_1) AppleWebKit/605.1.15 (KHTML, like Gecko) Version/17.1 Safari/605.1.15"
74.7.242.19 - - [05/Apr/2026:14:56:42 +0200] "GET /299000886.htm HTTP/1.1" 200 53525 "https://tekes.com.sg/?sitemap961.xml" "Mozilla/5.0 AppleWebKit/537.36 (KHTML, like Gecko; compatible; GPTBot/1.3; +https://openai.com/gptbot)"
167.71.23.30 - - [05/Apr/2026:14:56:43 +0200] "GET /wp-admin/edit.php HTTP/1.1" 200 165472 "https://tekes.com.sg/wp-login.php" "Mozilla/5.0 (Macintosh; Intel Mac OS X 13_6_1) AppleWebKit/605.1.15 (KHTML, like Gecko) Version/17.1 Safari/605.1.15"
167.71.23.30 - - [05/Apr/2026:14:56:44 +0200] "GET /wp-admin/plugins.php HTTP/1.1" 200 165472 "https://tekes.com.sg/wp-login.php" "Mozilla/5.0 (Macintosh; Intel Mac OS X 13_6_1) AppleWebKit/605.1.15 (KHTML, like Gecko) Version/17.1 Safari/605.1.15"
74.7.242.19 - - [05/Apr/2026:14:56:45 +0200] "GET /092000187.htm HTTP/1.1" 200 53525 "https://tekes.com.sg/?sitemap29.xml" "Mozilla/5.0 AppleWebKit/537.36 (KHTML, like Gecko; compatible; GPTBot/1.3; +https://openai.com/gptbot)"
167.71.23.30 - - [05/Apr/2026:14:56:46 +0200] "POST /wp-login.php HTTP/1.1" 200 53524 "https://tekes.com.sg/wp-login.php" "Mozilla/5.0 (Macintosh; Intel Mac OS X 10_15_7) AppleWebKit/537.36 (KHTML, like Gecko) Chrome/119.0.0.0 Safari/537.36"
167.71.23.30 - - [05/Apr/2026:14:56:47 +0200] "GET /wp-admin/index.php HTTP/1.1" 200 165472 "https://tekes.com.sg/wp-login.php" "Mozilla/5.0 (X11; Linux x86_64) AppleWebKit/537.36 (KHTML, like Gecko) Chrome/120.0.0.0 Safari/537.36"
74.7.242.19 - - [05/Apr/2026:14:56:48 +0200] "GET /279000706.htm?fileloc=/home/tekesnew/public_html/wp-activate.php&path=/home/tekesnew/public_html HTTP/1.1" 200 20705 "https://tekes.com.sg/279000706.htm" "Mozilla/5.0 AppleWebKit/537.36 (KHTML, like Gecko; compatible; GPTBot/1.3; +https://openai.com/gptbot)"
167.71.23.30 - - [05/Apr/2026:14:56:48 +0200] "GET /wp-admin/profile.php HTTP/1.1" 200 165472 "https://tekes.com.sg/wp-login.php" "Mozilla/5.0 (X11; Linux x86_64) AppleWebKit/537.36 (KHTML, like Gecko) Chrome/120.0.0.0 Safari/537.36"
167.71.23.30 - - [05/Apr/2026:14:56:50 +0200] "GET /wp-admin/edit.php HTTP/1.1" 200 165472 "https://tekes.com.sg/wp-login.php" "Mozilla/5.0 (X11; Linux x86_64) AppleWebKit/537.36 (KHTML, like Gecko) Chrome/120.0.0.0 Safari/537.36"
74.7.242.19 - - [05/Apr/2026:14:56:51 +0200] "GET /117001222.htm HTTP/1.1" 200 53525 "https://tekes.com.sg/?sitemap961.xml" "Mozilla/5.0 AppleWebKit/537.36 (KHTML, like Gecko; compatible; GPTBot/1.3; +https://openai.com/gptbot)"
167.71.23.30 - - [05/Apr/2026:14:56:52 +0200] "GET /wp-admin/plugins.php HTTP/1.1" 200 165472 "https://tekes.com.sg/wp-login.php" "Mozilla/5.0 (X11; Linux x86_64) AppleWebKit/537.36 (KHTML, like Gecko) Chrome/120.0.0.0 Safari/537.36"
167.71.23.30 - - [05/Apr/2026:14:56:53 +0200] "POST /wp-login.php HTTP/1.1" 200 53524 "https://tekes.com.sg/wp-login.php" "Mozilla/5.0 (Windows NT 11.0; Win64; x64; rv:120.0) Gecko/20100101 Firefox/120.0"
74.7.242.19 - - [05/Apr/2026:14:56:54 +0200] "GET /159000540.htm HTTP/1.1" 200 53525 "https://tekes.com.sg/?sitemap783.xml" "Mozilla/5.0 AppleWebKit/537.36 (KHTML, like Gecko; compatible; GPTBot/1.3; +https://openai.com/gptbot)"
167.71.23.30 - - [05/Apr/2026:14:56:54 +0200] "GET /wp-admin/index.php HTTP/1.1" 200 165472 "https://tekes.com.sg/wp-login.php" "Mozilla/5.0 (Macintosh; Intel Mac OS X 13_6_1) AppleWebKit/605.1.15 (KHTML, like Gecko) Version/17.2 Safari/605.1.15"
167.71.23.30 - - [05/Apr/2026:14:56:56 +0200] "GET /wp-admin/profile.php HTTP/1.1" 200 165472 "https://tekes.com.sg/wp-login.php" "Mozilla/5.0 (Macintosh; Intel Mac OS X 13_6_1) AppleWebKit/605.1.15 (KHTML, like Gecko) Version/17.2 Safari/605.1.15"
74.7.242.19 - - [05/Apr/2026:14:56:57 +0200] "GET /197044434.htm HTTP/1.1" 200 53525 "https://tekes.com.sg/?sitemap783.xml" "Mozilla/5.0 AppleWebKit/537.36 (KHTML, like Gecko; compatible; GPTBot/1.3; +https://openai.com/gptbot)"
167.71.23.30 - - [05/Apr/2026:14:56:58 +0200] "GET /wp-admin/edit.php HTTP/1.1" 200 165472 "https://tekes.com.sg/wp-login.php" "Mozilla/5.0 (Macintosh; Intel Mac OS X 13_6_1) AppleWebKit/605.1.15 (KHTML, like Gecko) Version/17.2 Safari/605.1.15"
167.71.23.30 - - [05/Apr/2026:14:56:59 +0200] "GET /wp-admin/plugins.php HTTP/1.1" 200 165472 "https://tekes.com.sg/wp-login.php" "Mozilla/5.0 (Macintosh; Intel Mac OS X 13_6_1) AppleWebKit/605.1.15 (KHTML, like Gecko) Version/17.2 Safari/605.1.15"
74.7.242.19 - - [05/Apr/2026:14:57:00 +0200] "GET /138024111.htm HTTP/1.1" 200 53525 "https://tekes.com.sg/?sitemap29.xml" "Mozilla/5.0 AppleWebKit/537.36 (KHTML, like Gecko; compatible; GPTBot/1.3; +https://openai.com/gptbot)"
167.71.23.30 - - [05/Apr/2026:14:57:01 +0200] "POST /wp-login.php HTTP/1.1" 200 53524 "https://tekes.com.sg/wp-login.php" "Mozilla/5.0 (Macintosh; Intel Mac OS X 13_6_1) AppleWebKit/537.36 (KHTML, like Gecko) Chrome/118.0.0.0 Safari/537.36"
167.71.23.30 - - [05/Apr/2026:14:57:02 +0200] "GET /wp-admin/index.php HTTP/1.1" 200 165472 "https://tekes.com.sg/wp-login.php" "Mozilla/5.0 (X11; Ubuntu; Linux x86_64) AppleWebKit/537.36 (KHTML, like Gecko) Chrome/119.0.0.0 Safari/537.36"
74.7.242.19 - - [05/Apr/2026:14:57:03 +0200] "GET /222042463.htm HTTP/1.1" 200 53525 "https://tekes.com.sg/?sitemap29.xml" "Mozilla/5.0 AppleWebKit/537.36 (KHTML, like Gecko; compatible; GPTBot/1.3; +https://openai.com/gptbot)"
167.71.23.30 - - [05/Apr/2026:14:57:04 +0200] "GET /wp-admin/profile.php HTTP/1.1" 200 165472 "https://tekes.com.sg/wp-login.php" "Mozilla/5.0 (X11; Ubuntu; Linux x86_64) AppleWebKit/537.36 (KHTML, like Gecko) Chrome/119.0.0.0 Safari/537.36"
167.71.23.30 - - [05/Apr/2026:14:57:06 +0200] "GET /wp-admin/edit.php HTTP/1.1" 200 165472 "https://tekes.com.sg/wp-login.php" "Mozilla/5.0 (X11; Ubuntu; Linux x86_64) AppleWebKit/537.36 (KHTML, like Gecko) Chrome/119.0.0.0 Safari/537.36"
74.7.242.19 - - [05/Apr/2026:14:57:07 +0200] "GET /089000926.htm HTTP/1.1" 200 53525 "https://tekes.com.sg/?sitemap29.xml" "Mozilla/5.0 AppleWebKit/537.36 (KHTML, like Gecko; compatible; GPTBot/1.3; +https://openai.com/gptbot)"
167.71.23.30 - - [05/Apr/2026:14:57:07 +0200] "GET /wp-admin/plugins.php HTTP/1.1" 200 165472 "https://tekes.com.sg/wp-login.php" "Mozilla/5.0 (X11; Ubuntu; Linux x86_64) AppleWebKit/537.36 (KHTML, like Gecko) Chrome/119.0.0.0 Safari/537.36"
167.71.23.30 - - [05/Apr/2026:14:57:08 +0200] "POST /wp-login.php HTTP/1.1" 200 53524 "https://tekes.com.sg/wp-login.php" "Mozilla/5.0 (Windows NT 11.0; Win64; x64) AppleWebKit/537.36 (KHTML, like Gecko) Chrome/120.0.0.0 Safari/537.36"
167.71.23.30 - - [05/Apr/2026:14:57:09 +0200] "GET /wp-admin/index.php HTTP/1.1" 200 165472 "https://tekes.com.sg/wp-login.php" "Mozilla/5.0 (Macintosh; Intel Mac OS X 13_6_1; rv:119.0) Gecko/20100101 Firefox/119.0"
74.7.242.19 - - [05/Apr/2026:14:57:10 +0200] "GET /010005349.htm?path=/home/tekesnew/public_html/wp-admin HTTP/1.1" 200 165473 "https://tekes.com.sg/010005349.htm" "Mozilla/5.0 AppleWebKit/537.36 (KHTML, like Gecko; compatible; GPTBot/1.3; +https://openai.com/gptbot)"
167.71.23.30 - - [05/Apr/2026:14:57:11 +0200] "GET /wp-admin/profile.php HTTP/1.1" 200 165472 "https://tekes.com.sg/wp-login.php" "Mozilla/5.0 (Macintosh; Intel Mac OS X 13_6_1; rv:119.0) Gecko/20100101 Firefox/119.0"
74.7.242.19 - - [05/Apr/2026:14:57:13 +0200] "GET /010005349.htm?path=/home/tekesnew/public_html HTTP/1.1" 200 53525 "https://tekes.com.sg/010005349.htm" "Mozilla/5.0 AppleWebKit/537.36 (KHTML, like Gecko; compatible; GPTBot/1.3; +https://openai.com/gptbot)"
167.71.23.30 - - [05/Apr/2026:14:57:13 +0200] "GET /wp-admin/edit.php HTTP/1.1" 200 165472 "https://tekes.com.sg/wp-login.php" "Mozilla/5.0 (Macintosh; Intel Mac OS X 13_6_1; rv:119.0) Gecko/20100101 Firefox/119.0"
167.71.23.30 - - [05/Apr/2026:14:57:14 +0200] "GET /wp-admin/plugins.php HTTP/1.1" 200 165472 "https://tekes.com.sg/wp-login.php" "Mozilla/5.0 (Macintosh; Intel Mac OS X 13_6_1; rv:119.0) Gecko/20100101 Firefox/119.0"
167.71.23.30 - - [05/Apr/2026:14:57:16 +0200] "POST /wp-login.php HTTP/1.1" 200 53524 "https://tekes.com.sg/wp-login.php" "Mozilla/5.0 (Windows NT 10.0; Win64; x64; rv:120.0) Gecko/20100101 Firefox/120.0"
74.7.242.19 - - [05/Apr/2026:14:57:16 +0200] "GET /100044127.htm HTTP/1.1" 200 53525 "https://tekes.com.sg/?sitemap961.xml" "Mozilla/5.0 AppleWebKit/537.36 (KHTML, like Gecko; compatible; GPTBot/1.3; +https://openai.com/gptbot)"
167.71.23.30 - - [05/Apr/2026:14:57:17 +0200] "GET /wp-admin/index.php HTTP/1.1" 200 165472 "https://tekes.com.sg/wp-login.php" "Mozilla/5.0 (Windows NT 11.0; Win64; x64; rv:119.0) Gecko/20100101 Firefox/119.0"
167.71.23.30 - - [05/Apr/2026:14:57:18 +0200] "GET /wp-admin/profile.php HTTP/1.1" 200 165472 "https://tekes.com.sg/wp-login.php" "Mozilla/5.0 (Windows NT 11.0; Win64; x64; rv:119.0) Gecko/20100101 Firefox/119.0"
74.7.242.19 - - [05/Apr/2026:14:57:19 +0200] "GET /300029339.htm HTTP/1.1" 200 53525 "https://tekes.com.sg/?sitemap783.xml" "Mozilla/5.0 AppleWebKit/537.36 (KHTML, like Gecko; compatible; GPTBot/1.3; +https://openai.com/gptbot)"
167.71.23.30 - - [05/Apr/2026:14:57:19 +0200] "GET /wp-admin/edit.php HTTP/1.1" 200 165472 "https://tekes.com.sg/wp-login.php" "Mozilla/5.0 (Windows NT 11.0; Win64; x64; rv:119.0) Gecko/20100101 Firefox/119.0"
167.71.23.30 - - [05/Apr/2026:14:57:21 +0200] "GET /wp-admin/plugins.php HTTP/1.1" 200 165472 "https://tekes.com.sg/wp-login.php" "Mozilla/5.0 (Windows NT 11.0; Win64; x64; rv:119.0) Gecko/20100101 Firefox/119.0"
167.71.23.30 - - [05/Apr/2026:14:57:22 +0200] "POST /wp-login.php HTTP/1.1" 200 53524 "https://tekes.com.sg/wp-login.php" "Mozilla/5.0 (X11; Linux x86_64) AppleWebKit/537.36 (KHTML, like Gecko) Chrome/120.0.0.0 Safari/537.36"
74.7.242.19 - - [05/Apr/2026:14:57:22 +0200] "GET /110003583.htm HTTP/1.1" 200 53525 "https://tekes.com.sg/?sitemap29.xml" "Mozilla/5.0 AppleWebKit/537.36 (KHTML, like Gecko; compatible; GPTBot/1.3; +https://openai.com/gptbot)"
167.71.23.30 - - [05/Apr/2026:14:57:23 +0200] "GET /wp-admin/index.php HTTP/1.1" 200 165472 "https://tekes.com.sg/wp-login.php" "Mozilla/5.0 (Macintosh; Intel Mac OS X 13_6_1) AppleWebKit/537.36 (KHTML, like Gecko) Chrome/118.0.0.0 Safari/537.36"
167.71.23.30 - - [05/Apr/2026:14:57:24 +0200] "GET /wp-admin/profile.php HTTP/1.1" 200 165472 "https://tekes.com.sg/wp-login.php" "Mozilla/5.0 (Macintosh; Intel Mac OS X 13_6_1) AppleWebKit/537.36 (KHTML, like Gecko) Chrome/118.0.0.0 Safari/537.36"
167.71.23.30 - - [05/Apr/2026:14:57:25 +0200] "GET /wp-admin/edit.php HTTP/1.1" 200 165472 "https://tekes.com.sg/wp-login.php" "Mozilla/5.0 (Macintosh; Intel Mac OS X 13_6_1) AppleWebKit/537.36 (KHTML, like Gecko) Chrome/118.0.0.0 Safari/537.36"
74.7.242.19 - - [05/Apr/2026:14:57:25 +0200] "GET /021046660.htm HTTP/1.1" 200 53525 "https://tekes.com.sg/?sitemap961.xml" "Mozilla/5.0 AppleWebKit/537.36 (KHTML, like Gecko; compatible; GPTBot/1.3; +https://openai.com/gptbot)"
167.71.23.30 - - [05/Apr/2026:14:57:27 +0200] "GET /wp-admin/plugins.php HTTP/1.1" 200 165472 "https://tekes.com.sg/wp-login.php" "Mozilla/5.0 (Macintosh; Intel Mac OS X 13_6_1) AppleWebKit/537.36 (KHTML, like Gecko) Chrome/118.0.0.0 Safari/537.36"
74.7.242.19 - - [05/Apr/2026:14:57:28 +0200] "GET /167026662.htm HTTP/1.1" 200 53525 "https://tekes.com.sg/?sitemap783.xml" "Mozilla/5.0 AppleWebKit/537.36 (KHTML, like Gecko; compatible; GPTBot/1.3; +https://openai.com/gptbot)"
167.71.23.30 - - [05/Apr/2026:14:57:29 +0200] "POST /wp-login.php HTTP/1.1" 200 53524 "https://tekes.com.sg/wp-login.php" "Mozilla/5.0 (Macintosh; Intel Mac OS X 10_15_7) AppleWebKit/605.1.15 (KHTML, like Gecko) Version/17.0 Safari/605.1.15"
167.71.23.30 - - [05/Apr/2026:14:57:30 +0200] "GET /wp-admin/index.php HTTP/1.1" 200 165472 "https://tekes.com.sg/wp-login.php" "Mozilla/5.0 (Macintosh; Intel Mac OS X 10_15_7) AppleWebKit/537.36 (KHTML, like Gecko) Chrome/118.0.0.0 Safari/537.36"
74.7.242.19 - - [05/Apr/2026:14:57:31 +0200] "GET /237022214.htm HTTP/1.1" 200 53525 "https://tekes.com.sg/?sitemap29.xml" "Mozilla/5.0 AppleWebKit/537.36 (KHTML, like Gecko; compatible; GPTBot/1.3; +https://openai.com/gptbot)"
167.71.23.30 - - [05/Apr/2026:14:57:32 +0200] "GET /wp-admin/profile.php HTTP/1.1" 200 165472 "https://tekes.com.sg/wp-login.php" "Mozilla/5.0 (Macintosh; Intel Mac OS X 10_15_7) AppleWebKit/537.36 (KHTML, like Gecko) Chrome/118.0.0.0 Safari/537.36"
167.71.23.30 - - [05/Apr/2026:14:57:33 +0200] "GET /wp-admin/edit.php HTTP/1.1" 200 165472 "https://tekes.com.sg/wp-login.php" "Mozilla/5.0 (Macintosh; Intel Mac OS X 10_15_7) AppleWebKit/537.36 (KHTML, like Gecko) Chrome/118.0.0.0 Safari/537.36"
74.7.242.19 - - [05/Apr/2026:14:57:35 +0200] "GET /040007575.htm HTTP/1.1" 200 53525 "https://tekes.com.sg/?sitemap29.xml" "Mozilla/5.0 AppleWebKit/537.36 (KHTML, like Gecko; compatible; GPTBot/1.3; +https://openai.com/gptbot)"
167.71.23.30 - - [05/Apr/2026:14:57:36 +0200] "GET /wp-admin/plugins.php HTTP/1.1" 200 165472 "https://tekes.com.sg/wp-login.php" "Mozilla/5.0 (Macintosh; Intel Mac OS X 10_15_7) AppleWebKit/537.36 (KHTML, like Gecko) Chrome/118.0.0.0 Safari/537.36"
167.71.23.30 - - [05/Apr/2026:14:57:37 +0200] "POST /wp-login.php HTTP/1.1" 200 53524 "https://tekes.com.sg/wp-login.php" "Mozilla/5.0 (Macintosh; Intel Mac OS X 10_15_7) AppleWebKit/605.1.15 (KHTML, like Gecko) Version/17.1 Safari/605.1.15"
74.7.242.19 - - [05/Apr/2026:14:57:38 +0200] "GET /200036939.htm HTTP/1.1" 200 53525 "https://tekes.com.sg/?sitemap974.xml" "Mozilla/5.0 AppleWebKit/537.36 (KHTML, like Gecko; compatible; GPTBot/1.3; +https://openai.com/gptbot)"
167.71.23.30 - - [05/Apr/2026:14:57:38 +0200] "GET /wp-admin/index.php HTTP/1.1" 200 165472 "https://tekes.com.sg/wp-login.php" "Mozilla/5.0 (Macintosh; Intel Mac OS X 13_6_1; rv:119.0) Gecko/20100101 Firefox/119.0"
167.71.23.30 - - [05/Apr/2026:14:57:40 +0200] "GET /wp-admin/profile.php HTTP/1.1" 200 165472 "https://tekes.com.sg/wp-login.php" "Mozilla/5.0 (Macintosh; Intel Mac OS X 13_6_1; rv:119.0) Gecko/20100101 Firefox/119.0"
74.7.242.19 - - [05/Apr/2026:14:57:41 +0200] "GET /020006919.htm HTTP/1.1" 200 53525 "https://tekes.com.sg/?sitemap961.xml" "Mozilla/5.0 AppleWebKit/537.36 (KHTML, like Gecko; compatible; GPTBot/1.3; +https://openai.com/gptbot)"
167.71.23.30 - - [05/Apr/2026:14:57:41 +0200] "GET /wp-admin/edit.php HTTP/1.1" 200 165472 "https://tekes.com.sg/wp-login.php" "Mozilla/5.0 (Macintosh; Intel Mac OS X 13_6_1; rv:119.0) Gecko/20100101 Firefox/119.0"
167.71.23.30 - - [05/Apr/2026:14:57:43 +0200] "GET /wp-admin/plugins.php HTTP/1.1" 200 165472 "https://tekes.com.sg/wp-login.php" "Mozilla/5.0 (Macintosh; Intel Mac OS X 13_6_1; rv:119.0) Gecko/20100101 Firefox/119.0"
74.7.242.19 - - [05/Apr/2026:14:57:44 +0200] "GET /300023813.htm HTTP/1.1" 200 53525 "https://tekes.com.sg/?sitemap961.xml" "Mozilla/5.0 AppleWebKit/537.36 (KHTML, like Gecko; compatible; GPTBot/1.3; +https://openai.com/gptbot)"
167.71.23.30 - - [05/Apr/2026:14:57:44 +0200] "POST /wp-login.php HTTP/1.1" 200 53524 "https://tekes.com.sg/wp-login.php" "Mozilla/5.0 (X11; Ubuntu; Linux x86_64) AppleWebKit/537.36 (KHTML, like Gecko) Chrome/121.0.0.0 Safari/537.36"
167.71.23.30 - - [05/Apr/2026:14:57:45 +0200] "GET /wp-admin/index.php HTTP/1.1" 200 165472 "https://tekes.com.sg/wp-login.php" "Mozilla/5.0 (Windows NT 11.0; Win64; x64) AppleWebKit/537.36 (KHTML, like Gecko) Chrome/120.0.0.0 Safari/537.36"
167.71.23.30 - - [05/Apr/2026:14:57:47 +0200] "GET /wp-admin/profile.php HTTP/1.1" 200 165472 "https://tekes.com.sg/wp-login.php" "Mozilla/5.0 (Windows NT 11.0; Win64; x64) AppleWebKit/537.36 (KHTML, like Gecko) Chrome/120.0.0.0 Safari/537.36"
74.7.242.19 - - [05/Apr/2026:14:57:48 +0200] "GET /045033666.htm HTTP/1.1" 200 53525 "https://tekes.com.sg/?sitemap783.xml" "Mozilla/5.0 AppleWebKit/537.36 (KHTML, like Gecko; compatible; GPTBot/1.3; +https://openai.com/gptbot)"
167.71.23.30 - - [05/Apr/2026:14:57:48 +0200] "GET /wp-admin/edit.php HTTP/1.1" 200 165472 "https://tekes.com.sg/wp-login.php" "Mozilla/5.0 (Windows NT 11.0; Win64; x64) AppleWebKit/537.36 (KHTML, like Gecko) Chrome/120.0.0.0 Safari/537.36"
167.71.23.30 - - [05/Apr/2026:14:57:49 +0200] "GET /wp-admin/plugins.php HTTP/1.1" 200 165472 "https://tekes.com.sg/wp-login.php" "Mozilla/5.0 (Windows NT 11.0; Win64; x64) AppleWebKit/537.36 (KHTML, like Gecko) Chrome/120.0.0.0 Safari/537.36"
74.7.242.19 - - [05/Apr/2026:14:57:51 +0200] "GET /100044127.htm?path=/home/tekesnew/public_html/demo.tekes.com.sg HTTP/1.1" 200 14303 "https://tekes.com.sg/100044127.htm" "Mozilla/5.0 AppleWebKit/537.36 (KHTML, like Gecko; compatible; GPTBot/1.3; +https://openai.com/gptbot)"
167.71.23.30 - - [05/Apr/2026:14:57:50 +0200] "POST /wp-login.php HTTP/1.1" 200 53524 "https://tekes.com.sg/wp-login.php" "Mozilla/5.0 (Macintosh; Intel Mac OS X 13_6_1) AppleWebKit/537.36 (KHTML, like Gecko) Chrome/119.0.0.0 Safari/537.36"
167.71.23.30 - - [05/Apr/2026:14:57:52 +0200] "GET /wp-admin/index.php HTTP/1.1" 200 165472 "https://tekes.com.sg/wp-login.php" "Mozilla/5.0 (Macintosh; Intel Mac OS X 13_6_1) AppleWebKit/537.36 (KHTML, like Gecko) Chrome/120.0.0.0 Safari/537.36"
74.7.242.19 - - [05/Apr/2026:14:57:54 +0200] "GET /268006667.htm HTTP/1.1" 200 53525 "https://tekes.com.sg/?sitemap974.xml" "Mozilla/5.0 AppleWebKit/537.36 (KHTML, like Gecko; compatible; GPTBot/1.3; +https://openai.com/gptbot)"
167.71.23.30 - - [05/Apr/2026:14:57:56 +0200] "GET /wp-admin/profile.php HTTP/1.1" 200 165472 "https://tekes.com.sg/wp-login.php" "Mozilla/5.0 (Macintosh; Intel Mac OS X 13_6_1) AppleWebKit/537.36 (KHTML, like Gecko) Chrome/120.0.0.0 Safari/537.36"
74.7.242.19 - - [05/Apr/2026:14:57:57 +0200] "GET /111032038.htm HTTP/1.1" 200 53525 "https://tekes.com.sg/?sitemap29.xml" "Mozilla/5.0 AppleWebKit/537.36 (KHTML, like Gecko; compatible; GPTBot/1.3; +https://openai.com/gptbot)"
167.71.23.30 - - [05/Apr/2026:14:57:57 +0200] "GET /wp-admin/edit.php HTTP/1.1" 200 165472 "https://tekes.com.sg/wp-login.php" "Mozilla/5.0 (Macintosh; Intel Mac OS X 13_6_1) AppleWebKit/537.36 (KHTML, like Gecko) Chrome/120.0.0.0 Safari/537.36"
167.71.23.30 - - [05/Apr/2026:14:57:59 +0200] "GET /wp-admin/plugins.php HTTP/1.1" 200 165472 "https://tekes.com.sg/wp-login.php" "Mozilla/5.0 (Macintosh; Intel Mac OS X 13_6_1) AppleWebKit/537.36 (KHTML, like Gecko) Chrome/120.0.0.0 Safari/537.36"
74.7.242.19 - - [05/Apr/2026:14:58:00 +0200] "GET /021046660.htm?path=/home/tekesnew/public_html HTTP/1.1" 200 53525 "https://tekes.com.sg/021046660.htm" "Mozilla/5.0 AppleWebKit/537.36 (KHTML, like Gecko; compatible; GPTBot/1.3; +https://openai.com/gptbot)"
167.71.23.30 - - [05/Apr/2026:14:58:01 +0200] "POST /wp-login.php HTTP/1.1" 200 53524 "https://tekes.com.sg/wp-login.php" "Mozilla/5.0 (X11; Ubuntu; Linux x86_64) AppleWebKit/537.36 (KHTML, like Gecko) Chrome/119.0.0.0 Safari/537.36"
167.71.23.30 - - [05/Apr/2026:14:58:03 +0200] "GET /wp-admin/index.php HTTP/1.1" 200 165472 "https://tekes.com.sg/wp-login.php" "Mozilla/5.0 (Macintosh; Intel Mac OS X 13_6_1) AppleWebKit/537.36 (KHTML, like Gecko) Chrome/120.0.0.0 Safari/537.36"
74.7.242.19 - - [05/Apr/2026:14:58:03 +0200] "GET /063000928.htm HTTP/1.1" 200 53525 "https://tekes.com.sg/?sitemap783.xml" "Mozilla/5.0 AppleWebKit/537.36 (KHTML, like Gecko; compatible; GPTBot/1.3; +https://openai.com/gptbot)"
167.71.23.30 - - [05/Apr/2026:14:58:04 +0200] "GET /wp-admin/profile.php HTTP/1.1" 200 165472 "https://tekes.com.sg/wp-login.php" "Mozilla/5.0 (Macintosh; Intel Mac OS X 13_6_1) AppleWebKit/537.36 (KHTML, like Gecko) Chrome/120.0.0.0 Safari/537.36"
167.71.23.30 - - [05/Apr/2026:14:58:06 +0200] "GET /wp-admin/edit.php HTTP/1.1" 200 165472 "https://tekes.com.sg/wp-login.php" "Mozilla/5.0 (Macintosh; Intel Mac OS X 13_6_1) AppleWebKit/537.36 (KHTML, like Gecko) Chrome/120.0.0.0 Safari/537.36"
74.7.242.19 - - [05/Apr/2026:14:58:07 +0200] "GET /047000390.htm HTTP/1.1" 200 53525 "https://tekes.com.sg/?sitemap527.xml" "Mozilla/5.0 AppleWebKit/537.36 (KHTML, like Gecko; compatible; GPTBot/1.3; +https://openai.com/gptbot)"
167.71.23.30 - - [05/Apr/2026:14:58:08 +0200] "GET /wp-admin/plugins.php HTTP/1.1" 200 165472 "https://tekes.com.sg/wp-login.php" "Mozilla/5.0 (Macintosh; Intel Mac OS X 13_6_1) AppleWebKit/537.36 (KHTML, like Gecko) Chrome/120.0.0.0 Safari/537.36"
167.71.23.30 - - [05/Apr/2026:14:58:09 +0200] "POST /wp-login.php HTTP/1.1" 200 53524 "https://tekes.com.sg/wp-login.php" "Mozilla/5.0 (X11; Ubuntu; Linux x86_64) AppleWebKit/537.36 (KHTML, like Gecko) Chrome/118.0.0.0 Safari/537.36"
74.7.242.19 - - [05/Apr/2026:14:58:10 +0200] "GET /020004063.htm HTTP/1.1" 200 53525 "https://tekes.com.sg/?sitemap29.xml" "Mozilla/5.0 AppleWebKit/537.36 (KHTML, like Gecko; compatible; GPTBot/1.3; +https://openai.com/gptbot)"
167.71.23.30 - - [05/Apr/2026:14:58:11 +0200] "GET /wp-admin/index.php HTTP/1.1" 200 165472 "https://tekes.com.sg/wp-login.php" "Mozilla/5.0 (Macintosh; Intel Mac OS X 13_6_1) AppleWebKit/605.1.15 (KHTML, like Gecko) Version/16.6 Safari/605.1.15"
167.71.23.30 - - [05/Apr/2026:14:58:12 +0200] "GET /wp-admin/profile.php HTTP/1.1" 200 165472 "https://tekes.com.sg/wp-login.php" "Mozilla/5.0 (Macintosh; Intel Mac OS X 13_6_1) AppleWebKit/605.1.15 (KHTML, like Gecko) Version/16.6 Safari/605.1.15"
74.7.242.19 - - [05/Apr/2026:14:58:13 +0200] "GET /102000439.htm HTTP/1.1" 200 53525 "https://tekes.com.sg/?sitemap961.xml" "Mozilla/5.0 AppleWebKit/537.36 (KHTML, like Gecko; compatible; GPTBot/1.3; +https://openai.com/gptbot)"
167.71.23.30 - - [05/Apr/2026:14:58:14 +0200] "GET /wp-admin/edit.php HTTP/1.1" 200 165472 "https://tekes.com.sg/wp-login.php" "Mozilla/5.0 (Macintosh; Intel Mac OS X 13_6_1) AppleWebKit/605.1.15 (KHTML, like Gecko) Version/16.6 Safari/605.1.15"
167.71.23.30 - - [05/Apr/2026:14:58:16 +0200] "GET /wp-admin/plugins.php HTTP/1.1" 200 165472 "https://tekes.com.sg/wp-login.php" "Mozilla/5.0 (Macintosh; Intel Mac OS X 13_6_1) AppleWebKit/605.1.15 (KHTML, like Gecko) Version/16.6 Safari/605.1.15"
74.7.242.19 - - [05/Apr/2026:14:58:16 +0200] "GET /225000548.htm HTTP/1.1" 200 53525 "https://tekes.com.sg/?sitemap29.xml" "Mozilla/5.0 AppleWebKit/537.36 (KHTML, like Gecko; compatible; GPTBot/1.3; +https://openai.com/gptbot)"
167.71.23.30 - - [05/Apr/2026:14:58:17 +0200] "POST /wp-login.php HTTP/1.1" 200 53524 "https://tekes.com.sg/wp-login.php" "Mozilla/5.0 (Macintosh; Intel Mac OS X 13_6_1; rv:118.0) Gecko/20100101 Firefox/118.0"
167.71.23.30 - - [05/Apr/2026:14:58:19 +0200] "GET /wp-admin/index.php HTTP/1.1" 200 165472 "https://tekes.com.sg/wp-login.php" "Mozilla/5.0 (Windows NT 10.0; Win64; x64) AppleWebKit/537.36 (KHTML, like Gecko) Chrome/120.0.0.0 Safari/537.36"
74.7.242.19 - - [05/Apr/2026:14:58:19 +0200] "GET /300023813.htm?fileloc=/home/tekesnew/public_html/wp-trackback.php&path=/home/tekesnew/public_html HTTP/1.1" 200 17878 "https://tekes.com.sg/300023813.htm" "Mozilla/5.0 AppleWebKit/537.36 (KHTML, like Gecko; compatible; GPTBot/1.3; +https://openai.com/gptbot)"
167.71.23.30 - - [05/Apr/2026:14:58:20 +0200] "GET /wp-admin/profile.php HTTP/1.1" 200 165472 "https://tekes.com.sg/wp-login.php" "Mozilla/5.0 (Windows NT 10.0; Win64; x64) AppleWebKit/537.36 (KHTML, like Gecko) Chrome/120.0.0.0 Safari/537.36"
74.7.242.19 - - [05/Apr/2026:14:58:22 +0200] "GET /300023813.htm?path=/home/tekesnew/public_html HTTP/1.1" 200 53525 "https://tekes.com.sg/300023813.htm" "Mozilla/5.0 AppleWebKit/537.36 (KHTML, like Gecko; compatible; GPTBot/1.3; +https://openai.com/gptbot)"
167.71.23.30 - - [05/Apr/2026:14:58:24 +0200] "GET /wp-admin/edit.php HTTP/1.1" 200 165472 "https://tekes.com.sg/wp-login.php" "Mozilla/5.0 (Windows NT 10.0; Win64; x64) AppleWebKit/537.36 (KHTML, like Gecko) Chrome/120.0.0.0 Safari/537.36"
74.7.242.19 - - [05/Apr/2026:14:58:25 +0200] "GET /180005335.htm HTTP/1.1" 200 53525 "https://tekes.com.sg/?sitemap974.xml" "Mozilla/5.0 AppleWebKit/537.36 (KHTML, like Gecko; compatible; GPTBot/1.3; +https://openai.com/gptbot)"
167.71.23.30 - - [05/Apr/2026:14:58:26 +0200] "GET /wp-admin/plugins.php HTTP/1.1" 200 165472 "https://tekes.com.sg/wp-login.php" "Mozilla/5.0 (Windows NT 10.0; Win64; x64) AppleWebKit/537.36 (KHTML, like Gecko) Chrome/120.0.0.0 Safari/537.36"
167.71.23.30 - - [05/Apr/2026:14:58:28 +0200] "POST /wp-login.php HTTP/1.1" 200 53524 "https://tekes.com.sg/wp-login.php" "Mozilla/5.0 (Macintosh; Intel Mac OS X 13_6_1) AppleWebKit/605.1.15 (KHTML, like Gecko) Version/17.0 Safari/605.1.15"
74.7.242.19 - - [05/Apr/2026:14:58:28 +0200] "GET /268006667.htm?fileloc=/home/tekesnew/public_html/wp-blog-header.php&path=/home/tekesnew/public_html HTTP/1.1" 200 12729 "https://tekes.com.sg/268006667.htm" "Mozilla/5.0 AppleWebKit/537.36 (KHTML, like Gecko; compatible; GPTBot/1.3; +https://openai.com/gptbot)"
167.71.23.30 - - [05/Apr/2026:14:58:29 +0200] "GET /wp-admin/index.php HTTP/1.1" 200 165472 "https://tekes.com.sg/wp-login.php" "Mozilla/5.0 (Macintosh; Intel Mac OS X 10_15_7) AppleWebKit/605.1.15 (KHTML, like Gecko) Version/17.0 Safari/605.1.15"
167.71.23.30 - - [05/Apr/2026:14:58:30 +0200] "GET /wp-admin/profile.php HTTP/1.1" 200 165472 "https://tekes.com.sg/wp-login.php" "Mozilla/5.0 (Macintosh; Intel Mac OS X 10_15_7) AppleWebKit/605.1.15 (KHTML, like Gecko) Version/17.0 Safari/605.1.15"
74.7.242.19 - - [05/Apr/2026:14:58:31 +0200] "GET /268006667.htm?path=/home/tekesnew/public_html HTTP/1.1" 200 53525 "https://tekes.com.sg/268006667.htm" "Mozilla/5.0 AppleWebKit/537.36 (KHTML, like Gecko; compatible; GPTBot/1.3; +https://openai.com/gptbot)"
167.71.23.30 - - [05/Apr/2026:14:58:32 +0200] "GET /wp-admin/edit.php HTTP/1.1" 200 165472 "https://tekes.com.sg/wp-login.php" "Mozilla/5.0 (Macintosh; Intel Mac OS X 10_15_7) AppleWebKit/605.1.15 (KHTML, like Gecko) Version/17.0 Safari/605.1.15"
167.71.23.30 - - [05/Apr/2026:14:58:34 +0200] "GET /wp-admin/plugins.php HTTP/1.1" 200 165472 "https://tekes.com.sg/wp-login.php" "Mozilla/5.0 (Macintosh; Intel Mac OS X 10_15_7) AppleWebKit/605.1.15 (KHTML, like Gecko) Version/17.0 Safari/605.1.15"
74.7.242.19 - - [05/Apr/2026:14:58:34 +0200] "GET /266033305.htm HTTP/1.1" 200 53525 "https://tekes.com.sg/?sitemap961.xml" "Mozilla/5.0 AppleWebKit/537.36 (KHTML, like Gecko; compatible; GPTBot/1.3; +https://openai.com/gptbot)"
167.71.23.30 - - [05/Apr/2026:14:58:35 +0200] "POST /wp-login.php HTTP/1.1" 200 53524 "https://tekes.com.sg/wp-login.php" "Mozilla/5.0 (Macintosh; Intel Mac OS X 13_6_1) AppleWebKit/537.36 (KHTML, like Gecko) Chrome/121.0.0.0 Safari/537.36"
167.71.23.30 - - [05/Apr/2026:14:58:37 +0200] "GET /wp-admin/index.php HTTP/1.1" 200 165472 "https://tekes.com.sg/wp-login.php" "Mozilla/5.0 (Windows NT 10.0; Win64; x64; rv:120.0) Gecko/20100101 Firefox/120.0"
74.7.242.19 - - [05/Apr/2026:14:58:37 +0200] "GET /203043336.htm HTTP/1.1" 200 53525 "https://tekes.com.sg/?sitemap29.xml" "Mozilla/5.0 AppleWebKit/537.36 (KHTML, like Gecko; compatible; GPTBot/1.3; +https://openai.com/gptbot)"
167.71.23.30 - - [05/Apr/2026:14:58:38 +0200] "GET /wp-admin/profile.php HTTP/1.1" 200 165472 "https://tekes.com.sg/wp-login.php" "Mozilla/5.0 (Windows NT 10.0; Win64; x64; rv:120.0) Gecko/20100101 Firefox/120.0"
167.71.23.30 - - [05/Apr/2026:14:58:40 +0200] "GET /wp-admin/edit.php HTTP/1.1" 200 165472 "https://tekes.com.sg/wp-login.php" "Mozilla/5.0 (Windows NT 10.0; Win64; x64; rv:120.0) Gecko/20100101 Firefox/120.0"
74.7.242.19 - - [05/Apr/2026:14:58:41 +0200] "GET /111049464.htm HTTP/1.1" 200 53525 "https://tekes.com.sg/?sitemap974.xml" "Mozilla/5.0 AppleWebKit/537.36 (KHTML, like Gecko; compatible; GPTBot/1.3; +https://openai.com/gptbot)"
167.71.23.30 - - [05/Apr/2026:14:58:41 +0200] "GET /wp-admin/plugins.php HTTP/1.1" 200 165472 "https://tekes.com.sg/wp-login.php" "Mozilla/5.0 (Windows NT 10.0; Win64; x64; rv:120.0) Gecko/20100101 Firefox/120.0"
167.71.23.30 - - [05/Apr/2026:14:58:43 +0200] "POST /wp-login.php HTTP/1.1" 200 53524 "https://tekes.com.sg/wp-login.php" "Mozilla/5.0 (Windows NT 10.0; Win64; x64) AppleWebKit/537.36 (KHTML, like Gecko) Chrome/121.0.0.0 Safari/537.36"
167.71.23.30 - - [05/Apr/2026:14:58:44 +0200] "GET /wp-admin/index.php HTTP/1.1" 200 165472 "https://tekes.com.sg/wp-login.php" "Mozilla/5.0 (Macintosh; Intel Mac OS X 10_15_7; rv:119.0) Gecko/20100101 Firefox/119.0"
74.7.242.19 - - [05/Apr/2026:14:58:44 +0200] "GET /270009203.htm HTTP/1.1" 200 53525 "https://tekes.com.sg/?sitemap974.xml" "Mozilla/5.0 AppleWebKit/537.36 (KHTML, like Gecko; compatible; GPTBot/1.3; +https://openai.com/gptbot)"
167.71.23.30 - - [05/Apr/2026:14:58:45 +0200] "GET /wp-admin/profile.php HTTP/1.1" 200 165472 "https://tekes.com.sg/wp-login.php" "Mozilla/5.0 (Macintosh; Intel Mac OS X 10_15_7; rv:119.0) Gecko/20100101 Firefox/119.0"
167.71.23.30 - - [05/Apr/2026:14:58:47 +0200] "GET /wp-admin/edit.php HTTP/1.1" 200 165472 "https://tekes.com.sg/wp-login.php" "Mozilla/5.0 (Macintosh; Intel Mac OS X 10_15_7; rv:119.0) Gecko/20100101 Firefox/119.0"
74.7.242.19 - - [05/Apr/2026:14:58:47 +0200] "GET /222030439.htm HTTP/1.1" 200 53525 "https://tekes.com.sg/?sitemap29.xml" "Mozilla/5.0 AppleWebKit/537.36 (KHTML, like Gecko; compatible; GPTBot/1.3; +https://openai.com/gptbot)"
167.71.23.30 - - [05/Apr/2026:14:58:48 +0200] "GET /wp-admin/plugins.php HTTP/1.1" 200 165472 "https://tekes.com.sg/wp-login.php" "Mozilla/5.0 (Macintosh; Intel Mac OS X 10_15_7; rv:119.0) Gecko/20100101 Firefox/119.0"
167.71.23.30 - - [05/Apr/2026:14:58:50 +0200] "POST /wp-login.php HTTP/1.1" 200 53524 "https://tekes.com.sg/wp-login.php" "Mozilla/5.0 (Windows NT 10.0; Win64; x64) AppleWebKit/537.36 (KHTML, like Gecko) Chrome/121.0.0.0 Safari/537.36"
74.7.242.19 - - [05/Apr/2026:14:58:50 +0200] "GET /225000548.htm?path=/home/tekesnew/public_html/.well-known HTTP/1.1" 200 15787 "https://tekes.com.sg/225000548.htm" "Mozilla/5.0 AppleWebKit/537.36 (KHTML, like Gecko; compatible; GPTBot/1.3; +https://openai.com/gptbot)"
