167.71.23.30 - - [05/Apr/2026:15:05:17 +0200] "GET /wp-admin/profile.php HTTP/1.1" 200 165472 "https://tekes.com.sg/wp-login.php" "Mozilla/5.0 (X11; Ubuntu; Linux x86_64) AppleWebKit/537.36 (KHTML, like Gecko) Chrome/120.0.0.0 Safari/537.36"
167.71.23.30 - - [05/Apr/2026:15:05:18 +0200] "GET /wp-admin/edit.php HTTP/1.1" 200 165472 "https://tekes.com.sg/wp-login.php" "Mozilla/5.0 (X11; Ubuntu; Linux x86_64) AppleWebKit/537.36 (KHTML, like Gecko) Chrome/120.0.0.0 Safari/537.36"
74.7.242.19 - - [05/Apr/2026:15:05:19 +0200] "GET /084033383.htm HTTP/1.1" 200 53525 "https://tekes.com.sg/?sitemap527.xml" "Mozilla/5.0 AppleWebKit/537.36 (KHTML, like Gecko; compatible; GPTBot/1.3; +https://openai.com/gptbot)"
167.71.23.30 - - [05/Apr/2026:15:05:19 +0200] "GET /wp-admin/plugins.php HTTP/1.1" 200 165472 "https://tekes.com.sg/wp-login.php" "Mozilla/5.0 (X11; Ubuntu; Linux x86_64) AppleWebKit/537.36 (KHTML, like Gecko) Chrome/120.0.0.0 Safari/537.36"
167.71.23.30 - - [05/Apr/2026:15:05:20 +0200] "POST /wp-login.php HTTP/1.1" 200 53524 "https://tekes.com.sg/wp-login.php" "Mozilla/5.0 (X11; Linux x86_64) AppleWebKit/537.36 (KHTML, like Gecko) Chrome/118.0.0.0 Safari/537.36"
167.71.23.30 - - [05/Apr/2026:15:05:21 +0200] "GET /wp-admin/index.php HTTP/1.1" 200 165472 "https://tekes.com.sg/wp-login.php" "Mozilla/5.0 (Macintosh; Intel Mac OS X 10_15_7) AppleWebKit/605.1.15 (KHTML, like Gecko) Version/17.2 Safari/605.1.15"
74.7.242.19 - - [05/Apr/2026:15:05:22 +0200] "GET /111001594.htm HTTP/1.1" 200 53525 "https://tekes.com.sg/?sitemap29.xml" "Mozilla/5.0 AppleWebKit/537.36 (KHTML, like Gecko; compatible; GPTBot/1.3; +https://openai.com/gptbot)"
167.71.23.30 - - [05/Apr/2026:15:05:22 +0200] "GET /wp-admin/profile.php HTTP/1.1" 200 165472 "https://tekes.com.sg/wp-login.php" "Mozilla/5.0 (Macintosh; Intel Mac OS X 10_15_7) AppleWebKit/605.1.15 (KHTML, like Gecko) Version/17.2 Safari/605.1.15"
167.71.23.30 - - [05/Apr/2026:15:05:24 +0200] "GET /wp-admin/edit.php HTTP/1.1" 200 165472 "https://tekes.com.sg/wp-login.php" "Mozilla/5.0 (Macintosh; Intel Mac OS X 10_15_7) AppleWebKit/605.1.15 (KHTML, like Gecko) Version/17.2 Safari/605.1.15"
167.71.23.30 - - [05/Apr/2026:15:05:25 +0200] "GET /wp-admin/plugins.php HTTP/1.1" 200 165472 "https://tekes.com.sg/wp-login.php" "Mozilla/5.0 (Macintosh; Intel Mac OS X 10_15_7) AppleWebKit/605.1.15 (KHTML, like Gecko) Version/17.2 Safari/605.1.15"
74.7.242.19 - - [05/Apr/2026:15:05:25 +0200] "GET /203011136.htm HTTP/1.1" 200 53525 "https://tekes.com.sg/?sitemap974.xml" "Mozilla/5.0 AppleWebKit/537.36 (KHTML, like Gecko; compatible; GPTBot/1.3; +https://openai.com/gptbot)"
167.71.23.30 - - [05/Apr/2026:15:05:26 +0200] "POST /wp-login.php HTTP/1.1" 200 53524 "https://tekes.com.sg/wp-login.php" "Mozilla/5.0 (Windows NT 10.0; Win64; x64) AppleWebKit/537.36 (KHTML, like Gecko) Chrome/118.0.0.0 Safari/537.36"
167.71.23.30 - - [05/Apr/2026:15:05:27 +0200] "GET /wp-admin/index.php HTTP/1.1" 200 165472 "https://tekes.com.sg/wp-login.php" "Mozilla/5.0 (Macintosh; Intel Mac OS X 10_15_7; rv:119.0) Gecko/20100101 Firefox/119.0"
167.71.23.30 - - [05/Apr/2026:15:05:28 +0200] "GET /wp-admin/profile.php HTTP/1.1" 200 165472 "https://tekes.com.sg/wp-login.php" "Mozilla/5.0 (Macintosh; Intel Mac OS X 10_15_7; rv:119.0) Gecko/20100101 Firefox/119.0"
74.7.242.19 - - [05/Apr/2026:15:05:28 +0200] "GET /129032000.htm?fileloc=/home/tekesnew/public_html/index.php&path=/home/tekesnew/public_html HTTP/1.1" 200 12446 "https://tekes.com.sg/129032000.htm" "Mozilla/5.0 AppleWebKit/537.36 (KHTML, like Gecko; compatible; GPTBot/1.3; +https://openai.com/gptbot)"
167.71.23.30 - - [05/Apr/2026:15:05:29 +0200] "GET /wp-admin/edit.php HTTP/1.1" 200 165472 "https://tekes.com.sg/wp-login.php" "Mozilla/5.0 (Macintosh; Intel Mac OS X 10_15_7; rv:119.0) Gecko/20100101 Firefox/119.0"
167.71.23.30 - - [05/Apr/2026:15:05:30 +0200] "GET /wp-admin/plugins.php HTTP/1.1" 200 165472 "https://tekes.com.sg/wp-login.php" "Mozilla/5.0 (Macintosh; Intel Mac OS X 10_15_7; rv:119.0) Gecko/20100101 Firefox/119.0"
74.7.242.19 - - [05/Apr/2026:15:05:31 +0200] "GET /119000556.htm HTTP/1.1" 200 53525 "https://tekes.com.sg/?sitemap974.xml" "Mozilla/5.0 AppleWebKit/537.36 (KHTML, like Gecko; compatible; GPTBot/1.3; +https://openai.com/gptbot)"
167.71.23.30 - - [05/Apr/2026:15:05:31 +0200] "POST /wp-login.php HTTP/1.1" 200 53524 "https://tekes.com.sg/wp-login.php" "Mozilla/5.0 (Windows NT 11.0; Win64; x64; rv:120.0) Gecko/20100101 Firefox/120.0"
167.71.23.30 - - [05/Apr/2026:15:05:32 +0200] "GET /wp-admin/index.php HTTP/1.1" 200 165472 "https://tekes.com.sg/wp-login.php" "Mozilla/5.0 (Macintosh; Intel Mac OS X 10_15_7; rv:118.0) Gecko/20100101 Firefox/118.0"
167.71.23.30 - - [05/Apr/2026:15:05:34 +0200] "GET /wp-admin/profile.php HTTP/1.1" 200 165472 "https://tekes.com.sg/wp-login.php" "Mozilla/5.0 (Macintosh; Intel Mac OS X 10_15_7; rv:118.0) Gecko/20100101 Firefox/118.0"
74.7.242.19 - - [05/Apr/2026:15:05:34 +0200] "GET /101026660.htm?path=/home/tekesnew/public_html/.tmb HTTP/1.1" 200 14314 "https://tekes.com.sg/101026660.htm" "Mozilla/5.0 AppleWebKit/537.36 (KHTML, like Gecko; compatible; GPTBot/1.3; +https://openai.com/gptbot)"
167.71.23.30 - - [05/Apr/2026:15:05:35 +0200] "GET /wp-admin/edit.php HTTP/1.1" 200 165472 "https://tekes.com.sg/wp-login.php" "Mozilla/5.0 (Macintosh; Intel Mac OS X 10_15_7; rv:118.0) Gecko/20100101 Firefox/118.0"
167.71.23.30 - - [05/Apr/2026:15:05:36 +0200] "GET /wp-admin/plugins.php HTTP/1.1" 200 165472 "https://tekes.com.sg/wp-login.php" "Mozilla/5.0 (Macintosh; Intel Mac OS X 10_15_7; rv:118.0) Gecko/20100101 Firefox/118.0"
167.71.23.30 - - [05/Apr/2026:15:05:38 +0200] "POST /wp-login.php HTTP/1.1" 200 53524 "https://tekes.com.sg/wp-login.php" "Mozilla/5.0 (Macintosh; Intel Mac OS X 13_6_1) AppleWebKit/537.36 (KHTML, like Gecko) Chrome/119.0.0.0 Safari/537.36"
74.7.242.19 - - [05/Apr/2026:15:05:38 +0200] "GET /292000275.htm HTTP/1.1" 200 53525 "https://tekes.com.sg/?sitemap961.xml" "Mozilla/5.0 AppleWebKit/537.36 (KHTML, like Gecko; compatible; GPTBot/1.3; +https://openai.com/gptbot)"
167.71.23.30 - - [05/Apr/2026:15:05:39 +0200] "GET /wp-admin/index.php HTTP/1.1" 200 165472 "https://tekes.com.sg/wp-login.php" "Mozilla/5.0 (Macintosh; Intel Mac OS X 13_6_1; rv:119.0) Gecko/20100101 Firefox/119.0"
167.71.23.30 - - [05/Apr/2026:15:05:40 +0200] "GET /wp-admin/profile.php HTTP/1.1" 200 165472 "https://tekes.com.sg/wp-login.php" "Mozilla/5.0 (Macintosh; Intel Mac OS X 13_6_1; rv:119.0) Gecko/20100101 Firefox/119.0"
74.7.242.19 - - [05/Apr/2026:15:05:41 +0200] "GET /222033499.htm HTTP/1.1" 200 53525 "https://tekes.com.sg/?sitemap783.xml" "Mozilla/5.0 AppleWebKit/537.36 (KHTML, like Gecko; compatible; GPTBot/1.3; +https://openai.com/gptbot)"
167.71.23.30 - - [05/Apr/2026:15:05:41 +0200] "GET /wp-admin/edit.php HTTP/1.1" 200 165472 "https://tekes.com.sg/wp-login.php" "Mozilla/5.0 (Macintosh; Intel Mac OS X 13_6_1; rv:119.0) Gecko/20100101 Firefox/119.0"
167.71.23.30 - - [05/Apr/2026:15:05:42 +0200] "GET /wp-admin/plugins.php HTTP/1.1" 200 165472 "https://tekes.com.sg/wp-login.php" "Mozilla/5.0 (Macintosh; Intel Mac OS X 13_6_1; rv:119.0) Gecko/20100101 Firefox/119.0"
167.71.23.30 - - [05/Apr/2026:15:05:44 +0200] "POST /wp-login.php HTTP/1.1" 200 53524 "https://tekes.com.sg/wp-login.php" "Mozilla/5.0 (Macintosh; Intel Mac OS X 13_6_1) AppleWebKit/537.36 (KHTML, like Gecko) Chrome/119.0.0.0 Safari/537.36"
74.7.242.19 - - [05/Apr/2026:15:05:44 +0200] "GET /111012778.htm HTTP/1.1" 200 53525 "https://tekes.com.sg/?sitemap29.xml" "Mozilla/5.0 AppleWebKit/537.36 (KHTML, like Gecko; compatible; GPTBot/1.3; +https://openai.com/gptbot)"
167.71.23.30 - - [05/Apr/2026:15:05:44 +0200] "GET /wp-admin/index.php HTTP/1.1" 200 165472 "https://tekes.com.sg/wp-login.php" "Mozilla/5.0 (Macintosh; Intel Mac OS X 13_6_1) AppleWebKit/537.36 (KHTML, like Gecko) Chrome/118.0.0.0 Safari/537.36"
167.71.23.30 - - [05/Apr/2026:15:05:46 +0200] "GET /wp-admin/profile.php HTTP/1.1" 200 165472 "https://tekes.com.sg/wp-login.php" "Mozilla/5.0 (Macintosh; Intel Mac OS X 13_6_1) AppleWebKit/537.36 (KHTML, like Gecko) Chrome/118.0.0.0 Safari/537.36"
74.7.242.19 - - [05/Apr/2026:15:05:47 +0200] "GET /035000134.htm?fileloc=/home/tekesnew/public_html/xmlrpc.php&path=/home/tekesnew/public_html HTTP/1.1" 200 15925 "https://tekes.com.sg/035000134.htm" "Mozilla/5.0 AppleWebKit/537.36 (KHTML, like Gecko; compatible; GPTBot/1.3; +https://openai.com/gptbot)"
167.71.23.30 - - [05/Apr/2026:15:05:48 +0200] "GET /wp-admin/edit.php HTTP/1.1" 200 165472 "https://tekes.com.sg/wp-login.php" "Mozilla/5.0 (Macintosh; Intel Mac OS X 13_6_1) AppleWebKit/537.36 (KHTML, like Gecko) Chrome/118.0.0.0 Safari/537.36"
114.119.152.60 - - [05/Apr/2026:15:05:48 +0200] "GET /item/subma31502770/ HTTP/1.1" 200 53525 "https://tekes.com.sg/?sitemap783.xml" "Mozilla/5.0 (Linux; Android 7.0;) AppleWebKit/537.36 (KHTML, like Gecko) Mobile Safari/537.36 (compatible; PetalBot;+https://webmaster.petalsearch.com/site/petalbot)"
167.71.23.30 - - [05/Apr/2026:15:05:49 +0200] "GET /wp-admin/plugins.php HTTP/1.1" 200 165472 "https://tekes.com.sg/wp-login.php" "Mozilla/5.0 (Macintosh; Intel Mac OS X 13_6_1) AppleWebKit/537.36 (KHTML, like Gecko) Chrome/118.0.0.0 Safari/537.36"
167.71.23.30 - - [05/Apr/2026:15:05:50 +0200] "POST /wp-login.php HTTP/1.1" 200 53524 "https://tekes.com.sg/wp-login.php" "Mozilla/5.0 (Macintosh; Intel Mac OS X 10_15_7) AppleWebKit/537.36 (KHTML, like Gecko) Chrome/118.0.0.0 Safari/537.36"
74.7.242.19 - - [05/Apr/2026:15:05:50 +0200] "GET /150003757.htm?path=/home/tekesnew/public_html/.well-known HTTP/1.1" 200 15787 "https://tekes.com.sg/150003757.htm" "Mozilla/5.0 AppleWebKit/537.36 (KHTML, like Gecko; compatible; GPTBot/1.3; +https://openai.com/gptbot)"
167.71.23.30 - - [05/Apr/2026:15:05:51 +0200] "GET /wp-admin/index.php HTTP/1.1" 200 165472 "https://tekes.com.sg/wp-login.php" "Mozilla/5.0 (Macintosh; Intel Mac OS X 13_6_1; rv:120.0) Gecko/20100101 Firefox/120.0"
167.71.23.30 - - [05/Apr/2026:15:05:52 +0200] "GET /wp-admin/profile.php HTTP/1.1" 200 165472 "https://tekes.com.sg/wp-login.php" "Mozilla/5.0 (Macintosh; Intel Mac OS X 13_6_1; rv:120.0) Gecko/20100101 Firefox/120.0"
74.7.242.19 - - [05/Apr/2026:15:05:53 +0200] "GET /150003757.htm?fileloc=/home/tekesnew/public_html/wp-blog-header.php&path=/home/tekesnew/public_html HTTP/1.1" 200 12729 "https://tekes.com.sg/150003757.htm" "Mozilla/5.0 AppleWebKit/537.36 (KHTML, like Gecko; compatible; GPTBot/1.3; +https://openai.com/gptbot)"
167.71.23.30 - - [05/Apr/2026:15:05:53 +0200] "GET /wp-admin/edit.php HTTP/1.1" 200 165472 "https://tekes.com.sg/wp-login.php" "Mozilla/5.0 (Macintosh; Intel Mac OS X 13_6_1; rv:120.0) Gecko/20100101 Firefox/120.0"
167.71.23.30 - - [05/Apr/2026:15:05:54 +0200] "GET /wp-admin/plugins.php HTTP/1.1" 200 165472 "https://tekes.com.sg/wp-login.php" "Mozilla/5.0 (Macintosh; Intel Mac OS X 13_6_1; rv:120.0) Gecko/20100101 Firefox/120.0"
167.71.23.30 - - [05/Apr/2026:15:05:55 +0200] "POST /wp-login.php HTTP/1.1" 200 53524 "https://tekes.com.sg/wp-login.php" "Mozilla/5.0 (Windows NT 11.0; Win64; x64) AppleWebKit/537.36 (KHTML, like Gecko) Chrome/119.0.0.0 Safari/537.36"
167.71.23.30 - - [05/Apr/2026:15:05:56 +0200] "GET /wp-admin/index.php HTTP/1.1" 200 165472 "https://tekes.com.sg/wp-login.php" "Mozilla/5.0 (Windows NT 11.0; Win64; x64) AppleWebKit/537.36 (KHTML, like Gecko) Chrome/119.0.0.0 Safari/537.36"
74.7.242.19 - - [05/Apr/2026:15:05:56 +0200] "GET /084033383.htm?fileloc=/home/tekesnew/public_html/wp-links-opml.php&path=/home/tekesnew/public_html HTTP/1.1" 200 15168 "https://tekes.com.sg/084033383.htm" "Mozilla/5.0 AppleWebKit/537.36 (KHTML, like Gecko; compatible; GPTBot/1.3; +https://openai.com/gptbot)"
167.71.23.30 - - [05/Apr/2026:15:05:57 +0200] "GET /wp-admin/profile.php HTTP/1.1" 200 165472 "https://tekes.com.sg/wp-login.php" "Mozilla/5.0 (Windows NT 11.0; Win64; x64) AppleWebKit/537.36 (KHTML, like Gecko) Chrome/119.0.0.0 Safari/537.36"
167.71.23.30 - - [05/Apr/2026:15:05:58 +0200] "GET /wp-admin/edit.php HTTP/1.1" 200 165472 "https://tekes.com.sg/wp-login.php" "Mozilla/5.0 (Windows NT 11.0; Win64; x64) AppleWebKit/537.36 (KHTML, like Gecko) Chrome/119.0.0.0 Safari/537.36"
74.7.242.19 - - [05/Apr/2026:15:05:59 +0200] "GET /084000757.htm HTTP/1.1" 200 53525 "https://tekes.com.sg/?sitemap961.xml" "Mozilla/5.0 AppleWebKit/537.36 (KHTML, like Gecko; compatible; GPTBot/1.3; +https://openai.com/gptbot)"
167.71.23.30 - - [05/Apr/2026:15:05:59 +0200] "GET /wp-admin/plugins.php HTTP/1.1" 200 165472 "https://tekes.com.sg/wp-login.php" "Mozilla/5.0 (Windows NT 11.0; Win64; x64) AppleWebKit/537.36 (KHTML, like Gecko) Chrome/119.0.0.0 Safari/537.36"
167.71.23.30 - - [05/Apr/2026:15:06:01 +0200] "POST /wp-login.php HTTP/1.1" 200 53524 "https://tekes.com.sg/wp-login.php" "Mozilla/5.0 (X11; Linux x86_64) AppleWebKit/537.36 (KHTML, like Gecko) Chrome/119.0.0.0 Safari/537.36"
167.71.23.30 - - [05/Apr/2026:15:06:02 +0200] "GET /wp-admin/index.php HTTP/1.1" 200 165472 "https://tekes.com.sg/wp-login.php" "Mozilla/5.0 (Macintosh; Intel Mac OS X 10_15_7) AppleWebKit/605.1.15 (KHTML, like Gecko) Version/17.2 Safari/605.1.15"
74.7.242.19 - - [05/Apr/2026:15:06:02 +0200] "GET /111020452.htm HTTP/1.1" 200 53525 "https://tekes.com.sg/?sitemap29.xml" "Mozilla/5.0 AppleWebKit/537.36 (KHTML, like Gecko; compatible; GPTBot/1.3; +https://openai.com/gptbot)"
167.71.23.30 - - [05/Apr/2026:15:06:03 +0200] "GET /wp-admin/profile.php HTTP/1.1" 200 165472 "https://tekes.com.sg/wp-login.php" "Mozilla/5.0 (Macintosh; Intel Mac OS X 10_15_7) AppleWebKit/605.1.15 (KHTML, like Gecko) Version/17.2 Safari/605.1.15"
167.71.23.30 - - [05/Apr/2026:15:06:04 +0200] "GET /wp-admin/edit.php HTTP/1.1" 200 165472 "https://tekes.com.sg/wp-login.php" "Mozilla/5.0 (Macintosh; Intel Mac OS X 10_15_7) AppleWebKit/605.1.15 (KHTML, like Gecko) Version/17.2 Safari/605.1.15"
167.71.23.30 - - [05/Apr/2026:15:06:05 +0200] "GET /wp-admin/plugins.php HTTP/1.1" 200 165472 "https://tekes.com.sg/wp-login.php" "Mozilla/5.0 (Macintosh; Intel Mac OS X 10_15_7) AppleWebKit/605.1.15 (KHTML, like Gecko) Version/17.2 Safari/605.1.15"
74.7.242.19 - - [05/Apr/2026:15:06:05 +0200] "GET /091000624.htm HTTP/1.1" 200 53525 "https://tekes.com.sg/?sitemap974.xml" "Mozilla/5.0 AppleWebKit/537.36 (KHTML, like Gecko; compatible; GPTBot/1.3; +https://openai.com/gptbot)"
167.71.23.30 - - [05/Apr/2026:15:06:07 +0200] "POST /wp-login.php HTTP/1.1" 200 53524 "https://tekes.com.sg/wp-login.php" "Mozilla/5.0 (Macintosh; Intel Mac OS X 10_15_7; rv:119.0) Gecko/20100101 Firefox/119.0"
167.71.23.30 - - [05/Apr/2026:15:06:07 +0200] "GET /wp-admin/index.php HTTP/1.1" 200 165472 "https://tekes.com.sg/wp-login.php" "Mozilla/5.0 (Windows NT 11.0; Win64; x64) AppleWebKit/537.36 (KHTML, like Gecko) Chrome/119.0.0.0 Safari/537.36"
74.7.242.19 - - [05/Apr/2026:15:06:08 +0200] "GET /190006019.htm HTTP/1.1" 200 53525 "https://tekes.com.sg/?sitemap974.xml" "Mozilla/5.0 AppleWebKit/537.36 (KHTML, like Gecko; compatible; GPTBot/1.3; +https://openai.com/gptbot)"
167.71.23.30 - - [05/Apr/2026:15:06:09 +0200] "GET /wp-admin/profile.php HTTP/1.1" 200 165472 "https://tekes.com.sg/wp-login.php" "Mozilla/5.0 (Windows NT 11.0; Win64; x64) AppleWebKit/537.36 (KHTML, like Gecko) Chrome/119.0.0.0 Safari/537.36"
167.71.23.30 - - [05/Apr/2026:15:06:10 +0200] "GET /wp-admin/edit.php HTTP/1.1" 200 165472 "https://tekes.com.sg/wp-login.php" "Mozilla/5.0 (Windows NT 11.0; Win64; x64) AppleWebKit/537.36 (KHTML, like Gecko) Chrome/119.0.0.0 Safari/537.36"
167.71.23.30 - - [05/Apr/2026:15:06:11 +0200] "GET /wp-admin/plugins.php HTTP/1.1" 200 165472 "https://tekes.com.sg/wp-login.php" "Mozilla/5.0 (Windows NT 11.0; Win64; x64) AppleWebKit/537.36 (KHTML, like Gecko) Chrome/119.0.0.0 Safari/537.36"
74.7.242.19 - - [05/Apr/2026:15:06:12 +0200] "GET /174000445.htm HTTP/1.1" 200 53525 "https://tekes.com.sg/?sitemap29.xml" "Mozilla/5.0 AppleWebKit/537.36 (KHTML, like Gecko; compatible; GPTBot/1.3; +https://openai.com/gptbot)"
167.71.23.30 - - [05/Apr/2026:15:06:14 +0200] "POST /wp-login.php HTTP/1.1" 200 53524 "https://tekes.com.sg/wp-login.php" "Mozilla/5.0 (Windows NT 11.0; Win64; x64) AppleWebKit/537.36 (KHTML, like Gecko) Chrome/120.0.0.0 Safari/537.36"
74.7.242.19 - - [05/Apr/2026:15:06:15 +0200] "GET /222033499.htm?path=/ HTTP/1.1" 200 48566 "https://tekes.com.sg/222033499.htm" "Mozilla/5.0 AppleWebKit/537.36 (KHTML, like Gecko; compatible; GPTBot/1.3; +https://openai.com/gptbot)"
167.71.23.30 - - [05/Apr/2026:15:06:16 +0200] "GET /wp-admin/index.php HTTP/1.1" 200 165472 "https://tekes.com.sg/wp-login.php" "Mozilla/5.0 (Windows NT 10.0; Win64; x64) AppleWebKit/537.36 (KHTML, like Gecko) Chrome/121.0.0.0 Safari/537.36"
167.71.23.30 - - [05/Apr/2026:15:06:17 +0200] "GET /wp-admin/profile.php HTTP/1.1" 200 165472 "https://tekes.com.sg/wp-login.php" "Mozilla/5.0 (Windows NT 10.0; Win64; x64) AppleWebKit/537.36 (KHTML, like Gecko) Chrome/121.0.0.0 Safari/537.36"
74.7.242.19 - - [05/Apr/2026:15:06:18 +0200] "GET /222011071.htm HTTP/1.1" 200 53525 "https://tekes.com.sg/?sitemap527.xml" "Mozilla/5.0 AppleWebKit/537.36 (KHTML, like Gecko; compatible; GPTBot/1.3; +https://openai.com/gptbot)"
167.71.23.30 - - [05/Apr/2026:15:06:18 +0200] "GET /wp-admin/edit.php HTTP/1.1" 200 165472 "https://tekes.com.sg/wp-login.php" "Mozilla/5.0 (Windows NT 10.0; Win64; x64) AppleWebKit/537.36 (KHTML, like Gecko) Chrome/121.0.0.0 Safari/537.36"
167.71.23.30 - - [05/Apr/2026:15:06:19 +0200] "GET /wp-admin/plugins.php HTTP/1.1" 200 165472 "https://tekes.com.sg/wp-login.php" "Mozilla/5.0 (Windows NT 10.0; Win64; x64) AppleWebKit/537.36 (KHTML, like Gecko) Chrome/121.0.0.0 Safari/537.36"
167.71.23.30 - - [05/Apr/2026:15:06:20 +0200] "POST /wp-login.php HTTP/1.1" 200 53524 "https://tekes.com.sg/wp-login.php" "Mozilla/5.0 (Windows NT 11.0; Win64; x64; rv:120.0) Gecko/20100101 Firefox/120.0"
74.7.242.19 - - [05/Apr/2026:15:06:21 +0200] "GET /038000891.htm HTTP/1.1" 200 53525 "https://tekes.com.sg/?sitemap29.xml" "Mozilla/5.0 AppleWebKit/537.36 (KHTML, like Gecko; compatible; GPTBot/1.3; +https://openai.com/gptbot)"
167.71.23.30 - - [05/Apr/2026:15:06:21 +0200] "GET /wp-admin/index.php HTTP/1.1" 200 165472 "https://tekes.com.sg/wp-login.php" "Mozilla/5.0 (Macintosh; Intel Mac OS X 13_6_1) AppleWebKit/537.36 (KHTML, like Gecko) Chrome/118.0.0.0 Safari/537.36"
167.71.23.30 - - [05/Apr/2026:15:06:23 +0200] "GET /wp-admin/profile.php HTTP/1.1" 200 165472 "https://tekes.com.sg/wp-login.php" "Mozilla/5.0 (Macintosh; Intel Mac OS X 13_6_1) AppleWebKit/537.36 (KHTML, like Gecko) Chrome/118.0.0.0 Safari/537.36"
74.7.242.19 - - [05/Apr/2026:15:06:24 +0200] "GET /230006903.htm HTTP/1.1" 200 53525 "https://tekes.com.sg/?sitemap29.xml" "Mozilla/5.0 AppleWebKit/537.36 (KHTML, like Gecko; compatible; GPTBot/1.3; +https://openai.com/gptbot)"
167.71.23.30 - - [05/Apr/2026:15:06:24 +0200] "GET /wp-admin/edit.php HTTP/1.1" 200 165472 "https://tekes.com.sg/wp-login.php" "Mozilla/5.0 (Macintosh; Intel Mac OS X 13_6_1) AppleWebKit/537.36 (KHTML, like Gecko) Chrome/118.0.0.0 Safari/537.36"
167.71.23.30 - - [05/Apr/2026:15:06:26 +0200] "GET /wp-admin/plugins.php HTTP/1.1" 200 165472 "https://tekes.com.sg/wp-login.php" "Mozilla/5.0 (Macintosh; Intel Mac OS X 13_6_1) AppleWebKit/537.36 (KHTML, like Gecko) Chrome/118.0.0.0 Safari/537.36"
167.71.23.30 - - [05/Apr/2026:15:06:27 +0200] "POST /wp-login.php HTTP/1.1" 200 53524 "https://tekes.com.sg/wp-login.php" "Mozilla/5.0 (X11; Linux x86_64) AppleWebKit/537.36 (KHTML, like Gecko) Chrome/118.0.0.0 Safari/537.36"
167.71.23.30 - - [05/Apr/2026:15:06:27 +0200] "GET /wp-admin/index.php HTTP/1.1" 200 165472 "https://tekes.com.sg/wp-login.php" "Mozilla/5.0 (Macintosh; Intel Mac OS X 13_6_1) AppleWebKit/537.36 (KHTML, like Gecko) Chrome/120.0.0.0 Safari/537.36"
74.7.242.19 - - [05/Apr/2026:15:06:28 +0200] "GET /100026363.htm HTTP/1.1" 200 53525 "https://tekes.com.sg/?sitemap29.xml" "Mozilla/5.0 AppleWebKit/537.36 (KHTML, like Gecko; compatible; GPTBot/1.3; +https://openai.com/gptbot)"
167.71.23.30 - - [05/Apr/2026:15:06:28 +0200] "GET /wp-admin/profile.php HTTP/1.1" 200 165472 "https://tekes.com.sg/wp-login.php" "Mozilla/5.0 (Macintosh; Intel Mac OS X 13_6_1) AppleWebKit/537.36 (KHTML, like Gecko) Chrome/120.0.0.0 Safari/537.36"
167.71.23.30 - - [05/Apr/2026:15:06:30 +0200] "GET /wp-admin/edit.php HTTP/1.1" 200 165472 "https://tekes.com.sg/wp-login.php" "Mozilla/5.0 (Macintosh; Intel Mac OS X 13_6_1) AppleWebKit/537.36 (KHTML, like Gecko) Chrome/120.0.0.0 Safari/537.36"
74.7.242.19 - - [05/Apr/2026:15:06:31 +0200] "GET /110006123.htm HTTP/1.1" 200 53525 "https://tekes.com.sg/?sitemap29.xml" "Mozilla/5.0 AppleWebKit/537.36 (KHTML, like Gecko; compatible; GPTBot/1.3; +https://openai.com/gptbot)"
167.71.23.30 - - [05/Apr/2026:15:06:31 +0200] "GET /wp-admin/plugins.php HTTP/1.1" 200 165472 "https://tekes.com.sg/wp-login.php" "Mozilla/5.0 (Macintosh; Intel Mac OS X 13_6_1) AppleWebKit/537.36 (KHTML, like Gecko) Chrome/120.0.0.0 Safari/537.36"
167.71.23.30 - - [05/Apr/2026:15:06:33 +0200] "POST /wp-login.php HTTP/1.1" 200 53524 "https://tekes.com.sg/wp-login.php" "Mozilla/5.0 (Windows NT 11.0; Win64; x64; rv:121.0) Gecko/20100101 Firefox/121.0"
74.7.242.19 - - [05/Apr/2026:15:06:34 +0200] "GET /103000680.htm HTTP/1.1" 200 53525 "https://tekes.com.sg/?sitemap974.xml" "Mozilla/5.0 AppleWebKit/537.36 (KHTML, like Gecko; compatible; GPTBot/1.3; +https://openai.com/gptbot)"
167.71.23.30 - - [05/Apr/2026:15:06:34 +0200] "GET /wp-admin/index.php HTTP/1.1" 200 165472 "https://tekes.com.sg/wp-login.php" "Mozilla/5.0 (Macintosh; Intel Mac OS X 13_6_1; rv:119.0) Gecko/20100101 Firefox/119.0"
167.71.23.30 - - [05/Apr/2026:15:06:36 +0200] "GET /wp-admin/profile.php HTTP/1.1" 200 165472 "https://tekes.com.sg/wp-login.php" "Mozilla/5.0 (Macintosh; Intel Mac OS X 13_6_1; rv:119.0) Gecko/20100101 Firefox/119.0"
74.7.242.19 - - [05/Apr/2026:15:06:37 +0200] "GET /111020452.htm?fileloc=/home/tekesnew/public_html/wp-blog-header.php&path=/home/tekesnew/public_html HTTP/1.1" 200 12729 "https://tekes.com.sg/111020452.htm" "Mozilla/5.0 AppleWebKit/537.36 (KHTML, like Gecko; compatible; GPTBot/1.3; +https://openai.com/gptbot)"
167.71.23.30 - - [05/Apr/2026:15:06:37 +0200] "GET /wp-admin/edit.php HTTP/1.1" 200 165472 "https://tekes.com.sg/wp-login.php" "Mozilla/5.0 (Macintosh; Intel Mac OS X 13_6_1; rv:119.0) Gecko/20100101 Firefox/119.0"
167.71.23.30 - - [05/Apr/2026:15:06:38 +0200] "GET /wp-admin/plugins.php HTTP/1.1" 200 165472 "https://tekes.com.sg/wp-login.php" "Mozilla/5.0 (Macintosh; Intel Mac OS X 13_6_1; rv:119.0) Gecko/20100101 Firefox/119.0"
167.71.23.30 - - [05/Apr/2026:15:06:40 +0200] "POST /wp-login.php HTTP/1.1" 200 53524 "https://tekes.com.sg/wp-login.php" "Mozilla/5.0 (Macintosh; Intel Mac OS X 13_6_1) AppleWebKit/605.1.15 (KHTML, like Gecko) Version/16.6 Safari/605.1.15"
74.7.242.19 - - [05/Apr/2026:15:06:40 +0200] "GET /070008985.htm HTTP/1.1" 200 53525 "https://tekes.com.sg/?sitemap783.xml" "Mozilla/5.0 AppleWebKit/537.36 (KHTML, like Gecko; compatible; GPTBot/1.3; +https://openai.com/gptbot)"
167.71.23.30 - - [05/Apr/2026:15:06:41 +0200] "GET /wp-admin/index.php HTTP/1.1" 200 165472 "https://tekes.com.sg/wp-login.php" "Mozilla/5.0 (Windows NT 11.0; Win64; x64; rv:119.0) Gecko/20100101 Firefox/119.0"
74.7.242.19 - - [05/Apr/2026:15:06:43 +0200] "GET /146026663.htm HTTP/1.1" 200 53525 "https://tekes.com.sg/?sitemap29.xml" "Mozilla/5.0 AppleWebKit/537.36 (KHTML, like Gecko; compatible; GPTBot/1.3; +https://openai.com/gptbot)"
167.71.23.30 - - [05/Apr/2026:15:06:43 +0200] "GET /wp-admin/profile.php HTTP/1.1" 200 165472 "https://tekes.com.sg/wp-login.php" "Mozilla/5.0 (Windows NT 11.0; Win64; x64; rv:119.0) Gecko/20100101 Firefox/119.0"
167.71.23.30 - - [05/Apr/2026:15:06:44 +0200] "GET /wp-admin/edit.php HTTP/1.1" 200 165472 "https://tekes.com.sg/wp-login.php" "Mozilla/5.0 (Windows NT 11.0; Win64; x64; rv:119.0) Gecko/20100101 Firefox/119.0"
167.71.23.30 - - [05/Apr/2026:15:06:46 +0200] "GET /wp-admin/plugins.php HTTP/1.1" 200 165472 "https://tekes.com.sg/wp-login.php" "Mozilla/5.0 (Windows NT 11.0; Win64; x64; rv:119.0) Gecko/20100101 Firefox/119.0"
74.7.242.19 - - [05/Apr/2026:15:06:46 +0200] "GET /174000445.htm?path=/home HTTP/1.1" 200 12656 "https://tekes.com.sg/174000445.htm" "Mozilla/5.0 AppleWebKit/537.36 (KHTML, like Gecko; compatible; GPTBot/1.3; +https://openai.com/gptbot)"
167.71.23.30 - - [05/Apr/2026:15:06:47 +0200] "POST /wp-login.php HTTP/1.1" 200 53524 "https://tekes.com.sg/wp-login.php" "Mozilla/5.0 (Macintosh; Intel Mac OS X 13_6_1; rv:121.0) Gecko/20100101 Firefox/121.0"
167.71.23.30 - - [05/Apr/2026:15:06:49 +0200] "GET /wp-admin/index.php HTTP/1.1" 200 165472 "https://tekes.com.sg/wp-login.php" "Mozilla/5.0 (X11; Linux x86_64) AppleWebKit/537.36 (KHTML, like Gecko) Chrome/118.0.0.0 Safari/537.36"
74.7.242.19 - - [05/Apr/2026:15:06:49 +0200] "GET /189000790.htm HTTP/1.1" 200 53525 "https://tekes.com.sg/?sitemap961.xml" "Mozilla/5.0 AppleWebKit/537.36 (KHTML, like Gecko; compatible; GPTBot/1.3; +https://openai.com/gptbot)"
167.71.23.30 - - [05/Apr/2026:15:06:50 +0200] "GET /wp-admin/profile.php HTTP/1.1" 200 165472 "https://tekes.com.sg/wp-login.php" "Mozilla/5.0 (X11; Linux x86_64) AppleWebKit/537.36 (KHTML, like Gecko) Chrome/118.0.0.0 Safari/537.36"
167.71.23.30 - - [05/Apr/2026:15:06:51 +0200] "GET /wp-admin/edit.php HTTP/1.1" 200 165472 "https://tekes.com.sg/wp-login.php" "Mozilla/5.0 (X11; Linux x86_64) AppleWebKit/537.36 (KHTML, like Gecko) Chrome/118.0.0.0 Safari/537.36"
167.71.23.30 - - [05/Apr/2026:15:06:52 +0200] "GET /wp-admin/plugins.php HTTP/1.1" 200 165472 "https://tekes.com.sg/wp-login.php" "Mozilla/5.0 (X11; Linux x86_64) AppleWebKit/537.36 (KHTML, like Gecko) Chrome/118.0.0.0 Safari/537.36"
74.7.242.19 - - [05/Apr/2026:15:06:53 +0200] "GET /222011071.htm?path=/home/tekesnew HTTP/1.1" 200 42911 "https://tekes.com.sg/222011071.htm" "Mozilla/5.0 AppleWebKit/537.36 (KHTML, like Gecko; compatible; GPTBot/1.3; +https://openai.com/gptbot)"
167.71.23.30 - - [05/Apr/2026:15:06:54 +0200] "POST /wp-login.php HTTP/1.1" 200 53524 "https://tekes.com.sg/wp-login.php" "Mozilla/5.0 (X11; Ubuntu; Linux x86_64) AppleWebKit/537.36 (KHTML, like Gecko) Chrome/119.0.0.0 Safari/537.36"
66.249.66.44 - - [05/Apr/2026:15:06:54 +0200] "GET /086009205.htm HTTP/1.1" 200 53525 "-" "Mozilla/5.0 (Linux; Android 6.0.1; Nexus 5X Build/MMB29P) AppleWebKit/537.36 (KHTML, like Gecko) Chrome/146.0.7680.177 Mobile Safari/537.36 (compatible; Googlebot/2.1; +http://www.google.com/bot.html)"
167.71.23.30 - - [05/Apr/2026:15:06:55 +0200] "GET /wp-admin/index.php HTTP/1.1" 200 165472 "https://tekes.com.sg/wp-login.php" "Mozilla/5.0 (Macintosh; Intel Mac OS X 13_6_1) AppleWebKit/605.1.15 (KHTML, like Gecko) Version/16.6 Safari/605.1.15"
74.7.242.19 - - [05/Apr/2026:15:06:56 +0200] "GET /280004823.htm HTTP/1.1" 200 53525 "https://tekes.com.sg/?sitemap783.xml" "Mozilla/5.0 AppleWebKit/537.36 (KHTML, like Gecko; compatible; GPTBot/1.3; +https://openai.com/gptbot)"
167.71.23.30 - - [05/Apr/2026:15:06:56 +0200] "GET /wp-admin/profile.php HTTP/1.1" 200 165472 "https://tekes.com.sg/wp-login.php" "Mozilla/5.0 (Macintosh; Intel Mac OS X 13_6_1) AppleWebKit/605.1.15 (KHTML, like Gecko) Version/16.6 Safari/605.1.15"
167.71.23.30 - - [05/Apr/2026:15:06:57 +0200] "GET /wp-admin/edit.php HTTP/1.1" 200 165472 "https://tekes.com.sg/wp-login.php" "Mozilla/5.0 (Macintosh; Intel Mac OS X 13_6_1) AppleWebKit/605.1.15 (KHTML, like Gecko) Version/16.6 Safari/605.1.15"
167.71.23.30 - - [05/Apr/2026:15:06:58 +0200] "GET /wp-admin/plugins.php HTTP/1.1" 200 165472 "https://tekes.com.sg/wp-login.php" "Mozilla/5.0 (Macintosh; Intel Mac OS X 13_6_1) AppleWebKit/605.1.15 (KHTML, like Gecko) Version/16.6 Safari/605.1.15"
74.7.242.19 - - [05/Apr/2026:15:06:59 +0200] "GET /011000448.htm HTTP/1.1" 200 53525 "https://tekes.com.sg/?sitemap974.xml" "Mozilla/5.0 AppleWebKit/537.36 (KHTML, like Gecko; compatible; GPTBot/1.3; +https://openai.com/gptbot)"
167.71.23.30 - - [05/Apr/2026:15:07:00 +0200] "POST /wp-login.php HTTP/1.1" 200 53524 "https://tekes.com.sg/wp-login.php" "Mozilla/5.0 (X11; Ubuntu; Linux x86_64) AppleWebKit/537.36 (KHTML, like Gecko) Chrome/120.0.0.0 Safari/537.36"
167.71.23.30 - - [05/Apr/2026:15:07:01 +0200] "GET /wp-admin/index.php HTTP/1.1" 200 165472 "https://tekes.com.sg/wp-login.php" "Mozilla/5.0 (X11; Linux x86_64) AppleWebKit/537.36 (KHTML, like Gecko) Chrome/119.0.0.0 Safari/537.36"
167.71.23.30 - - [05/Apr/2026:15:07:02 +0200] "GET /wp-admin/profile.php HTTP/1.1" 200 165472 "https://tekes.com.sg/wp-login.php" "Mozilla/5.0 (X11; Linux x86_64) AppleWebKit/537.36 (KHTML, like Gecko) Chrome/119.0.0.0 Safari/537.36"
74.7.242.19 - - [05/Apr/2026:15:07:02 +0200] "GET /237033358.htm HTTP/1.1" 200 53525 "https://tekes.com.sg/?sitemap961.xml" "Mozilla/5.0 AppleWebKit/537.36 (KHTML, like Gecko; compatible; GPTBot/1.3; +https://openai.com/gptbot)"
167.71.23.30 - - [05/Apr/2026:15:07:03 +0200] "GET /wp-admin/edit.php HTTP/1.1" 200 165472 "https://tekes.com.sg/wp-login.php" "Mozilla/5.0 (X11; Linux x86_64) AppleWebKit/537.36 (KHTML, like Gecko) Chrome/119.0.0.0 Safari/537.36"
167.71.23.30 - - [05/Apr/2026:15:07:04 +0200] "GET /wp-admin/plugins.php HTTP/1.1" 200 165472 "https://tekes.com.sg/wp-login.php" "Mozilla/5.0 (X11; Linux x86_64) AppleWebKit/537.36 (KHTML, like Gecko) Chrome/119.0.0.0 Safari/537.36"
167.71.23.30 - - [05/Apr/2026:15:07:04 +0200] "POST /wp-login.php HTTP/1.1" 200 53524 "https://tekes.com.sg/wp-login.php" "Mozilla/5.0 (Windows NT 10.0; Win64; x64) AppleWebKit/537.36 (KHTML, like Gecko) Chrome/118.0.0.0 Safari/537.36"
74.7.242.19 - - [05/Apr/2026:15:07:05 +0200] "GET /110006123.htm?path=/home/tekesnew/public_html/demo.tekes.com.sg HTTP/1.1" 200 14303 "https://tekes.com.sg/110006123.htm" "Mozilla/5.0 AppleWebKit/537.36 (KHTML, like Gecko; compatible; GPTBot/1.3; +https://openai.com/gptbot)"
167.71.23.30 - - [05/Apr/2026:15:07:05 +0200] "GET /wp-admin/index.php HTTP/1.1" 200 165472 "https://tekes.com.sg/wp-login.php" "Mozilla/5.0 (Windows NT 10.0; Win64; x64) AppleWebKit/537.36 (KHTML, like Gecko) Chrome/120.0.0.0 Safari/537.36"
167.71.23.30 - - [05/Apr/2026:15:07:07 +0200] "GET /wp-admin/profile.php HTTP/1.1" 200 165472 "https://tekes.com.sg/wp-login.php" "Mozilla/5.0 (Windows NT 10.0; Win64; x64) AppleWebKit/537.36 (KHTML, like Gecko) Chrome/120.0.0.0 Safari/537.36"
167.71.23.30 - - [05/Apr/2026:15:07:08 +0200] "GET /wp-admin/edit.php HTTP/1.1" 200 165472 "https://tekes.com.sg/wp-login.php" "Mozilla/5.0 (Windows NT 10.0; Win64; x64) AppleWebKit/537.36 (KHTML, like Gecko) Chrome/120.0.0.0 Safari/537.36"
74.7.242.19 - - [05/Apr/2026:15:07:08 +0200] "GET /110006123.htm?fileloc=/home/tekesnew/public_html/robots.txt&path=/home/tekesnew/public_html HTTP/1.1" 200 12459 "https://tekes.com.sg/110006123.htm" "Mozilla/5.0 AppleWebKit/537.36 (KHTML, like Gecko; compatible; GPTBot/1.3; +https://openai.com/gptbot)"
167.71.23.30 - - [05/Apr/2026:15:07:09 +0200] "GET /wp-admin/plugins.php HTTP/1.1" 200 165472 "https://tekes.com.sg/wp-login.php" "Mozilla/5.0 (Windows NT 10.0; Win64; x64) AppleWebKit/537.36 (KHTML, like Gecko) Chrome/120.0.0.0 Safari/537.36"
167.71.23.30 - - [05/Apr/2026:15:07:10 +0200] "POST /wp-login.php HTTP/1.1" 200 53524 "https://tekes.com.sg/wp-login.php" "Mozilla/5.0 (Macintosh; Intel Mac OS X 13_6_1) AppleWebKit/605.1.15 (KHTML, like Gecko) Version/17.0 Safari/605.1.15"
167.71.23.30 - - [05/Apr/2026:15:07:11 +0200] "GET /wp-admin/index.php HTTP/1.1" 200 165472 "https://tekes.com.sg/wp-login.php" "Mozilla/5.0 (Windows NT 11.0; Win64; x64; rv:120.0) Gecko/20100101 Firefox/120.0"
74.7.242.19 - - [05/Apr/2026:15:07:11 +0200] "GET /284022293.htm HTTP/1.1" 200 53525 "https://tekes.com.sg/?sitemap974.xml" "Mozilla/5.0 AppleWebKit/537.36 (KHTML, like Gecko; compatible; GPTBot/1.3; +https://openai.com/gptbot)"
167.71.23.30 - - [05/Apr/2026:15:07:12 +0200] "GET /wp-admin/profile.php HTTP/1.1" 200 165472 "https://tekes.com.sg/wp-login.php" "Mozilla/5.0 (Windows NT 11.0; Win64; x64; rv:120.0) Gecko/20100101 Firefox/120.0"
167.71.23.30 - - [05/Apr/2026:15:07:13 +0200] "GET /wp-admin/edit.php HTTP/1.1" 200 165472 "https://tekes.com.sg/wp-login.php" "Mozilla/5.0 (Windows NT 11.0; Win64; x64; rv:120.0) Gecko/20100101 Firefox/120.0"
167.71.23.30 - - [05/Apr/2026:15:07:14 +0200] "GET /wp-admin/plugins.php HTTP/1.1" 200 165472 "https://tekes.com.sg/wp-login.php" "Mozilla/5.0 (Windows NT 11.0; Win64; x64; rv:120.0) Gecko/20100101 Firefox/120.0"
74.7.242.19 - - [05/Apr/2026:15:07:14 +0200] "GET /300044993.htm HTTP/1.1" 200 53525 "https://tekes.com.sg/?sitemap783.xml" "Mozilla/5.0 AppleWebKit/537.36 (KHTML, like Gecko; compatible; GPTBot/1.3; +https://openai.com/gptbot)"
167.71.23.30 - - [05/Apr/2026:15:07:15 +0200] "POST /wp-login.php HTTP/1.1" 200 53524 "https://tekes.com.sg/wp-login.php" "Mozilla/5.0 (Windows NT 10.0; Win64; x64) AppleWebKit/537.36 (KHTML, like Gecko) Chrome/119.0.0.0 Safari/537.36"
167.71.23.30 - - [05/Apr/2026:15:07:16 +0200] "GET /wp-admin/index.php HTTP/1.1" 200 165472 "https://tekes.com.sg/wp-login.php" "Mozilla/5.0 (Windows NT 11.0; Win64; x64) AppleWebKit/537.36 (KHTML, like Gecko) Chrome/121.0.0.0 Safari/537.36"
167.71.23.30 - - [05/Apr/2026:15:07:17 +0200] "GET /wp-admin/profile.php HTTP/1.1" 200 165472 "https://tekes.com.sg/wp-login.php" "Mozilla/5.0 (Windows NT 11.0; Win64; x64) AppleWebKit/537.36 (KHTML, like Gecko) Chrome/121.0.0.0 Safari/537.36"
74.7.242.19 - - [05/Apr/2026:15:07:17 +0200] "GET /146026663.htm?path=/home/tekesnew HTTP/1.1" 200 42911 "https://tekes.com.sg/146026663.htm" "Mozilla/5.0 AppleWebKit/537.36 (KHTML, like Gecko; compatible; GPTBot/1.3; +https://openai.com/gptbot)"
167.71.23.30 - - [05/Apr/2026:15:07:18 +0200] "GET /wp-admin/edit.php HTTP/1.1" 200 165472 "https://tekes.com.sg/wp-login.php" "Mozilla/5.0 (Windows NT 11.0; Win64; x64) AppleWebKit/537.36 (KHTML, like Gecko) Chrome/121.0.0.0 Safari/537.36"
167.71.23.30 - - [05/Apr/2026:15:07:20 +0200] "GET /wp-admin/plugins.php HTTP/1.1" 200 165472 "https://tekes.com.sg/wp-login.php" "Mozilla/5.0 (Windows NT 11.0; Win64; x64) AppleWebKit/537.36 (KHTML, like Gecko) Chrome/121.0.0.0 Safari/537.36"
74.7.242.19 - - [05/Apr/2026:15:07:21 +0200] "GET /146026663.htm?path=/ HTTP/1.1" 200 48566 "https://tekes.com.sg/146026663.htm" "Mozilla/5.0 AppleWebKit/537.36 (KHTML, like Gecko; compatible; GPTBot/1.3; +https://openai.com/gptbot)"
167.71.23.30 - - [05/Apr/2026:15:07:21 +0200] "POST /wp-login.php HTTP/1.1" 200 53524 "https://tekes.com.sg/wp-login.php" "Mozilla/5.0 (X11; Linux x86_64) AppleWebKit/537.36 (KHTML, like Gecko) Chrome/119.0.0.0 Safari/537.36"
167.71.23.30 - - [05/Apr/2026:15:07:22 +0200] "GET /wp-admin/index.php HTTP/1.1" 200 165472 "https://tekes.com.sg/wp-login.php" "Mozilla/5.0 (Macintosh; Intel Mac OS X 13_6_1; rv:120.0) Gecko/20100101 Firefox/120.0"
167.71.23.30 - - [05/Apr/2026:15:07:23 +0200] "GET /wp-admin/profile.php HTTP/1.1" 200 165472 "https://tekes.com.sg/wp-login.php" "Mozilla/5.0 (Macintosh; Intel Mac OS X 13_6_1; rv:120.0) Gecko/20100101 Firefox/120.0"
74.7.242.19 - - [05/Apr/2026:15:07:24 +0200] "GET /110009297.htm HTTP/1.1" 200 53525 "https://tekes.com.sg/?sitemap961.xml" "Mozilla/5.0 AppleWebKit/537.36 (KHTML, like Gecko; compatible; GPTBot/1.3; +https://openai.com/gptbot)"
167.71.23.30 - - [05/Apr/2026:15:07:24 +0200] "GET /wp-admin/edit.php HTTP/1.1" 200 165472 "https://tekes.com.sg/wp-login.php" "Mozilla/5.0 (Macintosh; Intel Mac OS X 13_6_1; rv:120.0) Gecko/20100101 Firefox/120.0"
167.71.23.30 - - [05/Apr/2026:15:07:25 +0200] "GET /wp-admin/plugins.php HTTP/1.1" 200 165472 "https://tekes.com.sg/wp-login.php" "Mozilla/5.0 (Macintosh; Intel Mac OS X 13_6_1; rv:120.0) Gecko/20100101 Firefox/120.0"
167.71.23.30 - - [05/Apr/2026:15:07:26 +0200] "POST /wp-login.php HTTP/1.1" 200 53524 "https://tekes.com.sg/wp-login.php" "Mozilla/5.0 (Windows NT 10.0; Win64; x64; rv:120.0) Gecko/20100101 Firefox/120.0"
74.7.242.19 - - [05/Apr/2026:15:07:27 +0200] "GET /021044472.htm HTTP/1.1" 200 53525 "https://tekes.com.sg/?sitemap29.xml" "Mozilla/5.0 AppleWebKit/537.36 (KHTML, like Gecko; compatible; GPTBot/1.3; +https://openai.com/gptbot)"
167.71.23.30 - - [05/Apr/2026:15:07:27 +0200] "GET /wp-admin/index.php HTTP/1.1" 200 165472 "https://tekes.com.sg/wp-login.php" "Mozilla/5.0 (X11; Linux x86_64) AppleWebKit/537.36 (KHTML, like Gecko) Chrome/118.0.0.0 Safari/537.36"
167.71.23.30 - - [05/Apr/2026:15:07:28 +0200] "GET /wp-admin/profile.php HTTP/1.1" 200 165472 "https://tekes.com.sg/wp-login.php" "Mozilla/5.0 (X11; Linux x86_64) AppleWebKit/537.36 (KHTML, like Gecko) Chrome/118.0.0.0 Safari/537.36"
167.71.23.30 - - [05/Apr/2026:15:07:29 +0200] "GET /wp-admin/edit.php HTTP/1.1" 200 165472 "https://tekes.com.sg/wp-login.php" "Mozilla/5.0 (X11; Linux x86_64) AppleWebKit/537.36 (KHTML, like Gecko) Chrome/118.0.0.0 Safari/537.36"
74.7.242.19 - - [05/Apr/2026:15:07:30 +0200] "GET /183000706.htm HTTP/1.1" 200 53525 "https://tekes.com.sg/?sitemap961.xml" "Mozilla/5.0 AppleWebKit/537.36 (KHTML, like Gecko; compatible; GPTBot/1.3; +https://openai.com/gptbot)"
167.71.23.30 - - [05/Apr/2026:15:07:31 +0200] "GET /wp-admin/plugins.php HTTP/1.1" 200 165472 "https://tekes.com.sg/wp-login.php" "Mozilla/5.0 (X11; Linux x86_64) AppleWebKit/537.36 (KHTML, like Gecko) Chrome/118.0.0.0 Safari/537.36"
167.71.23.30 - - [05/Apr/2026:15:07:32 +0200] "POST /wp-login.php HTTP/1.1" 200 53524 "https://tekes.com.sg/wp-login.php" "Mozilla/5.0 (Windows NT 11.0; Win64; x64; rv:118.0) Gecko/20100101 Firefox/118.0"
167.71.23.30 - - [05/Apr/2026:15:07:33 +0200] "GET /wp-admin/index.php HTTP/1.1" 200 165472 "https://tekes.com.sg/wp-login.php" "Mozilla/5.0 (Macintosh; Intel Mac OS X 10_15_7) AppleWebKit/537.36 (KHTML, like Gecko) Chrome/121.0.0.0 Safari/537.36"
74.7.242.19 - - [05/Apr/2026:15:07:33 +0200] "GET /100011379.htm HTTP/1.1" 200 53525 "https://tekes.com.sg/?sitemap961.xml" "Mozilla/5.0 AppleWebKit/537.36 (KHTML, like Gecko; compatible; GPTBot/1.3; +https://openai.com/gptbot)"
167.71.23.30 - - [05/Apr/2026:15:07:34 +0200] "GET /wp-admin/profile.php HTTP/1.1" 200 165472 "https://tekes.com.sg/wp-login.php" "Mozilla/5.0 (Macintosh; Intel Mac OS X 10_15_7) AppleWebKit/537.36 (KHTML, like Gecko) Chrome/121.0.0.0 Safari/537.36"
167.71.23.30 - - [05/Apr/2026:15:07:35 +0200] "GET /wp-admin/edit.php HTTP/1.1" 200 165472 "https://tekes.com.sg/wp-login.php" "Mozilla/5.0 (Macintosh; Intel Mac OS X 10_15_7) AppleWebKit/537.36 (KHTML, like Gecko) Chrome/121.0.0.0 Safari/537.36"
167.71.23.30 - - [05/Apr/2026:15:07:36 +0200] "GET /wp-admin/plugins.php HTTP/1.1" 200 165472 "https://tekes.com.sg/wp-login.php" "Mozilla/5.0 (Macintosh; Intel Mac OS X 10_15_7) AppleWebKit/537.36 (KHTML, like Gecko) Chrome/121.0.0.0 Safari/537.36"
74.7.242.19 - - [05/Apr/2026:15:07:36 +0200] "GET /285001000.htm HTTP/1.1" 200 53525 "https://tekes.com.sg/?sitemap29.xml" "Mozilla/5.0 AppleWebKit/537.36 (KHTML, like Gecko; compatible; GPTBot/1.3; +https://openai.com/gptbot)"
167.71.23.30 - - [05/Apr/2026:15:07:37 +0200] "POST /wp-login.php HTTP/1.1" 200 53524 "https://tekes.com.sg/wp-login.php" "Mozilla/5.0 (Macintosh; Intel Mac OS X 13_6_1) AppleWebKit/537.36 (KHTML, like Gecko) Chrome/118.0.0.0 Safari/537.36"
167.71.23.30 - - [05/Apr/2026:15:07:38 +0200] "GET /wp-admin/index.php HTTP/1.1" 200 165472 "https://tekes.com.sg/wp-login.php" "Mozilla/5.0 (Macintosh; Intel Mac OS X 10_15_7) AppleWebKit/605.1.15 (KHTML, like Gecko) Version/17.0 Safari/605.1.15"
167.71.23.30 - - [05/Apr/2026:15:07:39 +0200] "GET /wp-admin/profile.php HTTP/1.1" 200 165472 "https://tekes.com.sg/wp-login.php" "Mozilla/5.0 (Macintosh; Intel Mac OS X 10_15_7) AppleWebKit/605.1.15 (KHTML, like Gecko) Version/17.0 Safari/605.1.15"
74.7.242.19 - - [05/Apr/2026:15:07:40 +0200] "GET /222049779.htm HTTP/1.1" 200 53525 "https://tekes.com.sg/?sitemap29.xml" "Mozilla/5.0 AppleWebKit/537.36 (KHTML, like Gecko; compatible; GPTBot/1.3; +https://openai.com/gptbot)"
167.71.23.30 - - [05/Apr/2026:15:07:40 +0200] "GET /wp-admin/edit.php HTTP/1.1" 200 165472 "https://tekes.com.sg/wp-login.php" "Mozilla/5.0 (Macintosh; Intel Mac OS X 10_15_7) AppleWebKit/605.1.15 (KHTML, like Gecko) Version/17.0 Safari/605.1.15"
167.71.23.30 - - [05/Apr/2026:15:07:41 +0200] "GET /wp-admin/plugins.php HTTP/1.1" 200 165472 "https://tekes.com.sg/wp-login.php" "Mozilla/5.0 (Macintosh; Intel Mac OS X 10_15_7) AppleWebKit/605.1.15 (KHTML, like Gecko) Version/17.0 Safari/605.1.15"
167.71.23.30 - - [05/Apr/2026:15:07:43 +0200] "POST /wp-login.php HTTP/1.1" 200 53524 "https://tekes.com.sg/wp-login.php" "Mozilla/5.0 (Macintosh; Intel Mac OS X 13_6_1; rv:120.0) Gecko/20100101 Firefox/120.0"
74.7.242.19 - - [05/Apr/2026:15:07:43 +0200] "GET /221030006.htm HTTP/1.1" 200 53525 "https://tekes.com.sg/?sitemap527.xml" "Mozilla/5.0 AppleWebKit/537.36 (KHTML, like Gecko; compatible; GPTBot/1.3; +https://openai.com/gptbot)"
66.249.66.45 - - [05/Apr/2026:15:07:44 +0200] "GET /001018290.htm HTTP/1.1" 200 53525 "-" "Mozilla/5.0 (Linux; Android 6.0.1; Nexus 5X Build/MMB29P) AppleWebKit/537.36 (KHTML, like Gecko) Chrome/146.0.7680.177 Mobile Safari/537.36 (compatible; Googlebot/2.1; +http://www.google.com/bot.html)"
167.71.23.30 - - [05/Apr/2026:15:07:44 +0200] "GET /wp-admin/index.php HTTP/1.1" 200 165472 "https://tekes.com.sg/wp-login.php" "Mozilla/5.0 (X11; Linux x86_64) AppleWebKit/537.36 (KHTML, like Gecko) Chrome/118.0.0.0 Safari/537.36"
74.7.242.19 - - [05/Apr/2026:15:07:46 +0200] "GET /149000914.htm HTTP/1.1" 200 53525 "https://tekes.com.sg/?sitemap29.xml" "Mozilla/5.0 AppleWebKit/537.36 (KHTML, like Gecko; compatible; GPTBot/1.3; +https://openai.com/gptbot)"
167.71.23.30 - - [05/Apr/2026:15:07:46 +0200] "GET /wp-admin/profile.php HTTP/1.1" 200 165472 "https://tekes.com.sg/wp-login.php" "Mozilla/5.0 (X11; Linux x86_64) AppleWebKit/537.36 (KHTML, like Gecko) Chrome/118.0.0.0 Safari/537.36"
167.71.23.30 - - [05/Apr/2026:15:07:47 +0200] "GET /wp-admin/edit.php HTTP/1.1" 200 165472 "https://tekes.com.sg/wp-login.php" "Mozilla/5.0 (X11; Linux x86_64) AppleWebKit/537.36 (KHTML, like Gecko) Chrome/118.0.0.0 Safari/537.36"
167.71.23.30 - - [05/Apr/2026:15:07:49 +0200] "GET /wp-admin/plugins.php HTTP/1.1" 200 165472 "https://tekes.com.sg/wp-login.php" "Mozilla/5.0 (X11; Linux x86_64) AppleWebKit/537.36 (KHTML, like Gecko) Chrome/118.0.0.0 Safari/537.36"
74.7.242.19 - - [05/Apr/2026:15:07:49 +0200] "GET /262000907.htm HTTP/1.1" 200 53525 "https://tekes.com.sg/?sitemap527.xml" "Mozilla/5.0 AppleWebKit/537.36 (KHTML, like Gecko; compatible; GPTBot/1.3; +https://openai.com/gptbot)"
167.71.23.30 - - [05/Apr/2026:15:07:50 +0200] "POST /wp-login.php HTTP/1.1" 200 53524 "https://tekes.com.sg/wp-login.php" "Mozilla/5.0 (Windows NT 11.0; Win64; x64) AppleWebKit/537.36 (KHTML, like Gecko) Chrome/121.0.0.0 Safari/537.36"
167.71.23.30 - - [05/Apr/2026:15:07:50 +0200] "GET /wp-admin/index.php HTTP/1.1" 200 165472 "https://tekes.com.sg/wp-login.php" "Mozilla/5.0 (X11; Ubuntu; Linux x86_64) AppleWebKit/537.36 (KHTML, like Gecko) Chrome/120.0.0.0 Safari/537.36"
167.71.23.30 - - [05/Apr/2026:15:07:52 +0200] "GET /wp-admin/profile.php HTTP/1.1" 200 165472 "https://tekes.com.sg/wp-login.php" "Mozilla/5.0 (X11; Ubuntu; Linux x86_64) AppleWebKit/537.36 (KHTML, like Gecko) Chrome/120.0.0.0 Safari/537.36"
74.7.242.19 - - [05/Apr/2026:15:07:52 +0200] "GET /265000462.htm HTTP/1.1" 200 53525 "https://tekes.com.sg/?sitemap527.xml" "Mozilla/5.0 AppleWebKit/537.36 (KHTML, like Gecko; compatible; GPTBot/1.3; +https://openai.com/gptbot)"
167.71.23.30 - - [05/Apr/2026:15:07:53 +0200] "GET /wp-admin/edit.php HTTP/1.1" 200 165472 "https://tekes.com.sg/wp-login.php" "Mozilla/5.0 (X11; Ubuntu; Linux x86_64) AppleWebKit/537.36 (KHTML, like Gecko) Chrome/120.0.0.0 Safari/537.36"
167.71.23.30 - - [05/Apr/2026:15:07:54 +0200] "GET /wp-admin/plugins.php HTTP/1.1" 200 165472 "https://tekes.com.sg/wp-login.php" "Mozilla/5.0 (X11; Ubuntu; Linux x86_64) AppleWebKit/537.36 (KHTML, like Gecko) Chrome/120.0.0.0 Safari/537.36"
167.71.23.30 - - [05/Apr/2026:15:07:55 +0200] "POST /wp-login.php HTTP/1.1" 200 53524 "https://tekes.com.sg/wp-login.php" "Mozilla/5.0 (Windows NT 11.0; Win64; x64; rv:120.0) Gecko/20100101 Firefox/120.0"
74.7.242.19 - - [05/Apr/2026:15:07:55 +0200] "GET /183000134.htm HTTP/1.1" 200 53525 "https://tekes.com.sg/?sitemap961.xml" "Mozilla/5.0 AppleWebKit/537.36 (KHTML, like Gecko; compatible; GPTBot/1.3; +https://openai.com/gptbot)"
167.71.23.30 - - [05/Apr/2026:15:07:56 +0200] "GET /wp-admin/index.php HTTP/1.1" 200 165472 "https://tekes.com.sg/wp-login.php" "Mozilla/5.0 (X11; Linux x86_64) AppleWebKit/537.36 (KHTML, like Gecko) Chrome/119.0.0.0 Safari/537.36"
167.71.23.30 - - [05/Apr/2026:15:07:58 +0200] "GET /wp-admin/profile.php HTTP/1.1" 200 165472 "https://tekes.com.sg/wp-login.php" "Mozilla/5.0 (X11; Linux x86_64) AppleWebKit/537.36 (KHTML, like Gecko) Chrome/119.0.0.0 Safari/537.36"
74.7.242.19 - - [05/Apr/2026:15:07:59 +0200] "GET /183000620.htm HTTP/1.1" 200 53525 "https://tekes.com.sg/?sitemap29.xml" "Mozilla/5.0 AppleWebKit/537.36 (KHTML, like Gecko; compatible; GPTBot/1.3; +https://openai.com/gptbot)"
167.71.23.30 - - [05/Apr/2026:15:07:59 +0200] "GET /wp-admin/edit.php HTTP/1.1" 200 165472 "https://tekes.com.sg/wp-login.php" "Mozilla/5.0 (X11; Linux x86_64) AppleWebKit/537.36 (KHTML, like Gecko) Chrome/119.0.0.0 Safari/537.36"
167.71.23.30 - - [05/Apr/2026:15:08:00 +0200] "GET /wp-admin/plugins.php HTTP/1.1" 200 165472 "https://tekes.com.sg/wp-login.php" "Mozilla/5.0 (X11; Linux x86_64) AppleWebKit/537.36 (KHTML, like Gecko) Chrome/119.0.0.0 Safari/537.36"
74.7.242.19 - - [05/Apr/2026:15:08:02 +0200] "GET /170027111.htm HTTP/1.1" 200 53525 "https://tekes.com.sg/?sitemap527.xml" "Mozilla/5.0 AppleWebKit/537.36 (KHTML, like Gecko; compatible; GPTBot/1.3; +https://openai.com/gptbot)"
167.71.23.30 - - [05/Apr/2026:15:08:02 +0200] "POST /wp-login.php HTTP/1.1" 200 53524 "https://tekes.com.sg/wp-login.php" "Mozilla/5.0 (Macintosh; Intel Mac OS X 10_15_7) AppleWebKit/537.36 (KHTML, like Gecko) Chrome/118.0.0.0 Safari/537.36"
167.71.23.30 - - [05/Apr/2026:15:08:03 +0200] "GET /wp-admin/index.php HTTP/1.1" 200 165472 "https://tekes.com.sg/wp-login.php" "Mozilla/5.0 (Macintosh; Intel Mac OS X 13_6_1) AppleWebKit/537.36 (KHTML, like Gecko) Chrome/120.0.0.0 Safari/537.36"
167.71.23.30 - - [05/Apr/2026:15:08:04 +0200] "GET /wp-admin/profile.php HTTP/1.1" 200 165472 "https://tekes.com.sg/wp-login.php" "Mozilla/5.0 (Macintosh; Intel Mac OS X 13_6_1) AppleWebKit/537.36 (KHTML, like Gecko) Chrome/120.0.0.0 Safari/537.36"
74.7.242.19 - - [05/Apr/2026:15:08:05 +0200] "GET /183000706.htm?fileloc=/home/tekesnew/public_html/xmlrpc.php&path=/home/tekesnew/public_html HTTP/1.1" 200 15925 "https://tekes.com.sg/183000706.htm" "Mozilla/5.0 AppleWebKit/537.36 (KHTML, like Gecko; compatible; GPTBot/1.3; +https://openai.com/gptbot)"
167.71.23.30 - - [05/Apr/2026:15:08:05 +0200] "GET /wp-admin/edit.php HTTP/1.1" 200 165472 "https://tekes.com.sg/wp-login.php" "Mozilla/5.0 (Macintosh; Intel Mac OS X 13_6_1) AppleWebKit/537.36 (KHTML, like Gecko) Chrome/120.0.0.0 Safari/537.36"
167.71.23.30 - - [05/Apr/2026:15:08:06 +0200] "GET /wp-admin/plugins.php HTTP/1.1" 200 165472 "https://tekes.com.sg/wp-login.php" "Mozilla/5.0 (Macintosh; Intel Mac OS X 13_6_1) AppleWebKit/537.36 (KHTML, like Gecko) Chrome/120.0.0.0 Safari/537.36"
167.71.23.30 - - [05/Apr/2026:15:08:07 +0200] "POST /wp-login.php HTTP/1.1" 200 53524 "https://tekes.com.sg/wp-login.php" "Mozilla/5.0 (Macintosh; Intel Mac OS X 10_15_7) AppleWebKit/537.36 (KHTML, like Gecko) Chrome/120.0.0.0 Safari/537.36"
74.7.242.19 - - [05/Apr/2026:15:08:08 +0200] "GET /100011379.htm?fileloc=/home/tekesnew/public_html/wp-links-opml.php&path=/home/tekesnew/public_html HTTP/1.1" 200 15168 "https://tekes.com.sg/100011379.htm" "Mozilla/5.0 AppleWebKit/537.36 (KHTML, like Gecko; compatible; GPTBot/1.3; +https://openai.com/gptbot)"
167.71.23.30 - - [05/Apr/2026:15:08:08 +0200] "GET /wp-admin/index.php HTTP/1.1" 200 165472 "https://tekes.com.sg/wp-login.php" "Mozilla/5.0 (Macintosh; Intel Mac OS X 13_6_1; rv:118.0) Gecko/20100101 Firefox/118.0"
167.71.23.30 - - [05/Apr/2026:15:08:10 +0200] "GET /wp-admin/profile.php HTTP/1.1" 200 165472 "https://tekes.com.sg/wp-login.php" "Mozilla/5.0 (Macintosh; Intel Mac OS X 13_6_1; rv:118.0) Gecko/20100101 Firefox/118.0"
167.71.23.30 - - [05/Apr/2026:15:08:11 +0200] "GET /wp-admin/edit.php HTTP/1.1" 200 165472 "https://tekes.com.sg/wp-login.php" "Mozilla/5.0 (Macintosh; Intel Mac OS X 13_6_1; rv:118.0) Gecko/20100101 Firefox/118.0"
74.7.242.19 - - [05/Apr/2026:15:08:11 +0200] "GET /087044418.htm HTTP/1.1" 200 53525 "https://tekes.com.sg/?sitemap29.xml" "Mozilla/5.0 AppleWebKit/537.36 (KHTML, like Gecko; compatible; GPTBot/1.3; +https://openai.com/gptbot)"
167.71.23.30 - - [05/Apr/2026:15:08:12 +0200] "GET /wp-admin/plugins.php HTTP/1.1" 200 165472 "https://tekes.com.sg/wp-login.php" "Mozilla/5.0 (Macintosh; Intel Mac OS X 13_6_1; rv:118.0) Gecko/20100101 Firefox/118.0"
167.71.23.30 - - [05/Apr/2026:15:08:13 +0200] "POST /wp-login.php HTTP/1.1" 200 53524 "https://tekes.com.sg/wp-login.php" "Mozilla/5.0 (Macintosh; Intel Mac OS X 13_6_1; rv:119.0) Gecko/20100101 Firefox/119.0"
167.71.23.30 - - [05/Apr/2026:15:08:14 +0200] "GET /wp-admin/index.php HTTP/1.1" 200 165472 "https://tekes.com.sg/wp-login.php" "Mozilla/5.0 (Macintosh; Intel Mac OS X 10_15_7) AppleWebKit/537.36 (KHTML, like Gecko) Chrome/118.0.0.0 Safari/537.36"
74.7.242.19 - - [05/Apr/2026:15:08:15 +0200] "GET /046000575.htm HTTP/1.1" 200 53525 "https://tekes.com.sg/?sitemap974.xml" "Mozilla/5.0 AppleWebKit/537.36 (KHTML, like Gecko; compatible; GPTBot/1.3; +https://openai.com/gptbot)"
167.71.23.30 - - [05/Apr/2026:15:08:15 +0200] "GET /wp-admin/profile.php HTTP/1.1" 200 165472 "https://tekes.com.sg/wp-login.php" "Mozilla/5.0 (Macintosh; Intel Mac OS X 10_15_7) AppleWebKit/537.36 (KHTML, like Gecko) Chrome/118.0.0.0 Safari/537.36"
