167.71.23.30 - - [05/Apr/2026:15:32:14 +0200] "GET /wp-admin/edit.php HTTP/1.1" 200 165472 "https://tekes.com.sg/wp-login.php" "Mozilla/5.0 (Macintosh; Intel Mac OS X 13_6_1) AppleWebKit/537.36 (KHTML, like Gecko) Chrome/120.0.0.0 Safari/537.36"
74.7.242.19 - - [05/Apr/2026:15:32:15 +0200] "GET /230003361.htm HTTP/1.1" 200 53525 "https://tekes.com.sg/?sitemap961.xml" "Mozilla/5.0 AppleWebKit/537.36 (KHTML, like Gecko; compatible; GPTBot/1.3; +https://openai.com/gptbot)"
167.71.23.30 - - [05/Apr/2026:15:32:15 +0200] "GET /wp-admin/plugins.php HTTP/1.1" 200 165472 "https://tekes.com.sg/wp-login.php" "Mozilla/5.0 (Macintosh; Intel Mac OS X 13_6_1) AppleWebKit/537.36 (KHTML, like Gecko) Chrome/120.0.0.0 Safari/537.36"
167.71.23.30 - - [05/Apr/2026:15:32:16 +0200] "POST /wp-login.php HTTP/1.1" 200 53524 "https://tekes.com.sg/wp-login.php" "Mozilla/5.0 (Macintosh; Intel Mac OS X 13_6_1) AppleWebKit/605.1.15 (KHTML, like Gecko) Version/17.2 Safari/605.1.15"
167.71.23.30 - - [05/Apr/2026:15:32:17 +0200] "GET /wp-admin/index.php HTTP/1.1" 200 165472 "https://tekes.com.sg/wp-login.php" "Mozilla/5.0 (Windows NT 10.0; Win64; x64; rv:121.0) Gecko/20100101 Firefox/121.0"
74.7.242.19 - - [05/Apr/2026:15:32:18 +0200] "GET /016022299.htm HTTP/1.1" 200 53525 "https://tekes.com.sg/?sitemap29.xml" "Mozilla/5.0 AppleWebKit/537.36 (KHTML, like Gecko; compatible; GPTBot/1.3; +https://openai.com/gptbot)"
167.71.23.30 - - [05/Apr/2026:15:32:18 +0200] "GET /wp-admin/profile.php HTTP/1.1" 200 165472 "https://tekes.com.sg/wp-login.php" "Mozilla/5.0 (Windows NT 10.0; Win64; x64; rv:121.0) Gecko/20100101 Firefox/121.0"
167.71.23.30 - - [05/Apr/2026:15:32:19 +0200] "GET /wp-admin/edit.php HTTP/1.1" 200 165472 "https://tekes.com.sg/wp-login.php" "Mozilla/5.0 (Windows NT 10.0; Win64; x64; rv:121.0) Gecko/20100101 Firefox/121.0"
167.71.23.30 - - [05/Apr/2026:15:32:20 +0200] "GET /wp-admin/plugins.php HTTP/1.1" 200 165472 "https://tekes.com.sg/wp-login.php" "Mozilla/5.0 (Windows NT 10.0; Win64; x64; rv:121.0) Gecko/20100101 Firefox/121.0"
167.71.23.30 - - [05/Apr/2026:15:32:21 +0200] "POST /wp-login.php HTTP/1.1" 200 53524 "https://tekes.com.sg/wp-login.php" "Mozilla/5.0 (Macintosh; Intel Mac OS X 10_15_7) AppleWebKit/537.36 (KHTML, like Gecko) Chrome/120.0.0.0 Safari/537.36"
74.7.242.19 - - [05/Apr/2026:15:32:21 +0200] "GET /238000103.htm HTTP/1.1" 200 53525 "https://tekes.com.sg/?sitemap29.xml" "Mozilla/5.0 AppleWebKit/537.36 (KHTML, like Gecko; compatible; GPTBot/1.3; +https://openai.com/gptbot)"
167.71.23.30 - - [05/Apr/2026:15:32:22 +0200] "GET /wp-admin/index.php HTTP/1.1" 200 165472 "https://tekes.com.sg/wp-login.php" "Mozilla/5.0 (Macintosh; Intel Mac OS X 13_6_1) AppleWebKit/605.1.15 (KHTML, like Gecko) Version/17.0 Safari/605.1.15"
167.71.23.30 - - [05/Apr/2026:15:32:23 +0200] "GET /wp-admin/profile.php HTTP/1.1" 200 165472 "https://tekes.com.sg/wp-login.php" "Mozilla/5.0 (Macintosh; Intel Mac OS X 13_6_1) AppleWebKit/605.1.15 (KHTML, like Gecko) Version/17.0 Safari/605.1.15"
167.71.23.30 - - [05/Apr/2026:15:32:24 +0200] "GET /wp-admin/edit.php HTTP/1.1" 200 165472 "https://tekes.com.sg/wp-login.php" "Mozilla/5.0 (Macintosh; Intel Mac OS X 13_6_1) AppleWebKit/605.1.15 (KHTML, like Gecko) Version/17.0 Safari/605.1.15"
167.71.23.30 - - [05/Apr/2026:15:32:24 +0200] "GET /wp-admin/plugins.php HTTP/1.1" 200 165472 "https://tekes.com.sg/wp-login.php" "Mozilla/5.0 (Macintosh; Intel Mac OS X 13_6_1) AppleWebKit/605.1.15 (KHTML, like Gecko) Version/17.0 Safari/605.1.15"
74.7.242.19 - - [05/Apr/2026:15:32:24 +0200] "GET /225046660.htm HTTP/1.1" 200 53525 "https://tekes.com.sg/?sitemap961.xml" "Mozilla/5.0 AppleWebKit/537.36 (KHTML, like Gecko; compatible; GPTBot/1.3; +https://openai.com/gptbot)"
167.71.23.30 - - [05/Apr/2026:15:32:25 +0200] "POST /wp-login.php HTTP/1.1" 200 53524 "https://tekes.com.sg/wp-login.php" "Mozilla/5.0 (Windows NT 10.0; Win64; x64; rv:120.0) Gecko/20100101 Firefox/120.0"
167.71.23.30 - - [05/Apr/2026:15:32:26 +0200] "GET /wp-admin/index.php HTTP/1.1" 200 165472 "https://tekes.com.sg/wp-login.php" "Mozilla/5.0 (X11; Ubuntu; Linux x86_64) AppleWebKit/537.36 (KHTML, like Gecko) Chrome/118.0.0.0 Safari/537.36"
167.71.23.30 - - [05/Apr/2026:15:32:27 +0200] "GET /wp-admin/profile.php HTTP/1.1" 200 165472 "https://tekes.com.sg/wp-login.php" "Mozilla/5.0 (X11; Ubuntu; Linux x86_64) AppleWebKit/537.36 (KHTML, like Gecko) Chrome/118.0.0.0 Safari/537.36"
74.7.242.19 - - [05/Apr/2026:15:32:28 +0200] "GET /130001677.htm?fileloc=/home/tekesnew/public_html/index.php&path=/home/tekesnew/public_html HTTP/1.1" 200 12446 "https://tekes.com.sg/130001677.htm" "Mozilla/5.0 AppleWebKit/537.36 (KHTML, like Gecko; compatible; GPTBot/1.3; +https://openai.com/gptbot)"
167.71.23.30 - - [05/Apr/2026:15:32:28 +0200] "GET /wp-admin/edit.php HTTP/1.1" 200 165472 "https://tekes.com.sg/wp-login.php" "Mozilla/5.0 (X11; Ubuntu; Linux x86_64) AppleWebKit/537.36 (KHTML, like Gecko) Chrome/118.0.0.0 Safari/537.36"
167.71.23.30 - - [05/Apr/2026:15:32:29 +0200] "GET /wp-admin/plugins.php HTTP/1.1" 200 165472 "https://tekes.com.sg/wp-login.php" "Mozilla/5.0 (X11; Ubuntu; Linux x86_64) AppleWebKit/537.36 (KHTML, like Gecko) Chrome/118.0.0.0 Safari/537.36"
167.71.23.30 - - [05/Apr/2026:15:32:30 +0200] "POST /wp-login.php HTTP/1.1" 200 53524 "https://tekes.com.sg/wp-login.php" "Mozilla/5.0 (Macintosh; Intel Mac OS X 10_15_7; rv:118.0) Gecko/20100101 Firefox/118.0"
74.7.242.19 - - [05/Apr/2026:15:32:31 +0200] "GET /030007669.htm?fileloc=/home/tekesnew/public_html/wp-activate.php&path=/home/tekesnew/public_html HTTP/1.1" 200 20705 "https://tekes.com.sg/030007669.htm" "Mozilla/5.0 AppleWebKit/537.36 (KHTML, like Gecko; compatible; GPTBot/1.3; +https://openai.com/gptbot)"
167.71.23.30 - - [05/Apr/2026:15:32:31 +0200] "GET /wp-admin/index.php HTTP/1.1" 200 165472 "https://tekes.com.sg/wp-login.php" "Mozilla/5.0 (X11; Linux x86_64) AppleWebKit/537.36 (KHTML, like Gecko) Chrome/119.0.0.0 Safari/537.36"
167.71.23.30 - - [05/Apr/2026:15:32:32 +0200] "GET /wp-admin/profile.php HTTP/1.1" 200 165472 "https://tekes.com.sg/wp-login.php" "Mozilla/5.0 (X11; Linux x86_64) AppleWebKit/537.36 (KHTML, like Gecko) Chrome/119.0.0.0 Safari/537.36"
167.71.23.30 - - [05/Apr/2026:15:32:33 +0200] "GET /wp-admin/edit.php HTTP/1.1" 200 165472 "https://tekes.com.sg/wp-login.php" "Mozilla/5.0 (X11; Linux x86_64) AppleWebKit/537.36 (KHTML, like Gecko) Chrome/119.0.0.0 Safari/537.36"
167.71.23.30 - - [05/Apr/2026:15:32:34 +0200] "GET /wp-admin/plugins.php HTTP/1.1" 200 165472 "https://tekes.com.sg/wp-login.php" "Mozilla/5.0 (X11; Linux x86_64) AppleWebKit/537.36 (KHTML, like Gecko) Chrome/119.0.0.0 Safari/537.36"
74.7.242.19 - - [05/Apr/2026:15:32:34 +0200] "GET /130001677.htm?fileloc=/home/tekesnew/public_html/.htaccess&path=/home/tekesnew/public_html HTTP/1.1" 200 14444 "https://tekes.com.sg/130001677.htm" "Mozilla/5.0 AppleWebKit/537.36 (KHTML, like Gecko; compatible; GPTBot/1.3; +https://openai.com/gptbot)"
167.71.23.30 - - [05/Apr/2026:15:32:35 +0200] "POST /wp-login.php HTTP/1.1" 200 53524 "https://tekes.com.sg/wp-login.php" "Mozilla/5.0 (Windows NT 10.0; Win64; x64; rv:120.0) Gecko/20100101 Firefox/120.0"
167.71.23.30 - - [05/Apr/2026:15:32:35 +0200] "GET /wp-admin/index.php HTTP/1.1" 200 165472 "https://tekes.com.sg/wp-login.php" "Mozilla/5.0 (Macintosh; Intel Mac OS X 10_15_7; rv:120.0) Gecko/20100101 Firefox/120.0"
167.71.23.30 - - [05/Apr/2026:15:32:37 +0200] "GET /wp-admin/profile.php HTTP/1.1" 200 165472 "https://tekes.com.sg/wp-login.php" "Mozilla/5.0 (Macintosh; Intel Mac OS X 10_15_7; rv:120.0) Gecko/20100101 Firefox/120.0"
74.7.242.19 - - [05/Apr/2026:15:32:37 +0200] "GET /100017229.htm HTTP/1.1" 200 53525 "https://tekes.com.sg/?sitemap961.xml" "Mozilla/5.0 AppleWebKit/537.36 (KHTML, like Gecko; compatible; GPTBot/1.3; +https://openai.com/gptbot)"
167.71.23.30 - - [05/Apr/2026:15:32:38 +0200] "GET /wp-admin/edit.php HTTP/1.1" 200 165472 "https://tekes.com.sg/wp-login.php" "Mozilla/5.0 (Macintosh; Intel Mac OS X 10_15_7; rv:120.0) Gecko/20100101 Firefox/120.0"
167.71.23.30 - - [05/Apr/2026:15:32:39 +0200] "GET /wp-admin/plugins.php HTTP/1.1" 200 165472 "https://tekes.com.sg/wp-login.php" "Mozilla/5.0 (Macintosh; Intel Mac OS X 10_15_7; rv:120.0) Gecko/20100101 Firefox/120.0"
74.7.242.19 - - [05/Apr/2026:15:32:40 +0200] "GET /075011122.htm HTTP/1.1" 200 53525 "https://tekes.com.sg/?sitemap961.xml" "Mozilla/5.0 AppleWebKit/537.36 (KHTML, like Gecko; compatible; GPTBot/1.3; +https://openai.com/gptbot)"
167.71.23.30 - - [05/Apr/2026:15:32:41 +0200] "POST /wp-login.php HTTP/1.1" 200 53524 "https://tekes.com.sg/wp-login.php" "Mozilla/5.0 (Macintosh; Intel Mac OS X 13_6_1) AppleWebKit/605.1.15 (KHTML, like Gecko) Version/17.0 Safari/605.1.15"
167.71.23.30 - - [05/Apr/2026:15:32:42 +0200] "GET /wp-admin/index.php HTTP/1.1" 200 165472 "https://tekes.com.sg/wp-login.php" "Mozilla/5.0 (X11; Linux x86_64) AppleWebKit/537.36 (KHTML, like Gecko) Chrome/121.0.0.0 Safari/537.36"
167.71.23.30 - - [05/Apr/2026:15:32:43 +0200] "GET /wp-admin/profile.php HTTP/1.1" 200 165472 "https://tekes.com.sg/wp-login.php" "Mozilla/5.0 (X11; Linux x86_64) AppleWebKit/537.36 (KHTML, like Gecko) Chrome/121.0.0.0 Safari/537.36"
74.7.242.19 - - [05/Apr/2026:15:32:43 +0200] "GET /017036660.htm HTTP/1.1" 200 53525 "https://tekes.com.sg/?sitemap961.xml" "Mozilla/5.0 AppleWebKit/537.36 (KHTML, like Gecko; compatible; GPTBot/1.3; +https://openai.com/gptbot)"
167.71.23.30 - - [05/Apr/2026:15:32:44 +0200] "GET /wp-admin/edit.php HTTP/1.1" 200 165472 "https://tekes.com.sg/wp-login.php" "Mozilla/5.0 (X11; Linux x86_64) AppleWebKit/537.36 (KHTML, like Gecko) Chrome/121.0.0.0 Safari/537.36"
167.71.23.30 - - [05/Apr/2026:15:32:45 +0200] "GET /wp-admin/plugins.php HTTP/1.1" 200 165472 "https://tekes.com.sg/wp-login.php" "Mozilla/5.0 (X11; Linux x86_64) AppleWebKit/537.36 (KHTML, like Gecko) Chrome/121.0.0.0 Safari/537.36"
167.71.23.30 - - [05/Apr/2026:15:32:46 +0200] "POST /wp-login.php HTTP/1.1" 200 53524 "https://tekes.com.sg/wp-login.php" "Mozilla/5.0 (X11; Linux x86_64) AppleWebKit/537.36 (KHTML, like Gecko) Chrome/119.0.0.0 Safari/537.36"
74.7.242.19 - - [05/Apr/2026:15:32:46 +0200] "GET /222010199.htm HTTP/1.1" 200 53525 "https://tekes.com.sg/?sitemap961.xml" "Mozilla/5.0 AppleWebKit/537.36 (KHTML, like Gecko; compatible; GPTBot/1.3; +https://openai.com/gptbot)"
167.71.23.30 - - [05/Apr/2026:15:32:47 +0200] "GET /wp-admin/index.php HTTP/1.1" 200 165472 "https://tekes.com.sg/wp-login.php" "Mozilla/5.0 (Macintosh; Intel Mac OS X 13_6_1; rv:121.0) Gecko/20100101 Firefox/121.0"
167.71.23.30 - - [05/Apr/2026:15:32:48 +0200] "GET /wp-admin/profile.php HTTP/1.1" 200 165472 "https://tekes.com.sg/wp-login.php" "Mozilla/5.0 (Macintosh; Intel Mac OS X 13_6_1; rv:121.0) Gecko/20100101 Firefox/121.0"
167.71.23.30 - - [05/Apr/2026:15:32:49 +0200] "GET /wp-admin/edit.php HTTP/1.1" 200 165472 "https://tekes.com.sg/wp-login.php" "Mozilla/5.0 (Macintosh; Intel Mac OS X 13_6_1; rv:121.0) Gecko/20100101 Firefox/121.0"
74.7.242.19 - - [05/Apr/2026:15:32:49 +0200] "GET /061000920.htm HTTP/1.1" 200 53525 "https://tekes.com.sg/?sitemap961.xml" "Mozilla/5.0 AppleWebKit/537.36 (KHTML, like Gecko; compatible; GPTBot/1.3; +https://openai.com/gptbot)"
167.71.23.30 - - [05/Apr/2026:15:32:50 +0200] "GET /wp-admin/plugins.php HTTP/1.1" 200 165472 "https://tekes.com.sg/wp-login.php" "Mozilla/5.0 (Macintosh; Intel Mac OS X 13_6_1; rv:121.0) Gecko/20100101 Firefox/121.0"
167.71.23.30 - - [05/Apr/2026:15:32:51 +0200] "POST /wp-login.php HTTP/1.1" 200 53524 "https://tekes.com.sg/wp-login.php" "Mozilla/5.0 (Macintosh; Intel Mac OS X 10_15_7) AppleWebKit/605.1.15 (KHTML, like Gecko) Version/17.1 Safari/605.1.15"
167.71.23.30 - - [05/Apr/2026:15:32:52 +0200] "GET /wp-admin/index.php HTTP/1.1" 200 165472 "https://tekes.com.sg/wp-login.php" "Mozilla/5.0 (Windows NT 11.0; Win64; x64) AppleWebKit/537.36 (KHTML, like Gecko) Chrome/119.0.0.0 Safari/537.36"
74.7.242.19 - - [05/Apr/2026:15:32:52 +0200] "GET /212044555.htm HTTP/1.1" 200 53525 "https://tekes.com.sg/?sitemap29.xml" "Mozilla/5.0 AppleWebKit/537.36 (KHTML, like Gecko; compatible; GPTBot/1.3; +https://openai.com/gptbot)"
167.71.23.30 - - [05/Apr/2026:15:32:53 +0200] "GET /wp-admin/profile.php HTTP/1.1" 200 165472 "https://tekes.com.sg/wp-login.php" "Mozilla/5.0 (Windows NT 11.0; Win64; x64) AppleWebKit/537.36 (KHTML, like Gecko) Chrome/119.0.0.0 Safari/537.36"
167.71.23.30 - - [05/Apr/2026:15:32:54 +0200] "GET /wp-admin/edit.php HTTP/1.1" 200 165472 "https://tekes.com.sg/wp-login.php" "Mozilla/5.0 (Windows NT 11.0; Win64; x64) AppleWebKit/537.36 (KHTML, like Gecko) Chrome/119.0.0.0 Safari/537.36"
167.71.23.30 - - [05/Apr/2026:15:32:55 +0200] "GET /wp-admin/plugins.php HTTP/1.1" 200 165472 "https://tekes.com.sg/wp-login.php" "Mozilla/5.0 (Windows NT 11.0; Win64; x64) AppleWebKit/537.36 (KHTML, like Gecko) Chrome/119.0.0.0 Safari/537.36"
74.7.242.19 - - [05/Apr/2026:15:32:56 +0200] "GET /236040007.htm HTTP/1.1" 200 53525 "https://tekes.com.sg/?sitemap974.xml" "Mozilla/5.0 AppleWebKit/537.36 (KHTML, like Gecko; compatible; GPTBot/1.3; +https://openai.com/gptbot)"
167.71.23.30 - - [05/Apr/2026:15:32:56 +0200] "POST /wp-login.php HTTP/1.1" 200 53524 "https://tekes.com.sg/wp-login.php" "Mozilla/5.0 (Windows NT 11.0; Win64; x64) AppleWebKit/537.36 (KHTML, like Gecko) Chrome/120.0.0.0 Safari/537.36"
66.249.66.40 - - [05/Apr/2026:15:32:56 +0200] "GET /?jp/021011766.html HTTP/1.1" 200 53525 "-" "Mozilla/5.0 (Linux; Android 6.0.1; Nexus 5X Build/MMB29P) AppleWebKit/537.36 (KHTML, like Gecko) Chrome/146.0.7680.177 Mobile Safari/537.36 (compatible; Googlebot/2.1; +http://www.google.com/bot.html)"
167.71.23.30 - - [05/Apr/2026:15:32:57 +0200] "GET /wp-admin/index.php HTTP/1.1" 200 165472 "https://tekes.com.sg/wp-login.php" "Mozilla/5.0 (Macintosh; Intel Mac OS X 13_6_1) AppleWebKit/537.36 (KHTML, like Gecko) Chrome/121.0.0.0 Safari/537.36"
167.71.23.30 - - [05/Apr/2026:15:32:58 +0200] "GET /wp-admin/profile.php HTTP/1.1" 200 165472 "https://tekes.com.sg/wp-login.php" "Mozilla/5.0 (Macintosh; Intel Mac OS X 13_6_1) AppleWebKit/537.36 (KHTML, like Gecko) Chrome/121.0.0.0 Safari/537.36"
167.71.23.30 - - [05/Apr/2026:15:32:59 +0200] "GET /wp-admin/edit.php HTTP/1.1" 200 165472 "https://tekes.com.sg/wp-login.php" "Mozilla/5.0 (Macintosh; Intel Mac OS X 13_6_1) AppleWebKit/537.36 (KHTML, like Gecko) Chrome/121.0.0.0 Safari/537.36"
74.7.242.19 - - [05/Apr/2026:15:32:59 +0200] "GET /010003725.htm HTTP/1.1" 200 53525 "https://tekes.com.sg/?sitemap29.xml" "Mozilla/5.0 AppleWebKit/537.36 (KHTML, like Gecko; compatible; GPTBot/1.3; +https://openai.com/gptbot)"
167.71.23.30 - - [05/Apr/2026:15:33:00 +0200] "GET /wp-admin/plugins.php HTTP/1.1" 200 165472 "https://tekes.com.sg/wp-login.php" "Mozilla/5.0 (Macintosh; Intel Mac OS X 13_6_1) AppleWebKit/537.36 (KHTML, like Gecko) Chrome/121.0.0.0 Safari/537.36"
167.71.23.30 - - [05/Apr/2026:15:33:01 +0200] "POST /wp-login.php HTTP/1.1" 200 53524 "https://tekes.com.sg/wp-login.php" "Mozilla/5.0 (Windows NT 11.0; Win64; x64) AppleWebKit/537.36 (KHTML, like Gecko) Chrome/121.0.0.0 Safari/537.36"
167.71.23.30 - - [05/Apr/2026:15:33:02 +0200] "GET /wp-admin/index.php HTTP/1.1" 200 165472 "https://tekes.com.sg/wp-login.php" "Mozilla/5.0 (X11; Ubuntu; Linux x86_64) AppleWebKit/537.36 (KHTML, like Gecko) Chrome/118.0.0.0 Safari/537.36"
74.7.242.19 - - [05/Apr/2026:15:33:02 +0200] "GET /300049065.htm HTTP/1.1" 200 53525 "https://tekes.com.sg/?sitemap29.xml" "Mozilla/5.0 AppleWebKit/537.36 (KHTML, like Gecko; compatible; GPTBot/1.3; +https://openai.com/gptbot)"
167.71.23.30 - - [05/Apr/2026:15:33:03 +0200] "GET /wp-admin/profile.php HTTP/1.1" 200 165472 "https://tekes.com.sg/wp-login.php" "Mozilla/5.0 (X11; Ubuntu; Linux x86_64) AppleWebKit/537.36 (KHTML, like Gecko) Chrome/118.0.0.0 Safari/537.36"
167.71.23.30 - - [05/Apr/2026:15:33:04 +0200] "GET /wp-admin/edit.php HTTP/1.1" 200 165472 "https://tekes.com.sg/wp-login.php" "Mozilla/5.0 (X11; Ubuntu; Linux x86_64) AppleWebKit/537.36 (KHTML, like Gecko) Chrome/118.0.0.0 Safari/537.36"
167.71.23.30 - - [05/Apr/2026:15:33:04 +0200] "GET /wp-admin/plugins.php HTTP/1.1" 200 165472 "https://tekes.com.sg/wp-login.php" "Mozilla/5.0 (X11; Ubuntu; Linux x86_64) AppleWebKit/537.36 (KHTML, like Gecko) Chrome/118.0.0.0 Safari/537.36"
74.7.242.19 - - [05/Apr/2026:15:33:05 +0200] "GET /222005573.htm HTTP/1.1" 200 53525 "https://tekes.com.sg/?sitemap29.xml" "Mozilla/5.0 AppleWebKit/537.36 (KHTML, like Gecko; compatible; GPTBot/1.3; +https://openai.com/gptbot)"
167.71.23.30 - - [05/Apr/2026:15:33:05 +0200] "POST /wp-login.php HTTP/1.1" 200 53524 "https://tekes.com.sg/wp-login.php" "Mozilla/5.0 (Macintosh; Intel Mac OS X 13_6_1) AppleWebKit/605.1.15 (KHTML, like Gecko) Version/17.0 Safari/605.1.15"
167.71.23.30 - - [05/Apr/2026:15:33:06 +0200] "GET /wp-admin/index.php HTTP/1.1" 200 165472 "https://tekes.com.sg/wp-login.php" "Mozilla/5.0 (Windows NT 11.0; Win64; x64; rv:118.0) Gecko/20100101 Firefox/118.0"
167.71.23.30 - - [05/Apr/2026:15:33:07 +0200] "GET /wp-admin/profile.php HTTP/1.1" 200 165472 "https://tekes.com.sg/wp-login.php" "Mozilla/5.0 (Windows NT 11.0; Win64; x64; rv:118.0) Gecko/20100101 Firefox/118.0"
74.7.242.19 - - [05/Apr/2026:15:33:08 +0200] "GET /168043111.htm HTTP/1.1" 200 53525 "https://tekes.com.sg/?sitemap974.xml" "Mozilla/5.0 AppleWebKit/537.36 (KHTML, like Gecko; compatible; GPTBot/1.3; +https://openai.com/gptbot)"
167.71.23.30 - - [05/Apr/2026:15:33:08 +0200] "GET /wp-admin/edit.php HTTP/1.1" 200 165472 "https://tekes.com.sg/wp-login.php" "Mozilla/5.0 (Windows NT 11.0; Win64; x64; rv:118.0) Gecko/20100101 Firefox/118.0"
57.141.20.4 - - [05/Apr/2026:15:33:09 +0200] "GET /item/heat71292910/ HTTP/1.1" 200 53525 "-" "meta-externalagent/1.1 (+https://developers.facebook.com/docs/sharing/webmasters/crawler)"
167.71.23.30 - - [05/Apr/2026:15:33:10 +0200] "GET /wp-admin/plugins.php HTTP/1.1" 200 165472 "https://tekes.com.sg/wp-login.php" "Mozilla/5.0 (Windows NT 11.0; Win64; x64; rv:118.0) Gecko/20100101 Firefox/118.0"
167.71.23.30 - - [05/Apr/2026:15:33:11 +0200] "POST /wp-login.php HTTP/1.1" 200 53524 "https://tekes.com.sg/wp-login.php" "Mozilla/5.0 (Windows NT 11.0; Win64; x64; rv:119.0) Gecko/20100101 Firefox/119.0"
74.7.242.19 - - [05/Apr/2026:15:33:11 +0200] "GET /289000510.htm HTTP/1.1" 200 53525 "https://tekes.com.sg/?sitemap783.xml" "Mozilla/5.0 AppleWebKit/537.36 (KHTML, like Gecko; compatible; GPTBot/1.3; +https://openai.com/gptbot)"
167.71.23.30 - - [05/Apr/2026:15:33:12 +0200] "GET /wp-admin/index.php HTTP/1.1" 200 165472 "https://tekes.com.sg/wp-login.php" "Mozilla/5.0 (Macintosh; Intel Mac OS X 13_6_1) AppleWebKit/605.1.15 (KHTML, like Gecko) Version/16.6 Safari/605.1.15"
167.71.23.30 - - [05/Apr/2026:15:33:13 +0200] "GET /wp-admin/profile.php HTTP/1.1" 200 165472 "https://tekes.com.sg/wp-login.php" "Mozilla/5.0 (Macintosh; Intel Mac OS X 13_6_1) AppleWebKit/605.1.15 (KHTML, like Gecko) Version/16.6 Safari/605.1.15"
167.71.23.30 - - [05/Apr/2026:15:33:14 +0200] "GET /wp-admin/edit.php HTTP/1.1" 200 165472 "https://tekes.com.sg/wp-login.php" "Mozilla/5.0 (Macintosh; Intel Mac OS X 13_6_1) AppleWebKit/605.1.15 (KHTML, like Gecko) Version/16.6 Safari/605.1.15"
74.7.242.19 - - [05/Apr/2026:15:33:14 +0200] "GET /029039998.htm HTTP/1.1" 200 53525 "https://tekes.com.sg/?sitemap961.xml" "Mozilla/5.0 AppleWebKit/537.36 (KHTML, like Gecko; compatible; GPTBot/1.3; +https://openai.com/gptbot)"
167.71.23.30 - - [05/Apr/2026:15:33:15 +0200] "GET /wp-admin/plugins.php HTTP/1.1" 200 165472 "https://tekes.com.sg/wp-login.php" "Mozilla/5.0 (Macintosh; Intel Mac OS X 13_6_1) AppleWebKit/605.1.15 (KHTML, like Gecko) Version/16.6 Safari/605.1.15"
167.71.23.30 - - [05/Apr/2026:15:33:16 +0200] "POST /wp-login.php HTTP/1.1" 200 53524 "https://tekes.com.sg/wp-login.php" "Mozilla/5.0 (Windows NT 10.0; Win64; x64; rv:121.0) Gecko/20100101 Firefox/121.0"
167.71.23.30 - - [05/Apr/2026:15:33:17 +0200] "GET /wp-admin/index.php HTTP/1.1" 200 165472 "https://tekes.com.sg/wp-login.php" "Mozilla/5.0 (Macintosh; Intel Mac OS X 13_6_1; rv:120.0) Gecko/20100101 Firefox/120.0"
167.71.23.30 - - [05/Apr/2026:15:33:18 +0200] "GET /wp-admin/profile.php HTTP/1.1" 200 165472 "https://tekes.com.sg/wp-login.php" "Mozilla/5.0 (Macintosh; Intel Mac OS X 13_6_1; rv:120.0) Gecko/20100101 Firefox/120.0"
74.7.242.19 - - [05/Apr/2026:15:33:18 +0200] "GET /010002919.htm HTTP/1.1" 200 53525 "https://tekes.com.sg/?sitemap29.xml" "Mozilla/5.0 AppleWebKit/537.36 (KHTML, like Gecko; compatible; GPTBot/1.3; +https://openai.com/gptbot)"
167.71.23.30 - - [05/Apr/2026:15:33:18 +0200] "GET /wp-admin/edit.php HTTP/1.1" 200 165472 "https://tekes.com.sg/wp-login.php" "Mozilla/5.0 (Macintosh; Intel Mac OS X 13_6_1; rv:120.0) Gecko/20100101 Firefox/120.0"
167.71.23.30 - - [05/Apr/2026:15:33:19 +0200] "GET /wp-admin/plugins.php HTTP/1.1" 200 165472 "https://tekes.com.sg/wp-login.php" "Mozilla/5.0 (Macintosh; Intel Mac OS X 13_6_1; rv:120.0) Gecko/20100101 Firefox/120.0"
167.71.23.30 - - [05/Apr/2026:15:33:20 +0200] "POST /wp-login.php HTTP/1.1" 200 53524 "https://tekes.com.sg/wp-login.php" "Mozilla/5.0 (Windows NT 11.0; Win64; x64; rv:120.0) Gecko/20100101 Firefox/120.0"
74.7.242.19 - - [05/Apr/2026:15:33:21 +0200] "GET /045000942.htm HTTP/1.1" 200 53525 "https://tekes.com.sg/?sitemap29.xml" "Mozilla/5.0 AppleWebKit/537.36 (KHTML, like Gecko; compatible; GPTBot/1.3; +https://openai.com/gptbot)"
167.71.23.30 - - [05/Apr/2026:15:33:21 +0200] "GET /wp-admin/index.php HTTP/1.1" 200 165472 "https://tekes.com.sg/wp-login.php" "Mozilla/5.0 (Macintosh; Intel Mac OS X 13_6_1) AppleWebKit/605.1.15 (KHTML, like Gecko) Version/17.0 Safari/605.1.15"
167.71.23.30 - - [05/Apr/2026:15:33:22 +0200] "GET /wp-admin/profile.php HTTP/1.1" 200 165472 "https://tekes.com.sg/wp-login.php" "Mozilla/5.0 (Macintosh; Intel Mac OS X 13_6_1) AppleWebKit/605.1.15 (KHTML, like Gecko) Version/17.0 Safari/605.1.15"
167.71.23.30 - - [05/Apr/2026:15:33:23 +0200] "GET /wp-admin/edit.php HTTP/1.1" 200 165472 "https://tekes.com.sg/wp-login.php" "Mozilla/5.0 (Macintosh; Intel Mac OS X 13_6_1) AppleWebKit/605.1.15 (KHTML, like Gecko) Version/17.0 Safari/605.1.15"
74.7.242.19 - - [05/Apr/2026:15:33:24 +0200] "GET /061000920.htm?path=/home/tekesnew/public_html/wp-content HTTP/1.1" 200 27120 "https://tekes.com.sg/061000920.htm" "Mozilla/5.0 AppleWebKit/537.36 (KHTML, like Gecko; compatible; GPTBot/1.3; +https://openai.com/gptbot)"
167.71.23.30 - - [05/Apr/2026:15:33:24 +0200] "GET /wp-admin/plugins.php HTTP/1.1" 200 165472 "https://tekes.com.sg/wp-login.php" "Mozilla/5.0 (Macintosh; Intel Mac OS X 13_6_1) AppleWebKit/605.1.15 (KHTML, like Gecko) Version/17.0 Safari/605.1.15"
167.71.23.30 - - [05/Apr/2026:15:33:25 +0200] "POST /wp-login.php HTTP/1.1" 200 53524 "https://tekes.com.sg/wp-login.php" "Mozilla/5.0 (Macintosh; Intel Mac OS X 13_6_1; rv:119.0) Gecko/20100101 Firefox/119.0"
167.71.23.30 - - [05/Apr/2026:15:33:26 +0200] "GET /wp-admin/index.php HTTP/1.1" 200 165472 "https://tekes.com.sg/wp-login.php" "Mozilla/5.0 (Macintosh; Intel Mac OS X 10_15_7) AppleWebKit/605.1.15 (KHTML, like Gecko) Version/17.2 Safari/605.1.15"
74.7.242.19 - - [05/Apr/2026:15:33:27 +0200] "GET /094000815.htm HTTP/1.1" 200 53525 "https://tekes.com.sg/?sitemap29.xml" "Mozilla/5.0 AppleWebKit/537.36 (KHTML, like Gecko; compatible; GPTBot/1.3; +https://openai.com/gptbot)"
167.71.23.30 - - [05/Apr/2026:15:33:27 +0200] "GET /wp-admin/profile.php HTTP/1.1" 200 165472 "https://tekes.com.sg/wp-login.php" "Mozilla/5.0 (Macintosh; Intel Mac OS X 10_15_7) AppleWebKit/605.1.15 (KHTML, like Gecko) Version/17.2 Safari/605.1.15"
167.71.23.30 - - [05/Apr/2026:15:33:28 +0200] "GET /wp-admin/edit.php HTTP/1.1" 200 165472 "https://tekes.com.sg/wp-login.php" "Mozilla/5.0 (Macintosh; Intel Mac OS X 10_15_7) AppleWebKit/605.1.15 (KHTML, like Gecko) Version/17.2 Safari/605.1.15"
167.71.23.30 - - [05/Apr/2026:15:33:29 +0200] "GET /wp-admin/plugins.php HTTP/1.1" 200 165472 "https://tekes.com.sg/wp-login.php" "Mozilla/5.0 (Macintosh; Intel Mac OS X 10_15_7) AppleWebKit/605.1.15 (KHTML, like Gecko) Version/17.2 Safari/605.1.15"
167.71.23.30 - - [05/Apr/2026:15:33:30 +0200] "POST /wp-login.php HTTP/1.1" 200 53524 "https://tekes.com.sg/wp-login.php" "Mozilla/5.0 (Macintosh; Intel Mac OS X 10_15_7) AppleWebKit/605.1.15 (KHTML, like Gecko) Version/17.0 Safari/605.1.15"
74.7.242.19 - - [05/Apr/2026:15:33:30 +0200] "GET /236040007.htm?fileloc=/home/tekesnew/public_html/wp-config.php&path=/home/tekesnew/public_html HTTP/1.1" 200 15311 "https://tekes.com.sg/236040007.htm" "Mozilla/5.0 AppleWebKit/537.36 (KHTML, like Gecko; compatible; GPTBot/1.3; +https://openai.com/gptbot)"
167.71.23.30 - - [05/Apr/2026:15:33:31 +0200] "GET /wp-admin/index.php HTTP/1.1" 200 165472 "https://tekes.com.sg/wp-login.php" "Mozilla/5.0 (Windows NT 10.0; Win64; x64) AppleWebKit/537.36 (KHTML, like Gecko) Chrome/120.0.0.0 Safari/537.36"
167.71.23.30 - - [05/Apr/2026:15:33:32 +0200] "GET /wp-admin/profile.php HTTP/1.1" 200 165472 "https://tekes.com.sg/wp-login.php" "Mozilla/5.0 (Windows NT 10.0; Win64; x64) AppleWebKit/537.36 (KHTML, like Gecko) Chrome/120.0.0.0 Safari/537.36"
167.71.23.30 - - [05/Apr/2026:15:33:33 +0200] "GET /wp-admin/edit.php HTTP/1.1" 200 165472 "https://tekes.com.sg/wp-login.php" "Mozilla/5.0 (Windows NT 10.0; Win64; x64) AppleWebKit/537.36 (KHTML, like Gecko) Chrome/120.0.0.0 Safari/537.36"
74.7.242.19 - - [05/Apr/2026:15:33:33 +0200] "GET /100042305.htm HTTP/1.1" 200 53525 "https://tekes.com.sg/?sitemap961.xml" "Mozilla/5.0 AppleWebKit/537.36 (KHTML, like Gecko; compatible; GPTBot/1.3; +https://openai.com/gptbot)"
167.71.23.30 - - [05/Apr/2026:15:33:34 +0200] "GET /wp-admin/plugins.php HTTP/1.1" 200 165472 "https://tekes.com.sg/wp-login.php" "Mozilla/5.0 (Windows NT 10.0; Win64; x64) AppleWebKit/537.36 (KHTML, like Gecko) Chrome/120.0.0.0 Safari/537.36"
167.71.23.30 - - [05/Apr/2026:15:33:35 +0200] "POST /wp-login.php HTTP/1.1" 200 53524 "https://tekes.com.sg/wp-login.php" "Mozilla/5.0 (Windows NT 10.0; Win64; x64; rv:118.0) Gecko/20100101 Firefox/118.0"
167.71.23.30 - - [05/Apr/2026:15:33:36 +0200] "GET /wp-admin/index.php HTTP/1.1" 200 165472 "https://tekes.com.sg/wp-login.php" "Mozilla/5.0 (Macintosh; Intel Mac OS X 13_6_1) AppleWebKit/537.36 (KHTML, like Gecko) Chrome/121.0.0.0 Safari/537.36"
74.7.242.19 - - [05/Apr/2026:15:33:36 +0200] "GET /300049065.htm?fileloc=/home/tekesnew/public_html/wp-activate.php&path=/home/tekesnew/public_html HTTP/1.1" 200 20705 "https://tekes.com.sg/300049065.htm" "Mozilla/5.0 AppleWebKit/537.36 (KHTML, like Gecko; compatible; GPTBot/1.3; +https://openai.com/gptbot)"
167.71.23.30 - - [05/Apr/2026:15:33:37 +0200] "GET /wp-admin/profile.php HTTP/1.1" 200 165472 "https://tekes.com.sg/wp-login.php" "Mozilla/5.0 (Macintosh; Intel Mac OS X 13_6_1) AppleWebKit/537.36 (KHTML, like Gecko) Chrome/121.0.0.0 Safari/537.36"
167.71.23.30 - - [05/Apr/2026:15:33:38 +0200] "GET /wp-admin/edit.php HTTP/1.1" 200 165472 "https://tekes.com.sg/wp-login.php" "Mozilla/5.0 (Macintosh; Intel Mac OS X 13_6_1) AppleWebKit/537.36 (KHTML, like Gecko) Chrome/121.0.0.0 Safari/537.36"
167.71.23.30 - - [05/Apr/2026:15:33:38 +0200] "GET /wp-admin/plugins.php HTTP/1.1" 200 165472 "https://tekes.com.sg/wp-login.php" "Mozilla/5.0 (Macintosh; Intel Mac OS X 13_6_1) AppleWebKit/537.36 (KHTML, like Gecko) Chrome/121.0.0.0 Safari/537.36"
167.71.23.30 - - [05/Apr/2026:15:33:39 +0200] "POST /wp-login.php HTTP/1.1" 200 53524 "https://tekes.com.sg/wp-login.php" "Mozilla/5.0 (Macintosh; Intel Mac OS X 13_6_1) AppleWebKit/605.1.15 (KHTML, like Gecko) Version/17.2 Safari/605.1.15"
74.7.242.19 - - [05/Apr/2026:15:33:39 +0200] "GET /222005573.htm?path=/home/tekesnew/public_html/339c6 HTTP/1.1" 200 14312 "https://tekes.com.sg/222005573.htm" "Mozilla/5.0 AppleWebKit/537.36 (KHTML, like Gecko; compatible; GPTBot/1.3; +https://openai.com/gptbot)"
167.71.23.30 - - [05/Apr/2026:15:33:40 +0200] "GET /wp-admin/index.php HTTP/1.1" 200 165472 "https://tekes.com.sg/wp-login.php" "Mozilla/5.0 (Macintosh; Intel Mac OS X 13_6_1) AppleWebKit/605.1.15 (KHTML, like Gecko) Version/16.6 Safari/605.1.15"
167.71.23.30 - - [05/Apr/2026:15:33:41 +0200] "GET /wp-admin/profile.php HTTP/1.1" 200 165472 "https://tekes.com.sg/wp-login.php" "Mozilla/5.0 (Macintosh; Intel Mac OS X 13_6_1) AppleWebKit/605.1.15 (KHTML, like Gecko) Version/16.6 Safari/605.1.15"
167.71.23.30 - - [05/Apr/2026:15:33:42 +0200] "GET /wp-admin/edit.php HTTP/1.1" 200 165472 "https://tekes.com.sg/wp-login.php" "Mozilla/5.0 (Macintosh; Intel Mac OS X 13_6_1) AppleWebKit/605.1.15 (KHTML, like Gecko) Version/16.6 Safari/605.1.15"
74.7.242.19 - - [05/Apr/2026:15:33:43 +0200] "GET /270004421.htm HTTP/1.1" 200 53525 "https://tekes.com.sg/?sitemap974.xml" "Mozilla/5.0 AppleWebKit/537.36 (KHTML, like Gecko; compatible; GPTBot/1.3; +https://openai.com/gptbot)"
167.71.23.30 - - [05/Apr/2026:15:33:43 +0200] "GET /wp-admin/plugins.php HTTP/1.1" 200 165472 "https://tekes.com.sg/wp-login.php" "Mozilla/5.0 (Macintosh; Intel Mac OS X 13_6_1) AppleWebKit/605.1.15 (KHTML, like Gecko) Version/16.6 Safari/605.1.15"
167.71.23.30 - - [05/Apr/2026:15:33:44 +0200] "POST /wp-login.php HTTP/1.1" 200 53524 "https://tekes.com.sg/wp-login.php" "Mozilla/5.0 (Windows NT 11.0; Win64; x64) AppleWebKit/537.36 (KHTML, like Gecko) Chrome/118.0.0.0 Safari/537.36"
167.71.23.30 - - [05/Apr/2026:15:33:45 +0200] "GET /wp-admin/index.php HTTP/1.1" 200 165472 "https://tekes.com.sg/wp-login.php" "Mozilla/5.0 (Macintosh; Intel Mac OS X 10_15_7) AppleWebKit/605.1.15 (KHTML, like Gecko) Version/17.1 Safari/605.1.15"
74.7.242.19 - - [05/Apr/2026:15:33:46 +0200] "GET /088039111.htm HTTP/1.1" 200 53525 "https://tekes.com.sg/?sitemap961.xml" "Mozilla/5.0 AppleWebKit/537.36 (KHTML, like Gecko; compatible; GPTBot/1.3; +https://openai.com/gptbot)"
167.71.23.30 - - [05/Apr/2026:15:33:46 +0200] "GET /wp-admin/profile.php HTTP/1.1" 200 165472 "https://tekes.com.sg/wp-login.php" "Mozilla/5.0 (Macintosh; Intel Mac OS X 10_15_7) AppleWebKit/605.1.15 (KHTML, like Gecko) Version/17.1 Safari/605.1.15"
167.71.23.30 - - [05/Apr/2026:15:33:47 +0200] "GET /wp-admin/edit.php HTTP/1.1" 200 165472 "https://tekes.com.sg/wp-login.php" "Mozilla/5.0 (Macintosh; Intel Mac OS X 10_15_7) AppleWebKit/605.1.15 (KHTML, like Gecko) Version/17.1 Safari/605.1.15"
167.71.23.30 - - [05/Apr/2026:15:33:48 +0200] "GET /wp-admin/plugins.php HTTP/1.1" 200 165472 "https://tekes.com.sg/wp-login.php" "Mozilla/5.0 (Macintosh; Intel Mac OS X 10_15_7) AppleWebKit/605.1.15 (KHTML, like Gecko) Version/17.1 Safari/605.1.15"
114.119.128.196 - - [05/Apr/2026:15:33:48 +0200] "GET /item/endur11018200/ HTTP/1.1" 200 53525 "https://tekes.com.sg/sitemapk.xml" "Mozilla/5.0 (Linux; Android 7.0;) AppleWebKit/537.36 (KHTML, like Gecko) Mobile Safari/537.36 (compatible; PetalBot;+https://webmaster.petalsearch.com/site/petalbot)"
74.7.242.19 - - [05/Apr/2026:15:33:49 +0200] "GET /200042231.htm HTTP/1.1" 200 53525 "https://tekes.com.sg/?sitemap29.xml" "Mozilla/5.0 AppleWebKit/537.36 (KHTML, like Gecko; compatible; GPTBot/1.3; +https://openai.com/gptbot)"
167.71.23.30 - - [05/Apr/2026:15:33:49 +0200] "POST /wp-login.php HTTP/1.1" 200 53524 "https://tekes.com.sg/wp-login.php" "Mozilla/5.0 (Macintosh; Intel Mac OS X 13_6_1; rv:119.0) Gecko/20100101 Firefox/119.0"
167.71.23.30 - - [05/Apr/2026:15:33:50 +0200] "GET /wp-admin/index.php HTTP/1.1" 200 165472 "https://tekes.com.sg/wp-login.php" "Mozilla/5.0 (Macintosh; Intel Mac OS X 10_15_7; rv:119.0) Gecko/20100101 Firefox/119.0"
167.71.23.30 - - [05/Apr/2026:15:33:51 +0200] "GET /wp-admin/profile.php HTTP/1.1" 200 165472 "https://tekes.com.sg/wp-login.php" "Mozilla/5.0 (Macintosh; Intel Mac OS X 10_15_7; rv:119.0) Gecko/20100101 Firefox/119.0"
167.71.23.30 - - [05/Apr/2026:15:33:52 +0200] "GET /wp-admin/edit.php HTTP/1.1" 200 165472 "https://tekes.com.sg/wp-login.php" "Mozilla/5.0 (Macintosh; Intel Mac OS X 10_15_7; rv:119.0) Gecko/20100101 Firefox/119.0"
74.7.242.19 - - [05/Apr/2026:15:33:52 +0200] "GET /080001469.htm HTTP/1.1" 200 53525 "https://tekes.com.sg/?sitemap29.xml" "Mozilla/5.0 AppleWebKit/537.36 (KHTML, like Gecko; compatible; GPTBot/1.3; +https://openai.com/gptbot)"
167.71.23.30 - - [05/Apr/2026:15:33:53 +0200] "GET /wp-admin/plugins.php HTTP/1.1" 200 165472 "https://tekes.com.sg/wp-login.php" "Mozilla/5.0 (Macintosh; Intel Mac OS X 10_15_7; rv:119.0) Gecko/20100101 Firefox/119.0"
167.71.23.30 - - [05/Apr/2026:15:33:53 +0200] "POST /wp-login.php HTTP/1.1" 200 53524 "https://tekes.com.sg/wp-login.php" "Mozilla/5.0 (Windows NT 11.0; Win64; x64; rv:121.0) Gecko/20100101 Firefox/121.0"
167.71.23.30 - - [05/Apr/2026:15:33:54 +0200] "GET /wp-admin/index.php HTTP/1.1" 200 165472 "https://tekes.com.sg/wp-login.php" "Mozilla/5.0 (X11; Ubuntu; Linux x86_64) AppleWebKit/537.36 (KHTML, like Gecko) Chrome/118.0.0.0 Safari/537.36"
74.7.242.19 - - [05/Apr/2026:15:33:55 +0200] "GET /100019499.htm HTTP/1.1" 200 53525 "https://tekes.com.sg/?sitemap974.xml" "Mozilla/5.0 AppleWebKit/537.36 (KHTML, like Gecko; compatible; GPTBot/1.3; +https://openai.com/gptbot)"
167.71.23.30 - - [05/Apr/2026:15:33:55 +0200] "GET /wp-admin/profile.php HTTP/1.1" 200 165472 "https://tekes.com.sg/wp-login.php" "Mozilla/5.0 (X11; Ubuntu; Linux x86_64) AppleWebKit/537.36 (KHTML, like Gecko) Chrome/118.0.0.0 Safari/537.36"
167.71.23.30 - - [05/Apr/2026:15:33:56 +0200] "GET /wp-admin/edit.php HTTP/1.1" 200 165472 "https://tekes.com.sg/wp-login.php" "Mozilla/5.0 (X11; Ubuntu; Linux x86_64) AppleWebKit/537.36 (KHTML, like Gecko) Chrome/118.0.0.0 Safari/537.36"
167.71.23.30 - - [05/Apr/2026:15:33:57 +0200] "GET /wp-admin/plugins.php HTTP/1.1" 200 165472 "https://tekes.com.sg/wp-login.php" "Mozilla/5.0 (X11; Ubuntu; Linux x86_64) AppleWebKit/537.36 (KHTML, like Gecko) Chrome/118.0.0.0 Safari/537.36"
167.71.23.30 - - [05/Apr/2026:15:33:58 +0200] "POST /wp-login.php HTTP/1.1" 200 53524 "https://tekes.com.sg/wp-login.php" "Mozilla/5.0 (Macintosh; Intel Mac OS X 13_6_1; rv:120.0) Gecko/20100101 Firefox/120.0"
74.7.242.19 - - [05/Apr/2026:15:33:58 +0200] "GET /110003163.htm HTTP/1.1" 200 53525 "https://tekes.com.sg/?sitemap783.xml" "Mozilla/5.0 AppleWebKit/537.36 (KHTML, like Gecko; compatible; GPTBot/1.3; +https://openai.com/gptbot)"
167.71.23.30 - - [05/Apr/2026:15:33:59 +0200] "GET /wp-admin/index.php HTTP/1.1" 200 165472 "https://tekes.com.sg/wp-login.php" "Mozilla/5.0 (Macintosh; Intel Mac OS X 13_6_1) AppleWebKit/537.36 (KHTML, like Gecko) Chrome/120.0.0.0 Safari/537.36"
167.71.23.30 - - [05/Apr/2026:15:34:00 +0200] "GET /wp-admin/profile.php HTTP/1.1" 200 165472 "https://tekes.com.sg/wp-login.php" "Mozilla/5.0 (Macintosh; Intel Mac OS X 13_6_1) AppleWebKit/537.36 (KHTML, like Gecko) Chrome/120.0.0.0 Safari/537.36"
167.71.23.30 - - [05/Apr/2026:15:34:01 +0200] "GET /wp-admin/edit.php HTTP/1.1" 200 165472 "https://tekes.com.sg/wp-login.php" "Mozilla/5.0 (Macintosh; Intel Mac OS X 13_6_1) AppleWebKit/537.36 (KHTML, like Gecko) Chrome/120.0.0.0 Safari/537.36"
74.7.242.19 - - [05/Apr/2026:15:34:01 +0200] "GET /006000941.htm HTTP/1.1" 200 53525 "https://tekes.com.sg/?sitemap974.xml" "Mozilla/5.0 AppleWebKit/537.36 (KHTML, like Gecko; compatible; GPTBot/1.3; +https://openai.com/gptbot)"
167.71.23.30 - - [05/Apr/2026:15:34:02 +0200] "GET /wp-admin/plugins.php HTTP/1.1" 200 165472 "https://tekes.com.sg/wp-login.php" "Mozilla/5.0 (Macintosh; Intel Mac OS X 13_6_1) AppleWebKit/537.36 (KHTML, like Gecko) Chrome/120.0.0.0 Safari/537.36"
167.71.23.30 - - [05/Apr/2026:15:34:03 +0200] "POST /wp-login.php HTTP/1.1" 200 53524 "https://tekes.com.sg/wp-login.php" "Mozilla/5.0 (X11; Linux x86_64) AppleWebKit/537.36 (KHTML, like Gecko) Chrome/119.0.0.0 Safari/537.36"
167.71.23.30 - - [05/Apr/2026:15:34:03 +0200] "GET /wp-admin/index.php HTTP/1.1" 200 165472 "https://tekes.com.sg/wp-login.php" "Mozilla/5.0 (Windows NT 10.0; Win64; x64) AppleWebKit/537.36 (KHTML, like Gecko) Chrome/119.0.0.0 Safari/537.36"
74.7.242.19 - - [05/Apr/2026:15:34:04 +0200] "GET /109026660.htm HTTP/1.1" 200 53525 "https://tekes.com.sg/?sitemap961.xml" "Mozilla/5.0 AppleWebKit/537.36 (KHTML, like Gecko; compatible; GPTBot/1.3; +https://openai.com/gptbot)"
167.71.23.30 - - [05/Apr/2026:15:34:04 +0200] "GET /wp-admin/profile.php HTTP/1.1" 200 165472 "https://tekes.com.sg/wp-login.php" "Mozilla/5.0 (Windows NT 10.0; Win64; x64) AppleWebKit/537.36 (KHTML, like Gecko) Chrome/119.0.0.0 Safari/537.36"
167.71.23.30 - - [05/Apr/2026:15:34:05 +0200] "GET /wp-admin/edit.php HTTP/1.1" 200 165472 "https://tekes.com.sg/wp-login.php" "Mozilla/5.0 (Windows NT 10.0; Win64; x64) AppleWebKit/537.36 (KHTML, like Gecko) Chrome/119.0.0.0 Safari/537.36"
167.71.23.30 - - [05/Apr/2026:15:34:06 +0200] "GET /wp-admin/plugins.php HTTP/1.1" 200 165472 "https://tekes.com.sg/wp-login.php" "Mozilla/5.0 (Windows NT 10.0; Win64; x64) AppleWebKit/537.36 (KHTML, like Gecko) Chrome/119.0.0.0 Safari/537.36"
167.71.23.30 - - [05/Apr/2026:15:34:07 +0200] "POST /wp-login.php HTTP/1.1" 200 53524 "https://tekes.com.sg/wp-login.php" "Mozilla/5.0 (Windows NT 11.0; Win64; x64; rv:120.0) Gecko/20100101 Firefox/120.0"
74.7.242.19 - - [05/Apr/2026:15:34:07 +0200] "GET /100042305.htm?fileloc=/home/tekesnew/public_html/wp-links-opml.php&path=/home/tekesnew/public_html HTTP/1.1" 200 15168 "https://tekes.com.sg/100042305.htm" "Mozilla/5.0 AppleWebKit/537.36 (KHTML, like Gecko; compatible; GPTBot/1.3; +https://openai.com/gptbot)"
167.71.23.30 - - [05/Apr/2026:15:34:08 +0200] "GET /wp-admin/index.php HTTP/1.1" 200 165472 "https://tekes.com.sg/wp-login.php" "Mozilla/5.0 (Macintosh; Intel Mac OS X 13_6_1; rv:120.0) Gecko/20100101 Firefox/120.0"
167.71.23.30 - - [05/Apr/2026:15:34:09 +0200] "GET /wp-admin/profile.php HTTP/1.1" 200 165472 "https://tekes.com.sg/wp-login.php" "Mozilla/5.0 (Macintosh; Intel Mac OS X 13_6_1; rv:120.0) Gecko/20100101 Firefox/120.0"
167.71.23.30 - - [05/Apr/2026:15:34:10 +0200] "GET /wp-admin/edit.php HTTP/1.1" 200 165472 "https://tekes.com.sg/wp-login.php" "Mozilla/5.0 (Macintosh; Intel Mac OS X 13_6_1; rv:120.0) Gecko/20100101 Firefox/120.0"
74.7.242.19 - - [05/Apr/2026:15:34:11 +0200] "GET /132022555.htm HTTP/1.1" 200 53525 "https://tekes.com.sg/?sitemap527.xml" "Mozilla/5.0 AppleWebKit/537.36 (KHTML, like Gecko; compatible; GPTBot/1.3; +https://openai.com/gptbot)"
167.71.23.30 - - [05/Apr/2026:15:34:11 +0200] "GET /wp-admin/plugins.php HTTP/1.1" 200 165472 "https://tekes.com.sg/wp-login.php" "Mozilla/5.0 (Macintosh; Intel Mac OS X 13_6_1; rv:120.0) Gecko/20100101 Firefox/120.0"
167.71.23.30 - - [05/Apr/2026:15:34:12 +0200] "POST /wp-login.php HTTP/1.1" 200 53524 "https://tekes.com.sg/wp-login.php" "Mozilla/5.0 (Macintosh; Intel Mac OS X 10_15_7) AppleWebKit/605.1.15 (KHTML, like Gecko) Version/17.1 Safari/605.1.15"
167.71.23.30 - - [05/Apr/2026:15:34:13 +0200] "GET /wp-admin/index.php HTTP/1.1" 200 165472 "https://tekes.com.sg/wp-login.php" "Mozilla/5.0 (Macintosh; Intel Mac OS X 10_15_7; rv:121.0) Gecko/20100101 Firefox/121.0"
74.7.242.19 - - [05/Apr/2026:15:34:14 +0200] "GET /280008265.htm HTTP/1.1" 200 53525 "https://tekes.com.sg/?sitemap527.xml" "Mozilla/5.0 AppleWebKit/537.36 (KHTML, like Gecko; compatible; GPTBot/1.3; +https://openai.com/gptbot)"
167.71.23.30 - - [05/Apr/2026:15:34:14 +0200] "GET /wp-admin/profile.php HTTP/1.1" 200 165472 "https://tekes.com.sg/wp-login.php" "Mozilla/5.0 (Macintosh; Intel Mac OS X 10_15_7; rv:121.0) Gecko/20100101 Firefox/121.0"
167.71.23.30 - - [05/Apr/2026:15:34:15 +0200] "GET /wp-admin/edit.php HTTP/1.1" 200 165472 "https://tekes.com.sg/wp-login.php" "Mozilla/5.0 (Macintosh; Intel Mac OS X 10_15_7; rv:121.0) Gecko/20100101 Firefox/121.0"
167.71.23.30 - - [05/Apr/2026:15:34:17 +0200] "GET /wp-admin/plugins.php HTTP/1.1" 200 165472 "https://tekes.com.sg/wp-login.php" "Mozilla/5.0 (Macintosh; Intel Mac OS X 10_15_7; rv:121.0) Gecko/20100101 Firefox/121.0"
74.7.242.19 - - [05/Apr/2026:15:34:17 +0200] "GET /270004421.htm?path=/ HTTP/1.1" 200 48566 "https://tekes.com.sg/270004421.htm" "Mozilla/5.0 AppleWebKit/537.36 (KHTML, like Gecko; compatible; GPTBot/1.3; +https://openai.com/gptbot)"
167.71.23.30 - - [05/Apr/2026:15:34:18 +0200] "POST /wp-login.php HTTP/1.1" 200 53524 "https://tekes.com.sg/wp-login.php" "Mozilla/5.0 (X11; Linux x86_64) AppleWebKit/537.36 (KHTML, like Gecko) Chrome/119.0.0.0 Safari/537.36"
167.71.23.30 - - [05/Apr/2026:15:34:19 +0200] "GET /wp-admin/index.php HTTP/1.1" 200 165472 "https://tekes.com.sg/wp-login.php" "Mozilla/5.0 (Macintosh; Intel Mac OS X 10_15_7; rv:121.0) Gecko/20100101 Firefox/121.0"
167.71.23.30 - - [05/Apr/2026:15:34:20 +0200] "GET /wp-admin/profile.php HTTP/1.1" 200 165472 "https://tekes.com.sg/wp-login.php" "Mozilla/5.0 (Macintosh; Intel Mac OS X 10_15_7; rv:121.0) Gecko/20100101 Firefox/121.0"
74.7.242.19 - - [05/Apr/2026:15:34:20 +0200] "GET /110001893.htm HTTP/1.1" 200 53525 "https://tekes.com.sg/?sitemap29.xml" "Mozilla/5.0 AppleWebKit/537.36 (KHTML, like Gecko; compatible; GPTBot/1.3; +https://openai.com/gptbot)"
167.71.23.30 - - [05/Apr/2026:15:34:21 +0200] "GET /wp-admin/edit.php HTTP/1.1" 200 165472 "https://tekes.com.sg/wp-login.php" "Mozilla/5.0 (Macintosh; Intel Mac OS X 10_15_7; rv:121.0) Gecko/20100101 Firefox/121.0"
167.71.23.30 - - [05/Apr/2026:15:34:22 +0200] "GET /wp-admin/plugins.php HTTP/1.1" 200 165472 "https://tekes.com.sg/wp-login.php" "Mozilla/5.0 (Macintosh; Intel Mac OS X 10_15_7; rv:121.0) Gecko/20100101 Firefox/121.0"
167.71.23.30 - - [05/Apr/2026:15:34:23 +0200] "POST /wp-login.php HTTP/1.1" 200 53524 "https://tekes.com.sg/wp-login.php" "Mozilla/5.0 (Windows NT 10.0; Win64; x64; rv:121.0) Gecko/20100101 Firefox/121.0"
74.7.242.19 - - [05/Apr/2026:15:34:23 +0200] "GET /090014445.htm HTTP/1.1" 200 53525 "https://tekes.com.sg/?sitemap527.xml" "Mozilla/5.0 AppleWebKit/537.36 (KHTML, like Gecko; compatible; GPTBot/1.3; +https://openai.com/gptbot)"
167.71.23.30 - - [05/Apr/2026:15:34:24 +0200] "GET /wp-admin/index.php HTTP/1.1" 200 165472 "https://tekes.com.sg/wp-login.php" "Mozilla/5.0 (Macintosh; Intel Mac OS X 13_6_1) AppleWebKit/605.1.15 (KHTML, like Gecko) Version/17.1 Safari/605.1.15"
167.71.23.30 - - [05/Apr/2026:15:34:25 +0200] "GET /wp-admin/profile.php HTTP/1.1" 200 165472 "https://tekes.com.sg/wp-login.php" "Mozilla/5.0 (Macintosh; Intel Mac OS X 13_6_1) AppleWebKit/605.1.15 (KHTML, like Gecko) Version/17.1 Safari/605.1.15"
167.71.23.30 - - [05/Apr/2026:15:34:26 +0200] "GET /wp-admin/edit.php HTTP/1.1" 200 165472 "https://tekes.com.sg/wp-login.php" "Mozilla/5.0 (Macintosh; Intel Mac OS X 13_6_1) AppleWebKit/605.1.15 (KHTML, like Gecko) Version/17.1 Safari/605.1.15"
74.7.242.19 - - [05/Apr/2026:15:34:27 +0200] "GET /111016864.htm HTTP/1.1" 200 53525 "https://tekes.com.sg/?sitemap29.xml" "Mozilla/5.0 AppleWebKit/537.36 (KHTML, like Gecko; compatible; GPTBot/1.3; +https://openai.com/gptbot)"
167.71.23.30 - - [05/Apr/2026:15:34:28 +0200] "GET /wp-admin/plugins.php HTTP/1.1" 200 165472 "https://tekes.com.sg/wp-login.php" "Mozilla/5.0 (Macintosh; Intel Mac OS X 13_6_1) AppleWebKit/605.1.15 (KHTML, like Gecko) Version/17.1 Safari/605.1.15"
167.71.23.30 - - [05/Apr/2026:15:34:28 +0200] "POST /wp-login.php HTTP/1.1" 200 53524 "https://tekes.com.sg/wp-login.php" "Mozilla/5.0 (X11; Linux x86_64) AppleWebKit/537.36 (KHTML, like Gecko) Chrome/119.0.0.0 Safari/537.36"
167.71.23.30 - - [05/Apr/2026:15:34:29 +0200] "GET /wp-admin/index.php HTTP/1.1" 200 165472 "https://tekes.com.sg/wp-login.php" "Mozilla/5.0 (Macintosh; Intel Mac OS X 13_6_1; rv:121.0) Gecko/20100101 Firefox/121.0"
74.7.242.19 - - [05/Apr/2026:15:34:30 +0200] "GET /091000778.htm HTTP/1.1" 200 53525 "https://tekes.com.sg/?sitemap527.xml" "Mozilla/5.0 AppleWebKit/537.36 (KHTML, like Gecko; compatible; GPTBot/1.3; +https://openai.com/gptbot)"
167.71.23.30 - - [05/Apr/2026:15:34:30 +0200] "GET /wp-admin/profile.php HTTP/1.1" 200 165472 "https://tekes.com.sg/wp-login.php" "Mozilla/5.0 (Macintosh; Intel Mac OS X 13_6_1; rv:121.0) Gecko/20100101 Firefox/121.0"
167.71.23.30 - - [05/Apr/2026:15:34:31 +0200] "GET /wp-admin/edit.php HTTP/1.1" 200 165472 "https://tekes.com.sg/wp-login.php" "Mozilla/5.0 (Macintosh; Intel Mac OS X 13_6_1; rv:121.0) Gecko/20100101 Firefox/121.0"
167.71.23.30 - - [05/Apr/2026:15:34:32 +0200] "GET /wp-admin/plugins.php HTTP/1.1" 200 165472 "https://tekes.com.sg/wp-login.php" "Mozilla/5.0 (Macintosh; Intel Mac OS X 13_6_1; rv:121.0) Gecko/20100101 Firefox/121.0"
74.7.242.19 - - [05/Apr/2026:15:34:33 +0200] "GET /110003163.htm?fileloc=/home/tekesnew/public_html/robots.txt&path=/home/tekesnew/public_html HTTP/1.1" 200 12459 "https://tekes.com.sg/110003163.htm" "Mozilla/5.0 AppleWebKit/537.36 (KHTML, like Gecko; compatible; GPTBot/1.3; +https://openai.com/gptbot)"
167.71.23.30 - - [05/Apr/2026:15:34:34 +0200] "POST /wp-login.php HTTP/1.1" 200 53524 "https://tekes.com.sg/wp-login.php" "Mozilla/5.0 (Macintosh; Intel Mac OS X 10_15_7) AppleWebKit/605.1.15 (KHTML, like Gecko) Version/17.0 Safari/605.1.15"
167.71.23.30 - - [05/Apr/2026:15:34:34 +0200] "GET /wp-admin/index.php HTTP/1.1" 200 165472 "https://tekes.com.sg/wp-login.php" "Mozilla/5.0 (Windows NT 11.0; Win64; x64; rv:119.0) Gecko/20100101 Firefox/119.0"
167.71.23.30 - - [05/Apr/2026:15:34:35 +0200] "GET /wp-admin/profile.php HTTP/1.1" 200 165472 "https://tekes.com.sg/wp-login.php" "Mozilla/5.0 (Windows NT 11.0; Win64; x64; rv:119.0) Gecko/20100101 Firefox/119.0"
167.71.23.30 - - [05/Apr/2026:15:34:36 +0200] "GET /wp-admin/edit.php HTTP/1.1" 200 165472 "https://tekes.com.sg/wp-login.php" "Mozilla/5.0 (Windows NT 11.0; Win64; x64; rv:119.0) Gecko/20100101 Firefox/119.0"
74.7.242.19 - - [05/Apr/2026:15:34:36 +0200] "GET /075000436.htm HTTP/1.1" 200 53525 "https://tekes.com.sg/?sitemap29.xml" "Mozilla/5.0 AppleWebKit/537.36 (KHTML, like Gecko; compatible; GPTBot/1.3; +https://openai.com/gptbot)"
167.71.23.30 - - [05/Apr/2026:15:34:37 +0200] "GET /wp-admin/plugins.php HTTP/1.1" 200 165472 "https://tekes.com.sg/wp-login.php" "Mozilla/5.0 (Windows NT 11.0; Win64; x64; rv:119.0) Gecko/20100101 Firefox/119.0"
167.71.23.30 - - [05/Apr/2026:15:34:38 +0200] "POST /wp-login.php HTTP/1.1" 200 53524 "https://tekes.com.sg/wp-login.php" "Mozilla/5.0 (Macintosh; Intel Mac OS X 13_6_1; rv:120.0) Gecko/20100101 Firefox/120.0"
167.71.23.30 - - [05/Apr/2026:15:34:39 +0200] "GET /wp-admin/index.php HTTP/1.1" 200 165472 "https://tekes.com.sg/wp-login.php" "Mozilla/5.0 (Windows NT 10.0; Win64; x64) AppleWebKit/537.36 (KHTML, like Gecko) Chrome/119.0.0.0 Safari/537.36"
74.7.242.19 - - [05/Apr/2026:15:34:39 +0200] "GET /109026660.htm?fileloc=/home/tekesnew/public_html/wp-links-opml.php&path=/home/tekesnew/public_html HTTP/1.1" 200 15168 "https://tekes.com.sg/109026660.htm" "Mozilla/5.0 AppleWebKit/537.36 (KHTML, like Gecko; compatible; GPTBot/1.3; +https://openai.com/gptbot)"
167.71.23.30 - - [05/Apr/2026:15:34:40 +0200] "GET /wp-admin/profile.php HTTP/1.1" 200 165472 "https://tekes.com.sg/wp-login.php" "Mozilla/5.0 (Windows NT 10.0; Win64; x64) AppleWebKit/537.36 (KHTML, like Gecko) Chrome/119.0.0.0 Safari/537.36"
167.71.23.30 - - [05/Apr/2026:15:34:41 +0200] "GET /wp-admin/edit.php HTTP/1.1" 200 165472 "https://tekes.com.sg/wp-login.php" "Mozilla/5.0 (Windows NT 10.0; Win64; x64) AppleWebKit/537.36 (KHTML, like Gecko) Chrome/119.0.0.0 Safari/537.36"
167.71.23.30 - - [05/Apr/2026:15:34:42 +0200] "GET /wp-admin/plugins.php HTTP/1.1" 200 165472 "https://tekes.com.sg/wp-login.php" "Mozilla/5.0 (Windows NT 10.0; Win64; x64) AppleWebKit/537.36 (KHTML, like Gecko) Chrome/119.0.0.0 Safari/537.36"
74.7.242.19 - - [05/Apr/2026:15:34:43 +0200] "GET /059003222.htm HTTP/1.1" 200 53525 "https://tekes.com.sg/?sitemap961.xml" "Mozilla/5.0 AppleWebKit/537.36 (KHTML, like Gecko; compatible; GPTBot/1.3; +https://openai.com/gptbot)"
74.7.242.19 - - [05/Apr/2026:15:34:46 +0200] "GET /120001253.htm HTTP/1.1" 200 53525 "https://tekes.com.sg/?sitemap29.xml" "Mozilla/5.0 AppleWebKit/537.36 (KHTML, like Gecko; compatible; GPTBot/1.3; +https://openai.com/gptbot)"
74.7.242.19 - - [05/Apr/2026:15:34:49 +0200] "GET /100026013.htm HTTP/1.1" 200 53525 "https://tekes.com.sg/?sitemap783.xml" "Mozilla/5.0 AppleWebKit/537.36 (KHTML, like Gecko; compatible; GPTBot/1.3; +https://openai.com/gptbot)"
74.7.242.19 - - [05/Apr/2026:15:34:52 +0200] "GET /290038889.htm HTTP/1.1" 200 53525 "https://tekes.com.sg/?sitemap29.xml" "Mozilla/5.0 AppleWebKit/537.36 (KHTML, like Gecko; compatible; GPTBot/1.3; +https://openai.com/gptbot)"
74.7.242.19 - - [05/Apr/2026:15:34:55 +0200] "GET /110001893.htm?path=/ HTTP/1.1" 200 48566 "https://tekes.com.sg/110001893.htm" "Mozilla/5.0 AppleWebKit/537.36 (KHTML, like Gecko; compatible; GPTBot/1.3; +https://openai.com/gptbot)"
74.7.242.19 - - [05/Apr/2026:15:34:58 +0200] "GET /060009127.htm HTTP/1.1" 200 53525 "https://tekes.com.sg/?sitemap527.xml" "Mozilla/5.0 AppleWebKit/537.36 (KHTML, like Gecko; compatible; GPTBot/1.3; +https://openai.com/gptbot)"
74.7.242.19 - - [05/Apr/2026:15:35:02 +0200] "GET /257044404.htm HTTP/1.1" 200 53525 "https://tekes.com.sg/?sitemap974.xml" "Mozilla/5.0 AppleWebKit/537.36 (KHTML, like Gecko; compatible; GPTBot/1.3; +https://openai.com/gptbot)"
74.7.242.19 - - [05/Apr/2026:15:35:05 +0200] "GET /077015550.htm HTTP/1.1" 200 53525 "https://tekes.com.sg/?sitemap29.xml" "Mozilla/5.0 AppleWebKit/537.36 (KHTML, like Gecko; compatible; GPTBot/1.3; +https://openai.com/gptbot)"
74.7.242.19 - - [05/Apr/2026:15:35:08 +0200] "GET /242014777.htm HTTP/1.1" 200 53525 "https://tekes.com.sg/?sitemap29.xml" "Mozilla/5.0 AppleWebKit/537.36 (KHTML, like Gecko; compatible; GPTBot/1.3; +https://openai.com/gptbot)"
74.7.242.19 - - [05/Apr/2026:15:35:11 +0200] "GET /111018946.htm HTTP/1.1" 200 53525 "https://tekes.com.sg/?sitemap29.xml" "Mozilla/5.0 AppleWebKit/537.36 (KHTML, like Gecko; compatible; GPTBot/1.3; +https://openai.com/gptbot)"
74.7.242.19 - - [05/Apr/2026:15:35:14 +0200] "GET /300035257.htm HTTP/1.1" 200 53525 "https://tekes.com.sg/?sitemap29.xml" "Mozilla/5.0 AppleWebKit/537.36 (KHTML, like Gecko; compatible; GPTBot/1.3; +https://openai.com/gptbot)"
