167.71.23.30 - - [05/Apr/2026:15:08:17 +0200] "GET /wp-admin/edit.php HTTP/1.1" 200 165472 "https://tekes.com.sg/wp-login.php" "Mozilla/5.0 (Macintosh; Intel Mac OS X 10_15_7) AppleWebKit/537.36 (KHTML, like Gecko) Chrome/118.0.0.0 Safari/537.36"
167.71.23.30 - - [05/Apr/2026:15:08:18 +0200] "GET /wp-admin/plugins.php HTTP/1.1" 200 165472 "https://tekes.com.sg/wp-login.php" "Mozilla/5.0 (Macintosh; Intel Mac OS X 10_15_7) AppleWebKit/537.36 (KHTML, like Gecko) Chrome/118.0.0.0 Safari/537.36"
74.7.242.19 - - [05/Apr/2026:15:08:18 +0200] "GET /222019555.htm HTTP/1.1" 200 53525 "https://tekes.com.sg/?sitemap961.xml" "Mozilla/5.0 AppleWebKit/537.36 (KHTML, like Gecko; compatible; GPTBot/1.3; +https://openai.com/gptbot)"
167.71.23.30 - - [05/Apr/2026:15:08:19 +0200] "POST /wp-login.php HTTP/1.1" 200 53524 "https://tekes.com.sg/wp-login.php" "Mozilla/5.0 (Windows NT 10.0; Win64; x64; rv:118.0) Gecko/20100101 Firefox/118.0"
167.71.23.30 - - [05/Apr/2026:15:08:20 +0200] "GET /wp-admin/index.php HTTP/1.1" 200 165472 "https://tekes.com.sg/wp-login.php" "Mozilla/5.0 (Macintosh; Intel Mac OS X 10_15_7; rv:121.0) Gecko/20100101 Firefox/121.0"
74.7.242.19 - - [05/Apr/2026:15:08:21 +0200] "GET /149000914.htm?fileloc=/home/tekesnew/public_html/wp-comments-post.php&path=/home/tekesnew/public_html HTTP/1.1" 200 14771 "https://tekes.com.sg/149000914.htm" "Mozilla/5.0 AppleWebKit/537.36 (KHTML, like Gecko; compatible; GPTBot/1.3; +https://openai.com/gptbot)"
167.71.23.30 - - [05/Apr/2026:15:08:21 +0200] "GET /wp-admin/profile.php HTTP/1.1" 200 165472 "https://tekes.com.sg/wp-login.php" "Mozilla/5.0 (Macintosh; Intel Mac OS X 10_15_7; rv:121.0) Gecko/20100101 Firefox/121.0"
167.71.23.30 - - [05/Apr/2026:15:08:23 +0200] "GET /wp-admin/edit.php HTTP/1.1" 200 165472 "https://tekes.com.sg/wp-login.php" "Mozilla/5.0 (Macintosh; Intel Mac OS X 10_15_7; rv:121.0) Gecko/20100101 Firefox/121.0"
74.7.242.19 - - [05/Apr/2026:15:08:24 +0200] "GET /100034005.htm HTTP/1.1" 200 53525 "https://tekes.com.sg/?sitemap29.xml" "Mozilla/5.0 AppleWebKit/537.36 (KHTML, like Gecko; compatible; GPTBot/1.3; +https://openai.com/gptbot)"
167.71.23.30 - - [05/Apr/2026:15:08:25 +0200] "GET /wp-admin/plugins.php HTTP/1.1" 200 165472 "https://tekes.com.sg/wp-login.php" "Mozilla/5.0 (Macintosh; Intel Mac OS X 10_15_7; rv:121.0) Gecko/20100101 Firefox/121.0"
167.71.23.30 - - [05/Apr/2026:15:08:27 +0200] "POST /wp-login.php HTTP/1.1" 200 53524 "https://tekes.com.sg/wp-login.php" "Mozilla/5.0 (Windows NT 10.0; Win64; x64) AppleWebKit/537.36 (KHTML, like Gecko) Chrome/121.0.0.0 Safari/537.36"
74.7.242.19 - - [05/Apr/2026:15:08:27 +0200] "GET /200029689.htm HTTP/1.1" 200 53525 "https://tekes.com.sg/?sitemap961.xml" "Mozilla/5.0 AppleWebKit/537.36 (KHTML, like Gecko; compatible; GPTBot/1.3; +https://openai.com/gptbot)"
167.71.23.30 - - [05/Apr/2026:15:08:28 +0200] "GET /wp-admin/index.php HTTP/1.1" 200 165472 "https://tekes.com.sg/wp-login.php" "Mozilla/5.0 (X11; Ubuntu; Linux x86_64) AppleWebKit/537.36 (KHTML, like Gecko) Chrome/118.0.0.0 Safari/537.36"
167.71.23.30 - - [05/Apr/2026:15:08:29 +0200] "GET /wp-admin/profile.php HTTP/1.1" 200 165472 "https://tekes.com.sg/wp-login.php" "Mozilla/5.0 (X11; Ubuntu; Linux x86_64) AppleWebKit/537.36 (KHTML, like Gecko) Chrome/118.0.0.0 Safari/537.36"
74.7.242.19 - - [05/Apr/2026:15:08:30 +0200] "GET /275000212.htm HTTP/1.1" 200 53525 "https://tekes.com.sg/?sitemap29.xml" "Mozilla/5.0 AppleWebKit/537.36 (KHTML, like Gecko; compatible; GPTBot/1.3; +https://openai.com/gptbot)"
167.71.23.30 - - [05/Apr/2026:15:08:31 +0200] "GET /wp-admin/edit.php HTTP/1.1" 200 165472 "https://tekes.com.sg/wp-login.php" "Mozilla/5.0 (X11; Ubuntu; Linux x86_64) AppleWebKit/537.36 (KHTML, like Gecko) Chrome/118.0.0.0 Safari/537.36"
167.71.23.30 - - [05/Apr/2026:15:08:33 +0200] "GET /wp-admin/plugins.php HTTP/1.1" 200 165472 "https://tekes.com.sg/wp-login.php" "Mozilla/5.0 (X11; Ubuntu; Linux x86_64) AppleWebKit/537.36 (KHTML, like Gecko) Chrome/118.0.0.0 Safari/537.36"
74.7.242.19 - - [05/Apr/2026:15:08:34 +0200] "GET /222038267.htm HTTP/1.1" 200 53525 "https://tekes.com.sg/?sitemap974.xml" "Mozilla/5.0 AppleWebKit/537.36 (KHTML, like Gecko; compatible; GPTBot/1.3; +https://openai.com/gptbot)"
167.71.23.30 - - [05/Apr/2026:15:08:34 +0200] "POST /wp-login.php HTTP/1.1" 200 53524 "https://tekes.com.sg/wp-login.php" "Mozilla/5.0 (Windows NT 10.0; Win64; x64) AppleWebKit/537.36 (KHTML, like Gecko) Chrome/121.0.0.0 Safari/537.36"
167.71.23.30 - - [05/Apr/2026:15:08:35 +0200] "GET /wp-admin/index.php HTTP/1.1" 200 165472 "https://tekes.com.sg/wp-login.php" "Mozilla/5.0 (Macintosh; Intel Mac OS X 13_6_1; rv:118.0) Gecko/20100101 Firefox/118.0"
167.71.23.30 - - [05/Apr/2026:15:08:37 +0200] "GET /wp-admin/profile.php HTTP/1.1" 200 165472 "https://tekes.com.sg/wp-login.php" "Mozilla/5.0 (Macintosh; Intel Mac OS X 13_6_1; rv:118.0) Gecko/20100101 Firefox/118.0"
74.7.242.19 - - [05/Apr/2026:15:08:37 +0200] "GET /045015558.htm HTTP/1.1" 200 53525 "https://tekes.com.sg/?sitemap974.xml" "Mozilla/5.0 AppleWebKit/537.36 (KHTML, like Gecko; compatible; GPTBot/1.3; +https://openai.com/gptbot)"
167.71.23.30 - - [05/Apr/2026:15:08:38 +0200] "GET /wp-admin/edit.php HTTP/1.1" 200 165472 "https://tekes.com.sg/wp-login.php" "Mozilla/5.0 (Macintosh; Intel Mac OS X 13_6_1; rv:118.0) Gecko/20100101 Firefox/118.0"
74.7.242.19 - - [05/Apr/2026:15:08:40 +0200] "GET /200047773.htm HTTP/1.1" 200 53525 "https://tekes.com.sg/?sitemap29.xml" "Mozilla/5.0 AppleWebKit/537.36 (KHTML, like Gecko; compatible; GPTBot/1.3; +https://openai.com/gptbot)"
74.7.242.19 - - [05/Apr/2026:15:08:43 +0200] "GET /187023222.htm HTTP/1.1" 200 53525 "https://tekes.com.sg/?sitemap29.xml" "Mozilla/5.0 AppleWebKit/537.36 (KHTML, like Gecko; compatible; GPTBot/1.3; +https://openai.com/gptbot)"
167.71.23.30 - - [05/Apr/2026:15:08:44 +0200] "GET /wp-admin/plugins.php HTTP/1.1" 200 165472 "https://tekes.com.sg/wp-login.php" "Mozilla/5.0 (Macintosh; Intel Mac OS X 13_6_1; rv:118.0) Gecko/20100101 Firefox/118.0"
74.7.242.19 - - [05/Apr/2026:15:08:46 +0200] "GET /296000289.htm HTTP/1.1" 200 53525 "https://tekes.com.sg/?sitemap527.xml" "Mozilla/5.0 AppleWebKit/537.36 (KHTML, like Gecko; compatible; GPTBot/1.3; +https://openai.com/gptbot)"
167.71.23.30 - - [05/Apr/2026:15:08:49 +0200] "POST /wp-login.php HTTP/1.1" 200 53524 "https://tekes.com.sg/wp-login.php" "Mozilla/5.0 (Macintosh; Intel Mac OS X 10_15_7) AppleWebKit/537.36 (KHTML, like Gecko) Chrome/120.0.0.0 Safari/537.36"
74.7.242.19 - - [05/Apr/2026:15:08:50 +0200] "GET /040002175.htm HTTP/1.1" 200 53525 "https://tekes.com.sg/?sitemap29.xml" "Mozilla/5.0 AppleWebKit/537.36 (KHTML, like Gecko; compatible; GPTBot/1.3; +https://openai.com/gptbot)"
167.71.23.30 - - [05/Apr/2026:15:08:50 +0200] "GET /wp-admin/index.php HTTP/1.1" 200 165472 "https://tekes.com.sg/wp-login.php" "Mozilla/5.0 (X11; Linux x86_64) AppleWebKit/537.36 (KHTML, like Gecko) Chrome/119.0.0.0 Safari/537.36"
167.71.23.30 - - [05/Apr/2026:15:08:51 +0200] "GET /wp-admin/profile.php HTTP/1.1" 200 165472 "https://tekes.com.sg/wp-login.php" "Mozilla/5.0 (X11; Linux x86_64) AppleWebKit/537.36 (KHTML, like Gecko) Chrome/119.0.0.0 Safari/537.36"
167.71.23.30 - - [05/Apr/2026:15:08:52 +0200] "GET /wp-admin/edit.php HTTP/1.1" 200 165472 "https://tekes.com.sg/wp-login.php" "Mozilla/5.0 (X11; Linux x86_64) AppleWebKit/537.36 (KHTML, like Gecko) Chrome/119.0.0.0 Safari/537.36"
74.7.242.19 - - [05/Apr/2026:15:08:53 +0200] "GET /222019555.htm?path=/home/tekesnew HTTP/1.1" 200 42911 "https://tekes.com.sg/222019555.htm" "Mozilla/5.0 AppleWebKit/537.36 (KHTML, like Gecko; compatible; GPTBot/1.3; +https://openai.com/gptbot)"
74.7.242.19 - - [05/Apr/2026:15:08:56 +0200] "GET /103000152.htm HTTP/1.1" 200 53525 "https://tekes.com.sg/?sitemap974.xml" "Mozilla/5.0 AppleWebKit/537.36 (KHTML, like Gecko; compatible; GPTBot/1.3; +https://openai.com/gptbot)"
167.71.23.30 - - [05/Apr/2026:15:08:56 +0200] "GET /wp-admin/plugins.php HTTP/1.1" 200 165472 "https://tekes.com.sg/wp-login.php" "Mozilla/5.0 (X11; Linux x86_64) AppleWebKit/537.36 (KHTML, like Gecko) Chrome/119.0.0.0 Safari/537.36"
167.71.23.30 - - [05/Apr/2026:15:08:58 +0200] "POST /wp-login.php HTTP/1.1" 200 53524 "https://tekes.com.sg/wp-login.php" "Mozilla/5.0 (Windows NT 10.0; Win64; x64) AppleWebKit/537.36 (KHTML, like Gecko) Chrome/120.0.0.0 Safari/537.36"
167.71.23.30 - - [05/Apr/2026:15:08:59 +0200] "GET /wp-admin/index.php HTTP/1.1" 200 165472 "https://tekes.com.sg/wp-login.php" "Mozilla/5.0 (X11; Ubuntu; Linux x86_64) AppleWebKit/537.36 (KHTML, like Gecko) Chrome/118.0.0.0 Safari/537.36"
74.7.242.19 - - [05/Apr/2026:15:08:59 +0200] "GET /222032495.htm HTTP/1.1" 200 53525 "https://tekes.com.sg/?sitemap961.xml" "Mozilla/5.0 AppleWebKit/537.36 (KHTML, like Gecko; compatible; GPTBot/1.3; +https://openai.com/gptbot)"
167.71.23.30 - - [05/Apr/2026:15:09:00 +0200] "GET /wp-admin/profile.php HTTP/1.1" 200 165472 "https://tekes.com.sg/wp-login.php" "Mozilla/5.0 (X11; Ubuntu; Linux x86_64) AppleWebKit/537.36 (KHTML, like Gecko) Chrome/118.0.0.0 Safari/537.36"
57.141.20.10 - - [05/Apr/2026:15:09:01 +0200] "GET /item/growt60059373/ HTTP/1.1" 200 53525 "-" "meta-externalagent/1.1 (+https://developers.facebook.com/docs/sharing/webmasters/crawler)"
167.71.23.30 - - [05/Apr/2026:15:09:02 +0200] "GET /wp-admin/edit.php HTTP/1.1" 200 165472 "https://tekes.com.sg/wp-login.php" "Mozilla/5.0 (X11; Ubuntu; Linux x86_64) AppleWebKit/537.36 (KHTML, like Gecko) Chrome/118.0.0.0 Safari/537.36"
74.7.242.19 - - [05/Apr/2026:15:09:02 +0200] "GET /047000282.htm HTTP/1.1" 200 53525 "https://tekes.com.sg/?sitemap961.xml" "Mozilla/5.0 AppleWebKit/537.36 (KHTML, like Gecko; compatible; GPTBot/1.3; +https://openai.com/gptbot)"
167.71.23.30 - - [05/Apr/2026:15:09:03 +0200] "GET /wp-admin/plugins.php HTTP/1.1" 200 165472 "https://tekes.com.sg/wp-login.php" "Mozilla/5.0 (X11; Ubuntu; Linux x86_64) AppleWebKit/537.36 (KHTML, like Gecko) Chrome/118.0.0.0 Safari/537.36"
167.71.23.30 - - [05/Apr/2026:15:09:04 +0200] "POST /wp-login.php HTTP/1.1" 200 53524 "https://tekes.com.sg/wp-login.php" "Mozilla/5.0 (Macintosh; Intel Mac OS X 13_6_1) AppleWebKit/537.36 (KHTML, like Gecko) Chrome/121.0.0.0 Safari/537.36"
74.7.242.19 - - [05/Apr/2026:15:09:05 +0200] "GET /289016000.htm HTTP/1.1" 200 53525 "https://tekes.com.sg/?sitemap974.xml" "Mozilla/5.0 AppleWebKit/537.36 (KHTML, like Gecko; compatible; GPTBot/1.3; +https://openai.com/gptbot)"
167.71.23.30 - - [05/Apr/2026:15:09:06 +0200] "GET /wp-admin/index.php HTTP/1.1" 200 165472 "https://tekes.com.sg/wp-login.php" "Mozilla/5.0 (Macintosh; Intel Mac OS X 10_15_7) AppleWebKit/537.36 (KHTML, like Gecko) Chrome/121.0.0.0 Safari/537.36"
167.71.23.30 - - [05/Apr/2026:15:09:07 +0200] "GET /wp-admin/profile.php HTTP/1.1" 200 165472 "https://tekes.com.sg/wp-login.php" "Mozilla/5.0 (Macintosh; Intel Mac OS X 10_15_7) AppleWebKit/537.36 (KHTML, like Gecko) Chrome/121.0.0.0 Safari/537.36"
167.71.23.30 - - [05/Apr/2026:15:09:08 +0200] "GET /wp-admin/edit.php HTTP/1.1" 200 165472 "https://tekes.com.sg/wp-login.php" "Mozilla/5.0 (Macintosh; Intel Mac OS X 10_15_7) AppleWebKit/537.36 (KHTML, like Gecko) Chrome/121.0.0.0 Safari/537.36"
74.7.242.19 - - [05/Apr/2026:15:09:08 +0200] "GET /222015175.htm HTTP/1.1" 200 53525 "https://tekes.com.sg/?sitemap974.xml" "Mozilla/5.0 AppleWebKit/537.36 (KHTML, like Gecko; compatible; GPTBot/1.3; +https://openai.com/gptbot)"
167.71.23.30 - - [05/Apr/2026:15:09:10 +0200] "GET /wp-admin/plugins.php HTTP/1.1" 200 165472 "https://tekes.com.sg/wp-login.php" "Mozilla/5.0 (Macintosh; Intel Mac OS X 10_15_7) AppleWebKit/537.36 (KHTML, like Gecko) Chrome/121.0.0.0 Safari/537.36"
167.71.23.30 - - [05/Apr/2026:15:09:11 +0200] "POST /wp-login.php HTTP/1.1" 200 53524 "https://tekes.com.sg/wp-login.php" "Mozilla/5.0 (Windows NT 11.0; Win64; x64) AppleWebKit/537.36 (KHTML, like Gecko) Chrome/119.0.0.0 Safari/537.36"
74.7.242.19 - - [05/Apr/2026:15:09:11 +0200] "GET /116000199.htm HTTP/1.1" 200 53525 "https://tekes.com.sg/?sitemap29.xml" "Mozilla/5.0 AppleWebKit/537.36 (KHTML, like Gecko; compatible; GPTBot/1.3; +https://openai.com/gptbot)"
167.71.23.30 - - [05/Apr/2026:15:09:12 +0200] "GET /wp-admin/index.php HTTP/1.1" 200 165472 "https://tekes.com.sg/wp-login.php" "Mozilla/5.0 (Macintosh; Intel Mac OS X 13_6_1) AppleWebKit/537.36 (KHTML, like Gecko) Chrome/118.0.0.0 Safari/537.36"
167.71.23.30 - - [05/Apr/2026:15:09:14 +0200] "GET /wp-admin/profile.php HTTP/1.1" 200 165472 "https://tekes.com.sg/wp-login.php" "Mozilla/5.0 (Macintosh; Intel Mac OS X 13_6_1) AppleWebKit/537.36 (KHTML, like Gecko) Chrome/118.0.0.0 Safari/537.36"
74.7.242.19 - - [05/Apr/2026:15:09:15 +0200] "GET /200021905.htm HTTP/1.1" 200 53525 "https://tekes.com.sg/?sitemap527.xml" "Mozilla/5.0 AppleWebKit/537.36 (KHTML, like Gecko; compatible; GPTBot/1.3; +https://openai.com/gptbot)"
167.71.23.30 - - [05/Apr/2026:15:09:15 +0200] "GET /wp-admin/edit.php HTTP/1.1" 200 165472 "https://tekes.com.sg/wp-login.php" "Mozilla/5.0 (Macintosh; Intel Mac OS X 13_6_1) AppleWebKit/537.36 (KHTML, like Gecko) Chrome/118.0.0.0 Safari/537.36"
167.71.23.30 - - [05/Apr/2026:15:09:16 +0200] "GET /wp-admin/plugins.php HTTP/1.1" 200 165472 "https://tekes.com.sg/wp-login.php" "Mozilla/5.0 (Macintosh; Intel Mac OS X 13_6_1) AppleWebKit/537.36 (KHTML, like Gecko) Chrome/118.0.0.0 Safari/537.36"
167.71.23.30 - - [05/Apr/2026:15:09:17 +0200] "POST /wp-login.php HTTP/1.1" 200 53524 "https://tekes.com.sg/wp-login.php" "Mozilla/5.0 (X11; Linux x86_64) AppleWebKit/537.36 (KHTML, like Gecko) Chrome/120.0.0.0 Safari/537.36"
74.7.242.19 - - [05/Apr/2026:15:09:18 +0200] "GET /187023222.htm?path=/home/tekesnew/public_html/wp-admin HTTP/1.1" 200 165473 "https://tekes.com.sg/187023222.htm" "Mozilla/5.0 AppleWebKit/537.36 (KHTML, like Gecko; compatible; GPTBot/1.3; +https://openai.com/gptbot)"
167.71.23.30 - - [05/Apr/2026:15:09:18 +0200] "GET /wp-admin/index.php HTTP/1.1" 200 165472 "https://tekes.com.sg/wp-login.php" "Mozilla/5.0 (Macintosh; Intel Mac OS X 13_6_1) AppleWebKit/537.36 (KHTML, like Gecko) Chrome/118.0.0.0 Safari/537.36"
167.71.23.30 - - [05/Apr/2026:15:09:20 +0200] "GET /wp-admin/profile.php HTTP/1.1" 200 165472 "https://tekes.com.sg/wp-login.php" "Mozilla/5.0 (Macintosh; Intel Mac OS X 13_6_1) AppleWebKit/537.36 (KHTML, like Gecko) Chrome/118.0.0.0 Safari/537.36"
167.71.23.30 - - [05/Apr/2026:15:09:21 +0200] "GET /wp-admin/edit.php HTTP/1.1" 200 165472 "https://tekes.com.sg/wp-login.php" "Mozilla/5.0 (Macintosh; Intel Mac OS X 13_6_1) AppleWebKit/537.36 (KHTML, like Gecko) Chrome/118.0.0.0 Safari/537.36"
74.7.242.19 - - [05/Apr/2026:15:09:21 +0200] "GET /053000674.htm HTTP/1.1" 200 53525 "https://tekes.com.sg/?sitemap783.xml" "Mozilla/5.0 AppleWebKit/537.36 (KHTML, like Gecko; compatible; GPTBot/1.3; +https://openai.com/gptbot)"
167.71.23.30 - - [05/Apr/2026:15:09:22 +0200] "GET /wp-admin/plugins.php HTTP/1.1" 200 165472 "https://tekes.com.sg/wp-login.php" "Mozilla/5.0 (Macintosh; Intel Mac OS X 13_6_1) AppleWebKit/537.36 (KHTML, like Gecko) Chrome/118.0.0.0 Safari/537.36"
167.71.23.30 - - [05/Apr/2026:15:09:23 +0200] "POST /wp-login.php HTTP/1.1" 200 53524 "https://tekes.com.sg/wp-login.php" "Mozilla/5.0 (Macintosh; Intel Mac OS X 10_15_7) AppleWebKit/605.1.15 (KHTML, like Gecko) Version/17.0 Safari/605.1.15"
74.7.242.19 - - [05/Apr/2026:15:09:24 +0200] "GET /150001539.htm HTTP/1.1" 200 53525 "https://tekes.com.sg/?sitemap961.xml" "Mozilla/5.0 AppleWebKit/537.36 (KHTML, like Gecko; compatible; GPTBot/1.3; +https://openai.com/gptbot)"
167.71.23.30 - - [05/Apr/2026:15:09:24 +0200] "GET /wp-admin/index.php HTTP/1.1" 200 165472 "https://tekes.com.sg/wp-login.php" "Mozilla/5.0 (Macintosh; Intel Mac OS X 10_15_7; rv:118.0) Gecko/20100101 Firefox/118.0"
167.71.23.30 - - [05/Apr/2026:15:09:25 +0200] "GET /wp-admin/profile.php HTTP/1.1" 200 165472 "https://tekes.com.sg/wp-login.php" "Mozilla/5.0 (Macintosh; Intel Mac OS X 10_15_7; rv:118.0) Gecko/20100101 Firefox/118.0"
167.71.23.30 - - [05/Apr/2026:15:09:27 +0200] "GET /wp-admin/edit.php HTTP/1.1" 200 165472 "https://tekes.com.sg/wp-login.php" "Mozilla/5.0 (Macintosh; Intel Mac OS X 10_15_7; rv:118.0) Gecko/20100101 Firefox/118.0"
74.7.242.19 - - [05/Apr/2026:15:09:27 +0200] "GET /030009731.htm HTTP/1.1" 200 53525 "https://tekes.com.sg/?sitemap29.xml" "Mozilla/5.0 AppleWebKit/537.36 (KHTML, like Gecko; compatible; GPTBot/1.3; +https://openai.com/gptbot)"
167.71.23.30 - - [05/Apr/2026:15:09:28 +0200] "GET /wp-admin/plugins.php HTTP/1.1" 200 165472 "https://tekes.com.sg/wp-login.php" "Mozilla/5.0 (Macintosh; Intel Mac OS X 10_15_7; rv:118.0) Gecko/20100101 Firefox/118.0"
167.71.23.30 - - [05/Apr/2026:15:09:29 +0200] "POST /wp-login.php HTTP/1.1" 200 53524 "https://tekes.com.sg/wp-login.php" "Mozilla/5.0 (X11; Linux x86_64) AppleWebKit/537.36 (KHTML, like Gecko) Chrome/121.0.0.0 Safari/537.36"
74.7.242.19 - - [05/Apr/2026:15:09:30 +0200] "GET /172035111.htm HTTP/1.1" 200 53525 "https://tekes.com.sg/?sitemap29.xml" "Mozilla/5.0 AppleWebKit/537.36 (KHTML, like Gecko; compatible; GPTBot/1.3; +https://openai.com/gptbot)"
167.71.23.30 - - [05/Apr/2026:15:09:30 +0200] "GET /wp-admin/index.php HTTP/1.1" 200 165472 "https://tekes.com.sg/wp-login.php" "Mozilla/5.0 (Windows NT 10.0; Win64; x64) AppleWebKit/537.36 (KHTML, like Gecko) Chrome/119.0.0.0 Safari/537.36"
167.71.23.30 - - [05/Apr/2026:15:09:32 +0200] "GET /wp-admin/profile.php HTTP/1.1" 200 165472 "https://tekes.com.sg/wp-login.php" "Mozilla/5.0 (Windows NT 10.0; Win64; x64) AppleWebKit/537.36 (KHTML, like Gecko) Chrome/119.0.0.0 Safari/537.36"
167.71.23.30 - - [05/Apr/2026:15:09:33 +0200] "GET /wp-admin/edit.php HTTP/1.1" 200 165472 "https://tekes.com.sg/wp-login.php" "Mozilla/5.0 (Windows NT 10.0; Win64; x64) AppleWebKit/537.36 (KHTML, like Gecko) Chrome/119.0.0.0 Safari/537.36"
74.7.242.19 - - [05/Apr/2026:15:09:34 +0200] "GET /050002819.htm HTTP/1.1" 200 53525 "https://tekes.com.sg/?sitemap961.xml" "Mozilla/5.0 AppleWebKit/537.36 (KHTML, like Gecko; compatible; GPTBot/1.3; +https://openai.com/gptbot)"
167.71.23.30 - - [05/Apr/2026:15:09:34 +0200] "GET /wp-admin/plugins.php HTTP/1.1" 200 165472 "https://tekes.com.sg/wp-login.php" "Mozilla/5.0 (Windows NT 10.0; Win64; x64) AppleWebKit/537.36 (KHTML, like Gecko) Chrome/119.0.0.0 Safari/537.36"
167.71.23.30 - - [05/Apr/2026:15:09:35 +0200] "POST /wp-login.php HTTP/1.1" 200 53524 "https://tekes.com.sg/wp-login.php" "Mozilla/5.0 (Windows NT 11.0; Win64; x64) AppleWebKit/537.36 (KHTML, like Gecko) Chrome/118.0.0.0 Safari/537.36"
167.71.23.30 - - [05/Apr/2026:15:09:36 +0200] "GET /wp-admin/index.php HTTP/1.1" 200 165472 "https://tekes.com.sg/wp-login.php" "Mozilla/5.0 (Macintosh; Intel Mac OS X 10_15_7; rv:120.0) Gecko/20100101 Firefox/120.0"
74.7.242.19 - - [05/Apr/2026:15:09:37 +0200] "GET /042025557.htm HTTP/1.1" 200 53525 "https://tekes.com.sg/?sitemap974.xml" "Mozilla/5.0 AppleWebKit/537.36 (KHTML, like Gecko; compatible; GPTBot/1.3; +https://openai.com/gptbot)"
167.71.23.30 - - [05/Apr/2026:15:09:37 +0200] "GET /wp-admin/profile.php HTTP/1.1" 200 165472 "https://tekes.com.sg/wp-login.php" "Mozilla/5.0 (Macintosh; Intel Mac OS X 10_15_7; rv:120.0) Gecko/20100101 Firefox/120.0"
167.71.23.30 - - [05/Apr/2026:15:09:38 +0200] "GET /wp-admin/edit.php HTTP/1.1" 200 165472 "https://tekes.com.sg/wp-login.php" "Mozilla/5.0 (Macintosh; Intel Mac OS X 10_15_7; rv:120.0) Gecko/20100101 Firefox/120.0"
167.71.23.30 - - [05/Apr/2026:15:09:39 +0200] "GET /wp-admin/plugins.php HTTP/1.1" 200 165472 "https://tekes.com.sg/wp-login.php" "Mozilla/5.0 (Macintosh; Intel Mac OS X 10_15_7; rv:120.0) Gecko/20100101 Firefox/120.0"
74.7.242.19 - - [05/Apr/2026:15:09:40 +0200] "GET /197000200.htm HTTP/1.1" 200 53525 "https://tekes.com.sg/?sitemap961.xml" "Mozilla/5.0 AppleWebKit/537.36 (KHTML, like Gecko; compatible; GPTBot/1.3; +https://openai.com/gptbot)"
167.71.23.30 - - [05/Apr/2026:15:09:40 +0200] "POST /wp-login.php HTTP/1.1" 200 53524 "https://tekes.com.sg/wp-login.php" "Mozilla/5.0 (X11; Linux x86_64) AppleWebKit/537.36 (KHTML, like Gecko) Chrome/121.0.0.0 Safari/537.36"
167.71.23.30 - - [05/Apr/2026:15:09:41 +0200] "GET /wp-admin/index.php HTTP/1.1" 200 165472 "https://tekes.com.sg/wp-login.php" "Mozilla/5.0 (Macintosh; Intel Mac OS X 10_15_7) AppleWebKit/605.1.15 (KHTML, like Gecko) Version/17.2 Safari/605.1.15"
167.71.23.30 - - [05/Apr/2026:15:09:42 +0200] "GET /wp-admin/profile.php HTTP/1.1" 200 165472 "https://tekes.com.sg/wp-login.php" "Mozilla/5.0 (Macintosh; Intel Mac OS X 10_15_7) AppleWebKit/605.1.15 (KHTML, like Gecko) Version/17.2 Safari/605.1.15"
74.7.242.19 - - [05/Apr/2026:15:09:43 +0200] "GET /280003235.htm HTTP/1.1" 200 53525 "https://tekes.com.sg/?sitemap974.xml" "Mozilla/5.0 AppleWebKit/537.36 (KHTML, like Gecko; compatible; GPTBot/1.3; +https://openai.com/gptbot)"
167.71.23.30 - - [05/Apr/2026:15:09:44 +0200] "GET /wp-admin/edit.php HTTP/1.1" 200 165472 "https://tekes.com.sg/wp-login.php" "Mozilla/5.0 (Macintosh; Intel Mac OS X 10_15_7) AppleWebKit/605.1.15 (KHTML, like Gecko) Version/17.2 Safari/605.1.15"
167.71.23.30 - - [05/Apr/2026:15:09:45 +0200] "GET /wp-admin/plugins.php HTTP/1.1" 200 165472 "https://tekes.com.sg/wp-login.php" "Mozilla/5.0 (Macintosh; Intel Mac OS X 10_15_7) AppleWebKit/605.1.15 (KHTML, like Gecko) Version/17.2 Safari/605.1.15"
167.71.23.30 - - [05/Apr/2026:15:09:46 +0200] "POST /wp-login.php HTTP/1.1" 200 53524 "https://tekes.com.sg/wp-login.php" "Mozilla/5.0 (Macintosh; Intel Mac OS X 13_6_1) AppleWebKit/537.36 (KHTML, like Gecko) Chrome/121.0.0.0 Safari/537.36"
74.7.242.19 - - [05/Apr/2026:15:09:46 +0200] "GET /030008263.htm HTTP/1.1" 200 53525 "https://tekes.com.sg/?sitemap974.xml" "Mozilla/5.0 AppleWebKit/537.36 (KHTML, like Gecko; compatible; GPTBot/1.3; +https://openai.com/gptbot)"
167.71.23.30 - - [05/Apr/2026:15:09:47 +0200] "GET /wp-admin/index.php HTTP/1.1" 200 165472 "https://tekes.com.sg/wp-login.php" "Mozilla/5.0 (Macintosh; Intel Mac OS X 13_6_1) AppleWebKit/537.36 (KHTML, like Gecko) Chrome/118.0.0.0 Safari/537.36"
167.71.23.30 - - [05/Apr/2026:15:09:48 +0200] "GET /wp-admin/profile.php HTTP/1.1" 200 165472 "https://tekes.com.sg/wp-login.php" "Mozilla/5.0 (Macintosh; Intel Mac OS X 13_6_1) AppleWebKit/537.36 (KHTML, like Gecko) Chrome/118.0.0.0 Safari/537.36"
167.71.23.30 - - [05/Apr/2026:15:09:49 +0200] "GET /wp-admin/edit.php HTTP/1.1" 200 165472 "https://tekes.com.sg/wp-login.php" "Mozilla/5.0 (Macintosh; Intel Mac OS X 13_6_1) AppleWebKit/537.36 (KHTML, like Gecko) Chrome/118.0.0.0 Safari/537.36"
74.7.242.19 - - [05/Apr/2026:15:09:49 +0200] "GET /099000218.htm HTTP/1.1" 200 53525 "https://tekes.com.sg/?sitemap961.xml" "Mozilla/5.0 AppleWebKit/537.36 (KHTML, like Gecko; compatible; GPTBot/1.3; +https://openai.com/gptbot)"
167.71.23.30 - - [05/Apr/2026:15:09:50 +0200] "GET /wp-admin/plugins.php HTTP/1.1" 200 165472 "https://tekes.com.sg/wp-login.php" "Mozilla/5.0 (Macintosh; Intel Mac OS X 13_6_1) AppleWebKit/537.36 (KHTML, like Gecko) Chrome/118.0.0.0 Safari/537.36"
167.71.23.30 - - [05/Apr/2026:15:09:51 +0200] "POST /wp-login.php HTTP/1.1" 200 53524 "https://tekes.com.sg/wp-login.php" "Mozilla/5.0 (Macintosh; Intel Mac OS X 13_6_1) AppleWebKit/605.1.15 (KHTML, like Gecko) Version/17.1 Safari/605.1.15"
167.71.23.30 - - [05/Apr/2026:15:09:52 +0200] "GET /wp-admin/index.php HTTP/1.1" 200 165472 "https://tekes.com.sg/wp-login.php" "Mozilla/5.0 (Windows NT 11.0; Win64; x64) AppleWebKit/537.36 (KHTML, like Gecko) Chrome/118.0.0.0 Safari/537.36"
74.7.242.19 - - [05/Apr/2026:15:09:53 +0200] "GET /187023222.htm?fileloc=/home/tekesnew/public_html/wp-admin/admin-functions.php&path=/home/tekesnew/public_html/wp-admin HTTP/1.1" 200 12932 "https://tekes.com.sg/187023222.htm?path=/home/tekesnew/public_html/wp-admin" "Mozilla/5.0 AppleWebKit/537.36 (KHTML, like Gecko; compatible; GPTBot/1.3; +https://openai.com/gptbot)"
20.198.86.98 - - [05/Apr/2026:15:09:54 +0200] "GET /admin.php HTTP/1.1" 503 - "-" "Mozilla/5.0 (Windows NT 10.0; Win64; x64) AppleWebKit/537.36 (KHTML, like Gecko) Chrome/120.0.0.0 Safari/537.36"
167.71.23.30 - - [05/Apr/2026:15:09:53 +0200] "GET /wp-admin/profile.php HTTP/1.1" 200 165472 "https://tekes.com.sg/wp-login.php" "Mozilla/5.0 (Windows NT 11.0; Win64; x64) AppleWebKit/537.36 (KHTML, like Gecko) Chrome/118.0.0.0 Safari/537.36"
20.198.86.98 - - [05/Apr/2026:15:09:54 +0200] "GET /about.php HTTP/1.1" 503 - "-" "Mozilla/5.0 (Windows NT 10.0; Win64; x64) AppleWebKit/537.36 (KHTML, like Gecko) Chrome/120.0.0.0 Safari/537.36"
20.198.86.98 - - [05/Apr/2026:15:09:55 +0200] "GET /wp-2019.php HTTP/1.1" 503 - "-" "Mozilla/5.0 (Windows NT 10.0; Win64; x64) AppleWebKit/537.36 (KHTML, like Gecko) Chrome/120.0.0.0 Safari/537.36"
167.71.23.30 - - [05/Apr/2026:15:09:54 +0200] "GET /wp-admin/edit.php HTTP/1.1" 200 165472 "https://tekes.com.sg/wp-login.php" "Mozilla/5.0 (Windows NT 11.0; Win64; x64) AppleWebKit/537.36 (KHTML, like Gecko) Chrome/118.0.0.0 Safari/537.36"
20.198.86.98 - - [05/Apr/2026:15:09:55 +0200] "GET /atomlib.php HTTP/1.1" 503 - "-" "Mozilla/5.0 (Windows NT 10.0; Win64; x64) AppleWebKit/537.36 (KHTML, like Gecko) Chrome/120.0.0.0 Safari/537.36"
20.198.86.98 - - [05/Apr/2026:15:09:56 +0200] "GET /css.php HTTP/1.1" 503 - "-" "Mozilla/5.0 (Windows NT 10.0; Win64; x64) AppleWebKit/537.36 (KHTML, like Gecko) Chrome/120.0.0.0 Safari/537.36"
167.71.23.30 - - [05/Apr/2026:15:09:55 +0200] "GET /wp-admin/plugins.php HTTP/1.1" 200 165472 "https://tekes.com.sg/wp-login.php" "Mozilla/5.0 (Windows NT 11.0; Win64; x64) AppleWebKit/537.36 (KHTML, like Gecko) Chrome/118.0.0.0 Safari/537.36"
20.198.86.98 - - [05/Apr/2026:15:09:56 +0200] "GET /simple.php HTTP/1.1" 503 - "-" "Mozilla/5.0 (Windows NT 10.0; Win64; x64) AppleWebKit/537.36 (KHTML, like Gecko) Chrome/120.0.0.0 Safari/537.36"
74.7.242.19 - - [05/Apr/2026:15:09:56 +0200] "GET /187023222.htm?fileloc=/home/tekesnew/public_html/wp-admin/ms-upgrade-network.php&path=/home/tekesnew/public_html/wp-admin HTTP/1.1" 200 12675 "https://tekes.com.sg/187023222.htm?path=/home/tekesnew/public_html/wp-admin" "Mozilla/5.0 AppleWebKit/537.36 (KHTML, like Gecko; compatible; GPTBot/1.3; +https://openai.com/gptbot)"
20.198.86.98 - - [05/Apr/2026:15:09:57 +0200] "GET /log.php HTTP/1.1" 503 - "-" "Mozilla/5.0 (Windows NT 10.0; Win64; x64) AppleWebKit/537.36 (KHTML, like Gecko) Chrome/120.0.0.0 Safari/537.36"
20.198.86.98 - - [05/Apr/2026:15:09:57 +0200] "GET /mail.php HTTP/1.1" 503 - "-" "Mozilla/5.0 (Windows NT 10.0; Win64; x64) AppleWebKit/537.36 (KHTML, like Gecko) Chrome/120.0.0.0 Safari/537.36"
167.71.23.30 - - [05/Apr/2026:15:09:57 +0200] "POST /wp-login.php HTTP/1.1" 200 53524 "https://tekes.com.sg/wp-login.php" "Mozilla/5.0 (Macintosh; Intel Mac OS X 13_6_1; rv:121.0) Gecko/20100101 Firefox/121.0"
20.198.86.98 - - [05/Apr/2026:15:09:58 +0200] "GET /lufix.php HTTP/1.1" 503 - "-" "Mozilla/5.0 (Windows NT 10.0; Win64; x64) AppleWebKit/537.36 (KHTML, like Gecko) Chrome/120.0.0.0 Safari/537.36"
167.71.23.30 - - [05/Apr/2026:15:09:57 +0200] "GET /wp-admin/index.php HTTP/1.1" 200 165472 "https://tekes.com.sg/wp-login.php" "Mozilla/5.0 (Windows NT 11.0; Win64; x64) AppleWebKit/537.36 (KHTML, like Gecko) Chrome/121.0.0.0 Safari/537.36"
20.198.86.98 - - [05/Apr/2026:15:09:58 +0200] "GET /doc.php HTTP/1.1" 503 - "-" "Mozilla/5.0 (Windows NT 10.0; Win64; x64) AppleWebKit/537.36 (KHTML, like Gecko) Chrome/120.0.0.0 Safari/537.36"
20.198.86.98 - - [05/Apr/2026:15:09:59 +0200] "GET /bak.php HTTP/1.1" 503 - "-" "Mozilla/5.0 (Windows NT 10.0; Win64; x64) AppleWebKit/537.36 (KHTML, like Gecko) Chrome/120.0.0.0 Safari/537.36"
20.198.86.98 - - [05/Apr/2026:15:09:59 +0200] "GET /content.php HTTP/1.1" 503 - "-" "Mozilla/5.0 (Windows NT 10.0; Win64; x64) AppleWebKit/537.36 (KHTML, like Gecko) Chrome/120.0.0.0 Safari/537.36"
167.71.23.30 - - [05/Apr/2026:15:09:59 +0200] "GET /wp-admin/profile.php HTTP/1.1" 200 165472 "https://tekes.com.sg/wp-login.php" "Mozilla/5.0 (Windows NT 11.0; Win64; x64) AppleWebKit/537.36 (KHTML, like Gecko) Chrome/121.0.0.0 Safari/537.36"
74.7.242.19 - - [05/Apr/2026:15:09:59 +0200] "GET /187023222.htm?fileloc=/home/tekesnew/public_html/wp-admin/install.php&path=/home/tekesnew/public_html/wp-admin HTTP/1.1" 200 33899 "https://tekes.com.sg/187023222.htm?path=/home/tekesnew/public_html/wp-admin" "Mozilla/5.0 AppleWebKit/537.36 (KHTML, like Gecko; compatible; GPTBot/1.3; +https://openai.com/gptbot)"
20.198.86.98 - - [05/Apr/2026:15:10:00 +0200] "GET /upfile.php HTTP/1.1" 503 - "-" "Mozilla/5.0 (Windows NT 10.0; Win64; x64) AppleWebKit/537.36 (KHTML, like Gecko) Chrome/120.0.0.0 Safari/537.36"
20.198.86.98 - - [05/Apr/2026:15:10:00 +0200] "GET /wp.php HTTP/1.1" 503 - "-" "Mozilla/5.0 (Windows NT 10.0; Win64; x64) AppleWebKit/537.36 (KHTML, like Gecko) Chrome/120.0.0.0 Safari/537.36"
167.71.23.30 - - [05/Apr/2026:15:10:00 +0200] "GET /wp-admin/edit.php HTTP/1.1" 200 165472 "https://tekes.com.sg/wp-login.php" "Mozilla/5.0 (Windows NT 11.0; Win64; x64) AppleWebKit/537.36 (KHTML, like Gecko) Chrome/121.0.0.0 Safari/537.36"
20.198.86.98 - - [05/Apr/2026:15:10:01 +0200] "GET /wp-conflg.php HTTP/1.1" 503 - "-" "Mozilla/5.0 (Windows NT 10.0; Win64; x64) AppleWebKit/537.36 (KHTML, like Gecko) Chrome/120.0.0.0 Safari/537.36"
20.198.86.98 - - [05/Apr/2026:15:10:01 +0200] "GET /bypass.php HTTP/1.1" 503 - "-" "Mozilla/5.0 (Windows NT 10.0; Win64; x64) AppleWebKit/537.36 (KHTML, like Gecko) Chrome/120.0.0.0 Safari/537.36"
167.71.23.30 - - [05/Apr/2026:15:10:01 +0200] "GET /wp-admin/plugins.php HTTP/1.1" 200 165472 "https://tekes.com.sg/wp-login.php" "Mozilla/5.0 (Windows NT 11.0; Win64; x64) AppleWebKit/537.36 (KHTML, like Gecko) Chrome/121.0.0.0 Safari/537.36"
20.198.86.98 - - [05/Apr/2026:15:10:02 +0200] "GET /wp-activate.php HTTP/1.1" 503 - "-" "Mozilla/5.0 (Windows NT 10.0; Win64; x64) AppleWebKit/537.36 (KHTML, like Gecko) Chrome/120.0.0.0 Safari/537.36"
20.198.86.98 - - [05/Apr/2026:15:10:02 +0200] "GET /404.php HTTP/1.1" 503 - "-" "Mozilla/5.0 (Windows NT 10.0; Win64; x64) AppleWebKit/537.36 (KHTML, like Gecko) Chrome/120.0.0.0 Safari/537.36"
74.7.242.19 - - [05/Apr/2026:15:10:02 +0200] "GET /030009731.htm?fileloc=/home/tekesnew/public_html/wp-links-opml.php&path=/home/tekesnew/public_html HTTP/1.1" 200 15168 "https://tekes.com.sg/030009731.htm" "Mozilla/5.0 AppleWebKit/537.36 (KHTML, like Gecko; compatible; GPTBot/1.3; +https://openai.com/gptbot)"
20.198.86.98 - - [05/Apr/2026:15:10:03 +0200] "GET /updates.php HTTP/1.1" 503 - "-" "Mozilla/5.0 (Windows NT 10.0; Win64; x64) AppleWebKit/537.36 (KHTML, like Gecko) Chrome/120.0.0.0 Safari/537.36"
167.71.23.30 - - [05/Apr/2026:15:10:02 +0200] "POST /wp-login.php HTTP/1.1" 200 53524 "https://tekes.com.sg/wp-login.php" "Mozilla/5.0 (Macintosh; Intel Mac OS X 13_6_1) AppleWebKit/537.36 (KHTML, like Gecko) Chrome/119.0.0.0 Safari/537.36"
20.198.86.98 - - [05/Apr/2026:15:10:03 +0200] "GET /radio.php HTTP/1.1" 503 - "-" "Mozilla/5.0 (Windows NT 10.0; Win64; x64) AppleWebKit/537.36 (KHTML, like Gecko) Chrome/120.0.0.0 Safari/537.36"
20.198.86.98 - - [05/Apr/2026:15:10:04 +0200] "GET /plugins.php HTTP/1.1" 503 - "-" "Mozilla/5.0 (Windows NT 10.0; Win64; x64) AppleWebKit/537.36 (KHTML, like Gecko) Chrome/120.0.0.0 Safari/537.36"
167.71.23.30 - - [05/Apr/2026:15:10:03 +0200] "GET /wp-admin/index.php HTTP/1.1" 200 165472 "https://tekes.com.sg/wp-login.php" "Mozilla/5.0 (Macintosh; Intel Mac OS X 13_6_1) AppleWebKit/605.1.15 (KHTML, like Gecko) Version/16.6 Safari/605.1.15"
20.198.86.98 - - [05/Apr/2026:15:10:05 +0200] "GET /xmrlpc.php HTTP/1.1" 503 - "-" "Mozilla/5.0 (Windows NT 10.0; Win64; x64) AppleWebKit/537.36 (KHTML, like Gecko) Chrome/120.0.0.0 Safari/537.36"
20.198.86.98 - - [05/Apr/2026:15:10:05 +0200] "GET /ae.php HTTP/1.1" 503 - "-" "Mozilla/5.0 (Windows NT 10.0; Win64; x64) AppleWebKit/537.36 (KHTML, like Gecko) Chrome/120.0.0.0 Safari/537.36"
167.71.23.30 - - [05/Apr/2026:15:10:05 +0200] "GET /wp-admin/profile.php HTTP/1.1" 200 165472 "https://tekes.com.sg/wp-login.php" "Mozilla/5.0 (Macintosh; Intel Mac OS X 13_6_1) AppleWebKit/605.1.15 (KHTML, like Gecko) Version/16.6 Safari/605.1.15"
20.198.86.98 - - [05/Apr/2026:15:10:06 +0200] "GET /moon.php HTTP/1.1" 503 - "-" "Mozilla/5.0 (Windows NT 10.0; Win64; x64) AppleWebKit/537.36 (KHTML, like Gecko) Chrome/120.0.0.0 Safari/537.36"
74.7.242.19 - - [05/Apr/2026:15:10:05 +0200] "GET /300011123.htm HTTP/1.1" 200 53525 "https://tekes.com.sg/?sitemap527.xml" "Mozilla/5.0 AppleWebKit/537.36 (KHTML, like Gecko; compatible; GPTBot/1.3; +https://openai.com/gptbot)"
20.198.86.98 - - [05/Apr/2026:15:10:06 +0200] "GET /blog.php HTTP/1.1" 503 - "-" "Mozilla/5.0 (Windows NT 10.0; Win64; x64) AppleWebKit/537.36 (KHTML, like Gecko) Chrome/120.0.0.0 Safari/537.36"
167.71.23.30 - - [05/Apr/2026:15:10:06 +0200] "GET /wp-admin/edit.php HTTP/1.1" 200 165472 "https://tekes.com.sg/wp-login.php" "Mozilla/5.0 (Macintosh; Intel Mac OS X 13_6_1) AppleWebKit/605.1.15 (KHTML, like Gecko) Version/16.6 Safari/605.1.15"
20.198.86.98 - - [05/Apr/2026:15:10:07 +0200] "GET /themes.php HTTP/1.1" 503 - "-" "Mozilla/5.0 (Windows NT 10.0; Win64; x64) AppleWebKit/537.36 (KHTML, like Gecko) Chrome/120.0.0.0 Safari/537.36"
167.71.23.30 - - [05/Apr/2026:15:10:07 +0200] "GET /wp-admin/plugins.php HTTP/1.1" 200 165472 "https://tekes.com.sg/wp-login.php" "Mozilla/5.0 (Macintosh; Intel Mac OS X 13_6_1) AppleWebKit/605.1.15 (KHTML, like Gecko) Version/16.6 Safari/605.1.15"
20.198.86.98 - - [05/Apr/2026:15:10:07 +0200] "GET /ini.php HTTP/1.1" 503 - "-" "Mozilla/5.0 (Windows NT 10.0; Win64; x64) AppleWebKit/537.36 (KHTML, like Gecko) Chrome/120.0.0.0 Safari/537.36"
20.198.86.98 - - [05/Apr/2026:15:10:08 +0200] "GET /as.php HTTP/1.1" 503 - "-" "Mozilla/5.0 (Windows NT 10.0; Win64; x64) AppleWebKit/537.36 (KHTML, like Gecko) Chrome/120.0.0.0 Safari/537.36"
167.71.23.30 - - [05/Apr/2026:15:10:08 +0200] "POST /wp-login.php HTTP/1.1" 200 53524 "https://tekes.com.sg/wp-login.php" "Mozilla/5.0 (X11; Ubuntu; Linux x86_64) AppleWebKit/537.36 (KHTML, like Gecko) Chrome/118.0.0.0 Safari/537.36"
20.198.86.98 - - [05/Apr/2026:15:10:08 +0200] "GET /shell.php HTTP/1.1" 503 - "-" "Mozilla/5.0 (Windows NT 10.0; Win64; x64) AppleWebKit/537.36 (KHTML, like Gecko) Chrome/120.0.0.0 Safari/537.36"
20.198.86.98 - - [05/Apr/2026:15:10:09 +0200] "GET /ws.php HTTP/1.1" 503 - "-" "Mozilla/5.0 (Windows NT 10.0; Win64; x64) AppleWebKit/537.36 (KHTML, like Gecko) Chrome/120.0.0.0 Safari/537.36"
74.7.242.19 - - [05/Apr/2026:15:10:08 +0200] "GET /200044281.htm HTTP/1.1" 200 53525 "https://tekes.com.sg/?sitemap29.xml" "Mozilla/5.0 AppleWebKit/537.36 (KHTML, like Gecko; compatible; GPTBot/1.3; +https://openai.com/gptbot)"
167.71.23.30 - - [05/Apr/2026:15:10:08 +0200] "GET /wp-admin/index.php HTTP/1.1" 200 165472 "https://tekes.com.sg/wp-login.php" "Mozilla/5.0 (Windows NT 10.0; Win64; x64; rv:119.0) Gecko/20100101 Firefox/119.0"
20.198.86.98 - - [05/Apr/2026:15:10:09 +0200] "GET /dropdown.php HTTP/1.1" 503 - "-" "Mozilla/5.0 (Windows NT 10.0; Win64; x64) AppleWebKit/537.36 (KHTML, like Gecko) Chrome/120.0.0.0 Safari/537.36"
20.198.86.98 - - [05/Apr/2026:15:10:10 +0200] "GET /makeasmtp.php HTTP/1.1" 503 - "-" "Mozilla/5.0 (Windows NT 10.0; Win64; x64) AppleWebKit/537.36 (KHTML, like Gecko) Chrome/120.0.0.0 Safari/537.36"
20.198.86.98 - - [05/Apr/2026:15:10:10 +0200] "GET /wp-sigunq.php HTTP/1.1" 503 - "-" "Mozilla/5.0 (Windows NT 10.0; Win64; x64) AppleWebKit/537.36 (KHTML, like Gecko) Chrome/120.0.0.0 Safari/537.36"
167.71.23.30 - - [05/Apr/2026:15:10:10 +0200] "GET /wp-admin/profile.php HTTP/1.1" 200 165472 "https://tekes.com.sg/wp-login.php" "Mozilla/5.0 (Windows NT 10.0; Win64; x64; rv:119.0) Gecko/20100101 Firefox/119.0"
20.198.86.98 - - [05/Apr/2026:15:10:11 +0200] "GET /wso112233.php HTTP/1.1" 503 - "-" "Mozilla/5.0 (Windows NT 10.0; Win64; x64) AppleWebKit/537.36 (KHTML, like Gecko) Chrome/120.0.0.0 Safari/537.36"
20.198.86.98 - - [05/Apr/2026:15:10:11 +0200] "GET /alfanew.php HTTP/1.1" 503 - "-" "Mozilla/5.0 (Windows NT 10.0; Win64; x64) AppleWebKit/537.36 (KHTML, like Gecko) Chrome/120.0.0.0 Safari/537.36"
167.71.23.30 - - [05/Apr/2026:15:10:11 +0200] "GET /wp-admin/edit.php HTTP/1.1" 200 165472 "https://tekes.com.sg/wp-login.php" "Mozilla/5.0 (Windows NT 10.0; Win64; x64; rv:119.0) Gecko/20100101 Firefox/119.0"
20.198.86.98 - - [05/Apr/2026:15:10:12 +0200] "GET /fw.php HTTP/1.1" 503 - "-" "Mozilla/5.0 (Windows NT 10.0; Win64; x64) AppleWebKit/537.36 (KHTML, like Gecko) Chrome/120.0.0.0 Safari/537.36"
20.198.86.98 - - [05/Apr/2026:15:10:12 +0200] "GET /install.php HTTP/1.1" 503 - "-" "Mozilla/5.0 (Windows NT 10.0; Win64; x64) AppleWebKit/537.36 (KHTML, like Gecko) Chrome/120.0.0.0 Safari/537.36"
74.7.242.19 - - [05/Apr/2026:15:10:12 +0200] "GET /071011144.htm HTTP/1.1" 200 53525 "https://tekes.com.sg/?sitemap29.xml" "Mozilla/5.0 AppleWebKit/537.36 (KHTML, like Gecko; compatible; GPTBot/1.3; +https://openai.com/gptbot)"
167.71.23.30 - - [05/Apr/2026:15:10:12 +0200] "GET /wp-admin/plugins.php HTTP/1.1" 200 165472 "https://tekes.com.sg/wp-login.php" "Mozilla/5.0 (Windows NT 10.0; Win64; x64; rv:119.0) Gecko/20100101 Firefox/119.0"
20.198.86.98 - - [05/Apr/2026:15:10:13 +0200] "GET /wp-login.php HTTP/1.1" 503 - "-" "Mozilla/5.0 (Windows NT 10.0; Win64; x64) AppleWebKit/537.36 (KHTML, like Gecko) Chrome/120.0.0.0 Safari/537.36"
167.71.23.30 - - [05/Apr/2026:15:10:13 +0200] "POST /wp-login.php HTTP/1.1" 200 53524 "https://tekes.com.sg/wp-login.php" "Mozilla/5.0 (Windows NT 11.0; Win64; x64; rv:119.0) Gecko/20100101 Firefox/119.0"
167.71.23.30 - - [05/Apr/2026:15:10:14 +0200] "GET /wp-admin/index.php HTTP/1.1" 200 165472 "https://tekes.com.sg/wp-login.php" "Mozilla/5.0 (Windows NT 11.0; Win64; x64) AppleWebKit/537.36 (KHTML, like Gecko) Chrome/120.0.0.0 Safari/537.36"
74.7.242.19 - - [05/Apr/2026:15:10:15 +0200] "GET /266022333.htm HTTP/1.1" 200 53525 "https://tekes.com.sg/?sitemap974.xml" "Mozilla/5.0 AppleWebKit/537.36 (KHTML, like Gecko; compatible; GPTBot/1.3; +https://openai.com/gptbot)"
167.71.23.30 - - [05/Apr/2026:15:10:15 +0200] "GET /wp-admin/profile.php HTTP/1.1" 200 165472 "https://tekes.com.sg/wp-login.php" "Mozilla/5.0 (Windows NT 11.0; Win64; x64) AppleWebKit/537.36 (KHTML, like Gecko) Chrome/120.0.0.0 Safari/537.36"
167.71.23.30 - - [05/Apr/2026:15:10:17 +0200] "GET /wp-admin/edit.php HTTP/1.1" 200 165472 "https://tekes.com.sg/wp-login.php" "Mozilla/5.0 (Windows NT 11.0; Win64; x64) AppleWebKit/537.36 (KHTML, like Gecko) Chrome/120.0.0.0 Safari/537.36"
167.71.23.30 - - [05/Apr/2026:15:10:17 +0200] "GET /wp-admin/plugins.php HTTP/1.1" 200 165472 "https://tekes.com.sg/wp-login.php" "Mozilla/5.0 (Windows NT 11.0; Win64; x64) AppleWebKit/537.36 (KHTML, like Gecko) Chrome/120.0.0.0 Safari/537.36"
74.7.242.19 - - [05/Apr/2026:15:10:18 +0200] "GET /280003235.htm?path=/home/tekesnew/public_html/wp-content HTTP/1.1" 200 27120 "https://tekes.com.sg/280003235.htm" "Mozilla/5.0 AppleWebKit/537.36 (KHTML, like Gecko; compatible; GPTBot/1.3; +https://openai.com/gptbot)"
167.71.23.30 - - [05/Apr/2026:15:10:18 +0200] "POST /wp-login.php HTTP/1.1" 200 53524 "https://tekes.com.sg/wp-login.php" "Mozilla/5.0 (Windows NT 10.0; Win64; x64) AppleWebKit/537.36 (KHTML, like Gecko) Chrome/119.0.0.0 Safari/537.36"
167.71.23.30 - - [05/Apr/2026:15:10:19 +0200] "GET /wp-admin/index.php HTTP/1.1" 200 165472 "https://tekes.com.sg/wp-login.php" "Mozilla/5.0 (Macintosh; Intel Mac OS X 10_15_7) AppleWebKit/605.1.15 (KHTML, like Gecko) Version/17.2 Safari/605.1.15"
167.71.23.30 - - [05/Apr/2026:15:10:21 +0200] "GET /wp-admin/profile.php HTTP/1.1" 200 165472 "https://tekes.com.sg/wp-login.php" "Mozilla/5.0 (Macintosh; Intel Mac OS X 10_15_7) AppleWebKit/605.1.15 (KHTML, like Gecko) Version/17.2 Safari/605.1.15"
74.7.242.19 - - [05/Apr/2026:15:10:21 +0200] "GET /280003235.htm?fileloc=/home/tekesnew/public_html/wp-links-opml.php&path=/home/tekesnew/public_html HTTP/1.1" 200 15168 "https://tekes.com.sg/280003235.htm" "Mozilla/5.0 AppleWebKit/537.36 (KHTML, like Gecko; compatible; GPTBot/1.3; +https://openai.com/gptbot)"
167.71.23.30 - - [05/Apr/2026:15:10:22 +0200] "GET /wp-admin/edit.php HTTP/1.1" 200 165472 "https://tekes.com.sg/wp-login.php" "Mozilla/5.0 (Macintosh; Intel Mac OS X 10_15_7) AppleWebKit/605.1.15 (KHTML, like Gecko) Version/17.2 Safari/605.1.15"
167.71.23.30 - - [05/Apr/2026:15:10:23 +0200] "GET /wp-admin/plugins.php HTTP/1.1" 200 165472 "https://tekes.com.sg/wp-login.php" "Mozilla/5.0 (Macintosh; Intel Mac OS X 10_15_7) AppleWebKit/605.1.15 (KHTML, like Gecko) Version/17.2 Safari/605.1.15"
167.71.23.30 - - [05/Apr/2026:15:10:24 +0200] "POST /wp-login.php HTTP/1.1" 200 53524 "https://tekes.com.sg/wp-login.php" "Mozilla/5.0 (X11; Ubuntu; Linux x86_64) AppleWebKit/537.36 (KHTML, like Gecko) Chrome/121.0.0.0 Safari/537.36"
74.7.242.19 - - [05/Apr/2026:15:10:24 +0200] "GET /099000218.htm?fileloc=/home/tekesnew/public_html/xmlrpc.php&path=/home/tekesnew/public_html HTTP/1.1" 200 15925 "https://tekes.com.sg/099000218.htm" "Mozilla/5.0 AppleWebKit/537.36 (KHTML, like Gecko; compatible; GPTBot/1.3; +https://openai.com/gptbot)"
167.71.23.30 - - [05/Apr/2026:15:10:25 +0200] "GET /wp-admin/index.php HTTP/1.1" 200 165472 "https://tekes.com.sg/wp-login.php" "Mozilla/5.0 (X11; Ubuntu; Linux x86_64) AppleWebKit/537.36 (KHTML, like Gecko) Chrome/119.0.0.0 Safari/537.36"
167.71.23.30 - - [05/Apr/2026:15:10:26 +0200] "GET /wp-admin/profile.php HTTP/1.1" 200 165472 "https://tekes.com.sg/wp-login.php" "Mozilla/5.0 (X11; Ubuntu; Linux x86_64) AppleWebKit/537.36 (KHTML, like Gecko) Chrome/119.0.0.0 Safari/537.36"
167.71.23.30 - - [05/Apr/2026:15:10:27 +0200] "GET /wp-admin/edit.php HTTP/1.1" 200 165472 "https://tekes.com.sg/wp-login.php" "Mozilla/5.0 (X11; Ubuntu; Linux x86_64) AppleWebKit/537.36 (KHTML, like Gecko) Chrome/119.0.0.0 Safari/537.36"
74.7.242.19 - - [05/Apr/2026:15:10:27 +0200] "GET /111010236.htm HTTP/1.1" 200 53525 "https://tekes.com.sg/?sitemap974.xml" "Mozilla/5.0 AppleWebKit/537.36 (KHTML, like Gecko; compatible; GPTBot/1.3; +https://openai.com/gptbot)"
167.71.23.30 - - [05/Apr/2026:15:10:28 +0200] "GET /wp-admin/plugins.php HTTP/1.1" 200 165472 "https://tekes.com.sg/wp-login.php" "Mozilla/5.0 (X11; Ubuntu; Linux x86_64) AppleWebKit/537.36 (KHTML, like Gecko) Chrome/119.0.0.0 Safari/537.36"
167.71.23.30 - - [05/Apr/2026:15:10:29 +0200] "POST /wp-login.php HTTP/1.1" 200 53524 "https://tekes.com.sg/wp-login.php" "Mozilla/5.0 (Windows NT 10.0; Win64; x64; rv:121.0) Gecko/20100101 Firefox/121.0"
167.71.23.30 - - [05/Apr/2026:15:10:30 +0200] "GET /wp-admin/index.php HTTP/1.1" 200 165472 "https://tekes.com.sg/wp-login.php" "Mozilla/5.0 (X11; Ubuntu; Linux x86_64) AppleWebKit/537.36 (KHTML, like Gecko) Chrome/121.0.0.0 Safari/537.36"
74.7.242.19 - - [05/Apr/2026:15:10:31 +0200] "GET /260002827.htm HTTP/1.1" 200 53525 "https://tekes.com.sg/?sitemap974.xml" "Mozilla/5.0 AppleWebKit/537.36 (KHTML, like Gecko; compatible; GPTBot/1.3; +https://openai.com/gptbot)"
167.71.23.30 - - [05/Apr/2026:15:10:31 +0200] "GET /wp-admin/profile.php HTTP/1.1" 200 165472 "https://tekes.com.sg/wp-login.php" "Mozilla/5.0 (X11; Ubuntu; Linux x86_64) AppleWebKit/537.36 (KHTML, like Gecko) Chrome/121.0.0.0 Safari/537.36"
167.71.23.30 - - [05/Apr/2026:15:10:32 +0200] "GET /wp-admin/edit.php HTTP/1.1" 200 165472 "https://tekes.com.sg/wp-login.php" "Mozilla/5.0 (X11; Ubuntu; Linux x86_64) AppleWebKit/537.36 (KHTML, like Gecko) Chrome/121.0.0.0 Safari/537.36"
114.119.145.188 - - [05/Apr/2026:15:10:32 +0200] "GET /item/slit70394878/ HTTP/1.1" 200 53525 "https://tekes.com.sg/sitemapl.xml" "Mozilla/5.0 (Linux; Android 7.0;) AppleWebKit/537.36 (KHTML, like Gecko) Mobile Safari/537.36 (compatible; PetalBot;+https://webmaster.petalsearch.com/site/petalbot)"
167.71.23.30 - - [05/Apr/2026:15:10:33 +0200] "GET /wp-admin/plugins.php HTTP/1.1" 200 165472 "https://tekes.com.sg/wp-login.php" "Mozilla/5.0 (X11; Ubuntu; Linux x86_64) AppleWebKit/537.36 (KHTML, like Gecko) Chrome/121.0.0.0 Safari/537.36"
74.7.242.19 - - [05/Apr/2026:15:10:34 +0200] "GET /069002224.htm HTTP/1.1" 200 53525 "https://tekes.com.sg/?sitemap961.xml" "Mozilla/5.0 AppleWebKit/537.36 (KHTML, like Gecko; compatible; GPTBot/1.3; +https://openai.com/gptbot)"
167.71.23.30 - - [05/Apr/2026:15:10:34 +0200] "POST /wp-login.php HTTP/1.1" 200 53524 "https://tekes.com.sg/wp-login.php" "Mozilla/5.0 (Macintosh; Intel Mac OS X 10_15_7) AppleWebKit/537.36 (KHTML, like Gecko) Chrome/120.0.0.0 Safari/537.36"
167.71.23.30 - - [05/Apr/2026:15:10:35 +0200] "GET /wp-admin/index.php HTTP/1.1" 200 165472 "https://tekes.com.sg/wp-login.php" "Mozilla/5.0 (Macintosh; Intel Mac OS X 13_6_1) AppleWebKit/537.36 (KHTML, like Gecko) Chrome/121.0.0.0 Safari/537.36"
167.71.23.30 - - [05/Apr/2026:15:10:36 +0200] "GET /wp-admin/profile.php HTTP/1.1" 200 165472 "https://tekes.com.sg/wp-login.php" "Mozilla/5.0 (Macintosh; Intel Mac OS X 13_6_1) AppleWebKit/537.36 (KHTML, like Gecko) Chrome/121.0.0.0 Safari/537.36"
74.7.242.19 - - [05/Apr/2026:15:10:37 +0200] "GET /085007774.htm HTTP/1.1" 200 53525 "https://tekes.com.sg/?sitemap974.xml" "Mozilla/5.0 AppleWebKit/537.36 (KHTML, like Gecko; compatible; GPTBot/1.3; +https://openai.com/gptbot)"
167.71.23.30 - - [05/Apr/2026:15:10:37 +0200] "GET /wp-admin/edit.php HTTP/1.1" 200 165472 "https://tekes.com.sg/wp-login.php" "Mozilla/5.0 (Macintosh; Intel Mac OS X 13_6_1) AppleWebKit/537.36 (KHTML, like Gecko) Chrome/121.0.0.0 Safari/537.36"
167.71.23.30 - - [05/Apr/2026:15:10:38 +0200] "GET /wp-admin/plugins.php HTTP/1.1" 200 165472 "https://tekes.com.sg/wp-login.php" "Mozilla/5.0 (Macintosh; Intel Mac OS X 13_6_1) AppleWebKit/537.36 (KHTML, like Gecko) Chrome/121.0.0.0 Safari/537.36"
74.7.242.19 - - [05/Apr/2026:15:10:40 +0200] "GET /300011123.htm?path=/home HTTP/1.1" 200 12656 "https://tekes.com.sg/300011123.htm" "Mozilla/5.0 AppleWebKit/537.36 (KHTML, like Gecko; compatible; GPTBot/1.3; +https://openai.com/gptbot)"
167.71.23.30 - - [05/Apr/2026:15:10:40 +0200] "POST /wp-login.php HTTP/1.1" 200 53524 "https://tekes.com.sg/wp-login.php" "Mozilla/5.0 (Macintosh; Intel Mac OS X 13_6_1; rv:119.0) Gecko/20100101 Firefox/119.0"
167.71.23.30 - - [05/Apr/2026:15:10:42 +0200] "GET /wp-admin/index.php HTTP/1.1" 200 165472 "https://tekes.com.sg/wp-login.php" "Mozilla/5.0 (X11; Linux x86_64) AppleWebKit/537.36 (KHTML, like Gecko) Chrome/118.0.0.0 Safari/537.36"
167.71.23.30 - - [05/Apr/2026:15:10:43 +0200] "GET /wp-admin/profile.php HTTP/1.1" 200 165472 "https://tekes.com.sg/wp-login.php" "Mozilla/5.0 (X11; Linux x86_64) AppleWebKit/537.36 (KHTML, like Gecko) Chrome/118.0.0.0 Safari/537.36"
74.7.242.19 - - [05/Apr/2026:15:10:43 +0200] "GET /066000719.htm HTTP/1.1" 200 53525 "https://tekes.com.sg/?sitemap961.xml" "Mozilla/5.0 AppleWebKit/537.36 (KHTML, like Gecko; compatible; GPTBot/1.3; +https://openai.com/gptbot)"
167.71.23.30 - - [05/Apr/2026:15:10:44 +0200] "GET /wp-admin/edit.php HTTP/1.1" 200 165472 "https://tekes.com.sg/wp-login.php" "Mozilla/5.0 (X11; Linux x86_64) AppleWebKit/537.36 (KHTML, like Gecko) Chrome/118.0.0.0 Safari/537.36"
167.71.23.30 - - [05/Apr/2026:15:10:46 +0200] "GET /wp-admin/plugins.php HTTP/1.1" 200 165472 "https://tekes.com.sg/wp-login.php" "Mozilla/5.0 (X11; Linux x86_64) AppleWebKit/537.36 (KHTML, like Gecko) Chrome/118.0.0.0 Safari/537.36"
74.7.242.19 - - [05/Apr/2026:15:10:46 +0200] "GET /200030243.htm HTTP/1.1" 200 53525 "https://tekes.com.sg/?sitemap783.xml" "Mozilla/5.0 AppleWebKit/537.36 (KHTML, like Gecko; compatible; GPTBot/1.3; +https://openai.com/gptbot)"
167.71.23.30 - - [05/Apr/2026:15:10:47 +0200] "POST /wp-login.php HTTP/1.1" 200 53524 "https://tekes.com.sg/wp-login.php" "Mozilla/5.0 (Macintosh; Intel Mac OS X 13_6_1) AppleWebKit/537.36 (KHTML, like Gecko) Chrome/121.0.0.0 Safari/537.36"
167.71.23.30 - - [05/Apr/2026:15:10:48 +0200] "GET /wp-admin/index.php HTTP/1.1" 200 165472 "https://tekes.com.sg/wp-login.php" "Mozilla/5.0 (X11; Ubuntu; Linux x86_64) AppleWebKit/537.36 (KHTML, like Gecko) Chrome/118.0.0.0 Safari/537.36"
74.7.242.19 - - [05/Apr/2026:15:10:50 +0200] "GET /048000163.htm HTTP/1.1" 200 53525 "https://tekes.com.sg/?sitemap974.xml" "Mozilla/5.0 AppleWebKit/537.36 (KHTML, like Gecko; compatible; GPTBot/1.3; +https://openai.com/gptbot)"
167.71.23.30 - - [05/Apr/2026:15:10:49 +0200] "GET /wp-admin/profile.php HTTP/1.1" 200 165472 "https://tekes.com.sg/wp-login.php" "Mozilla/5.0 (X11; Ubuntu; Linux x86_64) AppleWebKit/537.36 (KHTML, like Gecko) Chrome/118.0.0.0 Safari/537.36"
167.71.23.30 - - [05/Apr/2026:15:10:51 +0200] "GET /wp-admin/edit.php HTTP/1.1" 200 165472 "https://tekes.com.sg/wp-login.php" "Mozilla/5.0 (X11; Ubuntu; Linux x86_64) AppleWebKit/537.36 (KHTML, like Gecko) Chrome/118.0.0.0 Safari/537.36"
167.71.23.30 - - [05/Apr/2026:15:10:52 +0200] "GET /wp-admin/plugins.php HTTP/1.1" 200 165472 "https://tekes.com.sg/wp-login.php" "Mozilla/5.0 (X11; Ubuntu; Linux x86_64) AppleWebKit/537.36 (KHTML, like Gecko) Chrome/118.0.0.0 Safari/537.36"
74.7.242.19 - - [05/Apr/2026:15:10:53 +0200] "GET /257000782.htm HTTP/1.1" 200 53525 "https://tekes.com.sg/?sitemap961.xml" "Mozilla/5.0 AppleWebKit/537.36 (KHTML, like Gecko; compatible; GPTBot/1.3; +https://openai.com/gptbot)"
167.71.23.30 - - [05/Apr/2026:15:10:53 +0200] "POST /wp-login.php HTTP/1.1" 200 53524 "https://tekes.com.sg/wp-login.php" "Mozilla/5.0 (Windows NT 11.0; Win64; x64; rv:121.0) Gecko/20100101 Firefox/121.0"
167.71.23.30 - - [05/Apr/2026:15:10:54 +0200] "GET /wp-admin/index.php HTTP/1.1" 200 165472 "https://tekes.com.sg/wp-login.php" "Mozilla/5.0 (Windows NT 11.0; Win64; x64) AppleWebKit/537.36 (KHTML, like Gecko) Chrome/121.0.0.0 Safari/537.36"
167.71.23.30 - - [05/Apr/2026:15:10:55 +0200] "GET /wp-admin/profile.php HTTP/1.1" 200 165472 "https://tekes.com.sg/wp-login.php" "Mozilla/5.0 (Windows NT 11.0; Win64; x64) AppleWebKit/537.36 (KHTML, like Gecko) Chrome/121.0.0.0 Safari/537.36"
